000
CXUS55 KRIW 012139
CLMWRL
CLIMATE REPORT
NATIONAL WEATHER SERVICE RIVERTON WY
239 PM MST FRI DEC 01 2023
...................................
...THE WORLAND WY CLIMATE SUMMARY FOR THE MONTH OF NOVEMBER 2023...
CLIMATE NORMAL PERIOD: 1991 TO 2020
CLIMATE RECORD PERIOD: 1947 TO 2023
WEATHER OBSERVED NORMAL DEPART LAST YEAR`S
VALUE DATE(S) VALUE FROM VALUE
NORMAL
..............................................................
TEMPERATURE (F)
RECORD
HIGH 77 11/06/1999
LOW -28 11/13/2014
HIGHEST 64 11/06
LOWEST 11/28
AVG. MAXIMUM 48.4 44.3 4.1
AVG. MINIMUM 17.5 15.9 1.6
MEAN 33.0 30.1 2.9
DAYS MAX >= 90 0
DAYS MAX <= 32 6
DAYS MIN <= 32 27
DAYS MIN <= 0 3
PRECIPITATION (INCHES)
RECORD
MAXIMUM 1.06 1991
MINIMUM 0.00 2004
TOTALS 0.21 0.37 -0.16 0.35
DAILY AVG. 0.01 0.01 -0.00
DAYS >= .01 2
DAYS >= .10 1
DAYS >= .50 0
DAYS >= 1.00 0
GREATEST
24 HR. TOTAL 0.16 11/23 TO 11/23
STORM TOTAL 0.16
SNOWFALL (INCHES)
TOTALS MM MM MM
SINCE 7/1 MM MM MM
SNOWDEPTH AVG. MM
DAYS >= 1.0 MM
DEGREE DAYS
HEATING TOTAL 954 1047 -93
SINCE 7/1 1736 1910 -174
COOLING TOTAL 0 0 0
SINCE 1/1 440 528 -88
..............................................................
WIND (MPH)
AVERAGE WIND SPEED 4.0
RESULTANT WIND SPEED/DIRECTION 1/200
HIGHEST WIND SPEED/DIRECTION 25/350 DATE 11/05
HIGHEST GUST SPEED/DIRECTION 36/340 DATE 11/05
SKY COVER
POSSIBLE SUNSHINE (PERCENT) MM
AVERAGE SKY COVER 0.19
NUMBER OF DAYS FAIR 25
NUMBER OF DAYS PC 3
NUMBER OF DAYS CLOUDY 2
AVERAGE RH (PERCENT) 67
WEATHER CONDITIONS. NUMBER OF DAYS WITH
THUNDERSTORM 0 MIXED PRECIP 0
HEAVY RAIN 0 RAIN 0
LIGHT RAIN 3 FREEZING RAIN 0
LT FREEZING RAIN 0 HAIL 0
HEAVY SNOW 0 SNOW 1
LIGHT SNOW 3 SLEET 0
FOG 2 FOG W/VIS <= 1/4 MILE 0
HAZE 2
- INDICATES NEGATIVE NUMBERS.
R INDICATES RECORD WAS SET OR TIED.
MM INDICATES DATA IS MISSING.
T INDICATES TRACE AMOUNT.
$$