867
CXAK56 PAJK 011310
CF6YAK
PRELIMINARY LOCAL CLIMATOLOGICAL DATA (WS FORM: F-6)
STATION: YAKUTAT
MONTH: MARCH
YEAR: 2021
LATITUDE: 59 31 N
LONGITUDE: 139 40 W
TEMPERATURE IN F: :PCPN: SNOW: WIND :SUNSHINE: SKY :PK WND
================================================================================
1 2 3 4 5 6A 6B 7 8 9 10 11 12 13 14 15 16 17 18
12Z AVG MX 2MIN
DY MAX MIN AVG DEP HDD CDD WTR SNW DPTH SPD SPD DIR MIN PSBL S-S WX SPD DR
================================================================================
1 37 30 34 3 31 0 0.63 M M 10.1 23 200 M M 10 1 35 110
2 37 32 35 4 30 0 0.54 M M 9.0 23 190 M M 9 1 30 180
3 40 26 33 2 32 0 0.05 M M 2.7 12 60 M M 5 1 14 60
4 42 20 31 0 34 0 T M M 2.9 10 110 M M 5 12 15 110
5 38 19 29 -2 36 0 T M M 0.6 6 320 M M 7 1 9 120
6 36 30 33 2 32 0 0.55 M M 5.1 15 80 M M 9 1 19 70
7 41 23 32 1 33 0 0.00 M M 1.0 7 220 M M 5 12 7 220
8 40 16 28 -3 37 0 0.00 M M 0.9 7 80 M M 1 12 9 80
9 37 13 25 -6 40 0 0.00 M M 0.7 6 230 M M 7 7 220
10 37 28 33 2 32 0 0.32 M M 8.7 24 130 M M 10 18 37 130
11 35 22 29 -2 36 0 0.27 M M 8.4 26 210 M M 8 18 35 200
12 31 19 25 -6 40 0 0.03 M M 9.1 18 70 M M 3 1 22 70
13 29 8 19 -12 46 0 0.00 M M 5.9 18 50 M M 2 22 40
14 27 7 17 -15 48 0 0.05 M M 7.4 17 60 M M 7 1 20 60
15 36 22 29 -3 36 0 0.46 M M 4.4 18 80 M M 8 12 24 80
16 34 21 28 -4 37 0 0.13 M M 3.2 16 350 M M 4 12 17 350
17 39 24 32 0 33 0 0.24 M M 7.2 21 210 M M 9 1 30 220
18 35 23 29 -3 36 0 0.37 M M 5.8 18 230 M M 9 18 30 200
19 34 16 25 -7 40 0 0.03 M M 3.2 14 160 M M 4 18 18 150
20 32 15 24 -8 41 0 0.01 M M 9.2 15 60 M M 8 18 19 60
21 37 24 31 -1 34 0 0.01 M M 4.8 13 60 M M 9 1 15 60
22 36 24 30 -3 35 0 0.04 M M 7.4 13 70 M M 7 1 15 70
23 38 30 34 1 31 0 0.17 M M 5.0 10 300 M M 9 1 13 300
24 40 27 34 1 31 0 0.01 M M 2.8 10 140 M M 5 1 13 100
25 34 23 29 -4 36 0 0.30 M M 4.6 9 80 M M 9 1 12 80
26 42 32 37 4 28 0 0.26 M M 4.7 12 230 M M 10 1 15 230
27 38 21 30 -4 35 0 0.12 M M 1.6 8 310 M M 8 1 10 320
28 37 16 27 -7 38 0 0.00 M M 3.1 12 70 M M 2 12 14 70
29 35 26 31 -3 34 0 0.05 M M 6.9 12 40 M M 10 18 14 70
30 38 33 36 2 29 0 1.47 M M 7.5 21 150 M M 10 1 30 160
31 38 31 35 1 30 0 0.35 M M 6.6 17 140 M M 9 1 27 130
================================================================================
SM 1130 701 1091 0 6.46 M 160.5 M 218
================================================================================
AV 36.5 22.6 5.2 FASTST M M 7 MAX(MPH)
MISC ----> 26 210 37 130
================================================================================
NOTES:
# LAST OF SEVERAL OCCURRENCES
COLUMN 17 PEAK WIND IN M.P.H.
PRELIMINARY LOCAL CLIMATOLOGICAL DATA (WS FORM: F-6) , PAGE 2
STATION: YAKUTAT
MONTH: MARCH
YEAR: 2021
LATITUDE: 59 31 N
LONGITUDE: 139 40 W
[TEMPERATURE DATA] [PRECIPITATION DATA] SYMBOLS USED IN COLUMN 16
AVERAGE MONTHLY: 29.5 TOTAL FOR MONTH: 6.46 1 = FOG OR MIST
DPTR FM NORMAL: -2.5 DPTR FM NORMAL: -4.58 2 = FOG REDUCING VISIBILITY
HIGHEST: 42 ON 26, 4 GRTST 24HR 1.47 ON 30-30 TO 1/4 MILE OR LESS
LOWEST: 7 ON 14 3 = THUNDER
SNOW, ICE PELLETS, HAIL 4 = ICE PELLETS
TOTAL MONTH: M 5 = HAIL
GRTST 24HR M ON M 6 = FREEZING RAIN OR DRIZZLE
GRTST DEPTH: M ON M 7 = DUSTSTORM OR SANDSTORM:
VSBY 1/2 MILE OR LESS
8 = SMOKE OR HAZE
[NO. OF DAYS WITH] [WEATHER - DAYS WITH] 9 = BLOWING SNOW
X = TORNADO
MAX 32 OR BELOW: 4 0.01 INCH OR MORE: 24
MAX 90 OR ABOVE: 0 0.10 INCH OR MORE: 15
MIN 32 OR BELOW: 30 0.50 INCH OR MORE: 4
MIN 0 OR BELOW: 0 1.00 INCH OR MORE: 1
[HDD (BASE 65) ]
TOTAL THIS MO. 1091 CLEAR (SCALE 0-3) 4
DPTR FM NORMAL 68 PTCLDY (SCALE 4-7) 13
TOTAL FM JUL 1 6805 CLOUDY (SCALE 8-10) 14
DPTR FM NORMAL -333
[CDD (BASE 65) ]
TOTAL THIS MO. 0
DPTR FM NORMAL 0 [PRESSURE DATA]
TOTAL FM JAN 1 0 HIGHEST SLP 30.32 ON 28
DPTR FM NORMAL 0 LOWEST SLP 29.08 ON 1
[REMARKS]
#FINAL-03-21#