000
CXAK56 PAJK 011310
CF6YAK
PRELIMINARY LOCAL CLIMATOLOGICAL DATA (WS FORM: F-6)
STATION: YAKUTAT
MONTH: AUGUST
YEAR: 2020
LATITUDE: 59 31 N
LONGITUDE: 139 40 W
TEMPERATURE IN F: :PCPN: SNOW: WIND :SUNSHINE: SKY :PK WND
================================================================================
1 2 3 4 5 6A 6B 7 8 9 10 11 12 13 14 15 16 17 18
12Z AVG MX 2MIN
DY MAX MIN AVG DEP HDD CDD WTR SNW DPTH SPD SPD DIR MIN PSBL S-S WX SPD DR
================================================================================
1 64 56 60 5 5 0 0.86 M M 10.0 22 120 M M 9 1 37 110
2 65 52 59 4 6 0 0.71 M M 11.2 24 110 M M 10 1 37 100
3 59 51 55 0 10 0 0.05 M M 5.4 12 160 M M 10 1 13 160
4 59 52 56 1 9 0 0.12 M M 6.7 15 70 M M 10 1 19 90
5 61 45 53 -2 12 0 0.15 M M 5.5 18 130 M M 7 1 26 140
6 62 42 52 -3 13 0 0.04 M M 3.9 12 80 M M 6 12 16 90
7 58 51 55 0 10 0 0.69 M M 7.8 15 80 M M 10 1 20 140
8 60 51 56 1 9 0 0.98 M M 7.2 16 160 M M 10 1 22 80
9 55 50 53 -2 12 0 3.15 M M 11.1 20 60 M M 10 1 26 50
10 56 51 54 -1 11 0 0.45 M M 6.8 16 200 M M 10 1 21 200
11 58 51 55 0 10 0 0.93 M M 2.7 10 160 M M 10 1 15 140
12 57 50 54 -1 11 0 0.03 M M 2.0 8 270 M M 10 12 11 200
13 60 45 53 -1 12 0 T M M 3.6 10 200 M M 8 1 14 180
14 55 44 50 -4 15 0 0.25 M M 2.6 10 320 M M 8 1 14 320
15 62 49 56 2 9 0 0.07 M M 2.4 12 160 M M 9 16 160
16 60 50 55 1 10 0 T M M 3.1 10 230 M M 10 12 14 290
17 58 51 55 1 10 0 0.42 M M 4.1 13 150 M M 10 1 19 150
18 61 47 54 0 11 0 0.51 M M 3.4 10 20 M M 9 1 13 200
19 63 45 54 0 11 0 0.00 M M 4.0 10 270 M M 3 1 13 240
20 73 43 58 4 7 0 0.00 M M 2.2 9 290 M M 3 16 220
21 69 54 62 9 3 0 0.03 M M 5.6 14 300 M M 6 19 280
22 64 51 58 5 7 0 0.06 M M 4.1 12 160 M M 9 1 16 150
23 62 47 55 2 10 0 0.00 M M 3.2 9 220 M M 8 1 12 210
24 58 53 56 3 9 0 0.00 M M 4.7 10 170 M M 10 1 13 160
25 56 51 54 1 11 0 0.52 M M 7.7 13 80 M M 10 1 16 60
26 60 50 55 3 10 0 0.84 M M 6.3 16 30 M M 9 1 17 30
27 55 50 53 1 12 0 0.46 M M 6.0 14 80 M M 9 1 18 80
28 58 46 52 0 13 0 T M M 2.0 8 310 M M 6 11 280
29 61 46 54 2 11 0 T M M 5.7 15 160 M M 5 18 160
30 55 50 53 1 12 0 1.20 M M 10.5 20 130 M M 10 1 31 140
31 57 52 55 4 10 0 1.16 M M 11.2 24 170 M M 10 1 38 170
================================================================================
SM 1861 1526 311 0 13.68 M 172.7 M 264
================================================================================
AV 60.0 49.2 5.6 FASTST M M 9 MAX(MPH)
MISC ----> # 24 110 38 170
================================================================================
NOTES:
# LAST OF SEVERAL OCCURRENCES
COLUMN 17 PEAK WIND IN M.P.H.
PRELIMINARY LOCAL CLIMATOLOGICAL DATA (WS FORM: F-6) , PAGE 2
STATION: YAKUTAT
MONTH: AUGUST
YEAR: 2020
LATITUDE: 59 31 N
LONGITUDE: 139 40 W
[TEMPERATURE DATA] [PRECIPITATION DATA] SYMBOLS USED IN COLUMN 16
AVERAGE MONTHLY: 54.6 TOTAL FOR MONTH: 13.68 1 = FOG OR MIST
DPTR FM NORMAL: 0.8 DPTR FM NORMAL: -0.39 2 = FOG REDUCING VISIBILITY
HIGHEST: 73 ON 20 GRTST 24HR 3.15 ON 9- 9 TO 1/4 MILE OR LESS
LOWEST: 42 ON 6 3 = THUNDER
SNOW, ICE PELLETS, HAIL 4 = ICE PELLETS
TOTAL MONTH: M 5 = HAIL
GRTST 24HR M ON M 6 = FREEZING RAIN OR DRIZZLE
GRTST DEPTH: M ON M 7 = DUSTSTORM OR SANDSTORM:
VSBY 1/2 MILE OR LESS
8 = SMOKE OR HAZE
[NO. OF DAYS WITH] [WEATHER - DAYS WITH] 9 = BLOWING SNOW
X = TORNADO
MAX 32 OR BELOW: 0 0.01 INCH OR MORE: 23
MAX 90 OR ABOVE: 0 0.10 INCH OR MORE: 17
MIN 32 OR BELOW: 0 0.50 INCH OR MORE: 11
MIN 0 OR BELOW: 0 1.00 INCH OR MORE: 3
[HDD (BASE 65) ]
TOTAL THIS MO. 311 CLEAR (SCALE 0-3) 2
DPTR FM NORMAL -35 PTCLDY (SCALE 4-7) 6
TOTAL FM JUL 1 584 CLOUDY (SCALE 8-10) 23
DPTR FM NORMAL -92
[CDD (BASE 65) ]
TOTAL THIS MO. 0
DPTR FM NORMAL 0 [PRESSURE DATA]
TOTAL FM JAN 1 0 HIGHEST SLP 30.05 ON 13
DPTR FM NORMAL 0 LOWEST SLP 29.41 ON 9
[REMARKS]
#FINAL-08-20#