368
CXUS51 KCLE 041928
CLSYNG
CLIMATE REPORT
NATIONAL WEATHER SERVICE CLEVELAND, OH
228 PM EST THU MAR 04 2021
...................................
...THE YOUNGSTOWN OH CLIMATE SUMMARY FOR THE SEASON, FROM
12/1/2020 TO 2/28/2021...
CLIMATE NORMAL PERIOD 1981 TO 2010
CLIMATE RECORD PERIOD 1897 TO 2021
WEATHER OBSERVED NORMAL DEPART
VALUE DATE(S) VALUE FROM
NORMAL
................................................
TEMPERATURE (F)
RECORD
HIGH 99 01/01/2021
LOW -22 01/19/1994
HIGHEST 60 12/11
LOWEST 0 02/21
AVG. MAXIMUM 35.5 35.0 0.5
AVG. MINIMUM 24.0 21.3 2.7
MEAN 29.8 28.1 1.7
DAYS MAX >= 90 0 0.0
DAYS MAX <= 32 34 37.0
DAYS MIN <= 32 77 75.1
DAYS MIN <= 0 1 3.6
PRECIPITATION (INCHES)
RECORD
MAXIMUM 15.88 1950
MINIMUM 3.84 1922
TOTALS 7.12 7.69 -0.57
DAYS >= .01 51 48.6
DAYS >= .10 21 21.1
DAYS >= .50 3 3.4
DAYS >= 1.00 0 0.6
SNOWFALL (INCHES)
RECORDS
TOTAL 103.7 2011
TOTALS 51.1 44.4
DAYS >= TRACE 67
DAYS >= 1.0 17 14.5
DEGREE DAYS
HEATING TOTAL 3136 3318 -182
COOLING TOTAL 0 0 0
................................................
WIND (MPH)
HIGHEST GUST SPEED/DIRECTION 45/230 DATE 12/28
SKY COVER
POSSIBLE SUNSHINE (PERCENT) MM
NUMBER OF DAYS FAIR 0
NUMBER OF DAYS PC 14
NUMBER OF DAYS CLOUDY 76
WEATHER CONDITIONS. NUMBER OF DAYS WITH
THUNDERSTORM 0 MIXED PRECIP 0
HEAVY RAIN 1 RAIN 1
LIGHT RAIN 25 FREEZING RAIN 3
LT FREEZING RAIN 15 HAIL 0
HEAVY SNOW 1 SNOW 10
LIGHT SNOW 66 SLEET 7
FOG 58 FOG W/VIS <= 1/4 MILE 0
HAZE 9
- INDICATES NEGATIVE NUMBERS.
R INDICATES RECORD WAS SET OR TIED.
MM INDICATES DATA IS MISSING.
T INDICATES TRACE AMOUNT.
$$