000
CXUS51 KPBZ 010730
CF6ZZV
PRELIMINARY LOCAL CLIMATOLOGICAL DATA (WS FORM: F-6)
STATION: ZANESVILLE OH
MONTH: SEPTEMBER
YEAR: 2022
LATITUDE: 39 56 N
LONGITUDE: 81 54 W
TEMPERATURE IN F: :PCPN: SNOW: WIND :SUNSHINE: SKY :PK WND
================================================================================
1 2 3 4 5 6A 6B 7 8 9 10 11 12 13 14 15 16 17 18
12Z AVG MX 2MIN
DY MAX MIN AVG DEP HDD CDD WTR SNW DPTH SPD SPD DIR MIN PSBL S-S WX SPD DR
================================================================================
1 83 56 70 0 0 5 0.00 M M 2.1 12 250 M M 2 1 16 270
2 84 61 73 3 0 8 0.00 M M 2.2 9 120 M M 1 1 12 120
3 75 67 71 1 0 6 0.90 M M 2.8 13 210 M M 5 13 17 210
4 76 69 73 3 0 8 0.31 M M 4.5 10 160 M M 7 1 13 140
5 77 68 73 3 0 8 0.50 M M 2.3 9 10 M M 8 1 12 360
6 76 64 70 1 0 5 T M M 4.5 12 320 M M 10 1 14 330
7 77 59 68 -1 0 3 0.00 M M 4.6 10 320 M M 6 1 15 320
8 80 54 67 -2 0 2 0.00 M M 1.9 12 50 M M 3 1 14 60
9 83 57 70 2 0 5 0.00 M M 3.1 12 110 M M 1 1 14 150
10 74 62 68 0 0 3 0.04 M M 4.7 14 170 M M 3 1 18 170
11 76 64 70 2 0 5 0.33 M M 3.3 12 170 M M 8 13 14 200
12 73 58 66 -1 0 1 0.00 M M 5.4 16 240 M M 6 22 260
13 66 52 59 -8 6 0 0.00 M M 5.1 16 290 M M 7 1 23 310
14 75 49 62 -5 3 0 0.00 M M 1.0 8 190 M M 3 12 10 200
15 80 53 67 1 0 2 0.00 M M 1.2 7 360 M M 4 12 10 330
16 80 54 67 1 0 2 0.00 M M 0.3 6 170 M M 1 1 8 170
17 81 56 69 3 0 4 0.00 M M 2.5 10 200 M M 1 1 13 220
18 81 59 70 5 0 5 0.00 M M 3.8 14 230 M M 3 1 20 260
19 79 63 71 6 0 6 0.34 M M 4.2 10 190 M M 5 13 15 250
20 81 56 69 5 0 4 0.00 M M 1.0 9 170 M M 4 12 10 160
21 87 61 74 10 0 9 0.59 M M 6.4 32 330 M M 2 13 42 340
22 70 47 59 -5 6 0 0.00 M M 9.8 21 310 M M 4 29 340
23 65 41 53 -10 12 0 0.00 M M 2.5 12 330 M M 2 16 320
24 70 51 61 -2 4 0 T M M 4.5 13 220 M M 7 18 230
25 72 58 65 3 0 0 0.31 M M 9.3 23 270 M M 6 13 32 270
26 68 48 58 -4 7 0 0.01 M M 8.4 22 250 M M 5 30 250
27 60 43 52 -10 13 0 0.07 M M 5.6 23 270 M M 4 3 30 280
28 60 41 51 -10 14 0 0.07 M M 4.4 15 310 M M 7 1 18 310
29 60 42 51 -10 14 0 0.00 M M 4.5 14 50 M M 6 12 21 60
30 62 42 52 -8 13 0 0.00 M M 5.6 13 30 M M 0 16 40
================================================================================
SM 2231 1655 92 91 3.47 M 121.5 M 131
================================================================================
AV 74.4 55.2 4.1 FASTST M M 4 MAX(MPH)
MISC ----> 32 330 42 340
================================================================================
NOTES:
# LAST OF SEVERAL OCCURRENCES
COLUMN 17 PEAK WIND IN M.P.H.
PRELIMINARY LOCAL CLIMATOLOGICAL DATA (WS FORM: F-6) , PAGE 2
STATION: ZANESVILLE OH
MONTH: SEPTEMBER
YEAR: 2022
LATITUDE: 39 56 N
LONGITUDE: 81 54 W
[TEMPERATURE DATA] [PRECIPITATION DATA] SYMBOLS USED IN COLUMN 16
AVERAGE MONTHLY: 64.8 TOTAL FOR MONTH: 3.47 1 = FOG OR MIST
DPTR FM NORMAL: -1.1 DPTR FM NORMAL: 0.35 2 = FOG REDUCING VISIBILITY
HIGHEST: 87 ON 21 GRTST 24HR 1.08 ON 3- 4 TO 1/4 MILE OR LESS
LOWEST: 41 ON 28,23 3 = THUNDER
SNOW, ICE PELLETS, HAIL 4 = ICE PELLETS
TOTAL MONTH: M 5 = HAIL
GRTST 24HR M ON M 6 = FREEZING RAIN OR DRIZZLE
GRTST DEPTH: M ON M 7 = DUSTSTORM OR SANDSTORM:
VSBY 1/2 MILE OR LESS
8 = SMOKE OR HAZE
[NO. OF DAYS WITH] [WEATHER - DAYS WITH] 9 = BLOWING SNOW
X = TORNADO
MAX 32 OR BELOW: 0 0.01 INCH OR MORE: 11
MAX 90 OR ABOVE: 0 0.10 INCH OR MORE: 7
MIN 32 OR BELOW: 0 0.50 INCH OR MORE: 3
MIN 0 OR BELOW: 0 1.00 INCH OR MORE: 0
[HDD (BASE 65) ]
TOTAL THIS MO. 92 CLEAR (SCALE 0-3) 11
DPTR FM NORMAL 17 PTCLDY (SCALE 4-7) 17
TOTAL FM JUL 1 93 CLOUDY (SCALE 8-10) 2
DPTR FM NORMAL 11
[CDD (BASE 65) ]
TOTAL THIS MO. 91
DPTR FM NORMAL -12 [PRESSURE DATA]
TOTAL FM JAN 1 907 HIGHEST SLP 30.49 ON 29
DPTR FM NORMAL 9 LOWEST SLP 29.66 ON 25
[REMARKS]
#FINAL-09-22#