000
CXUS51 KPBZ 010830
CF6ZZV
PRELIMINARY LOCAL CLIMATOLOGICAL DATA (WS FORM: F-6)
STATION: ZANESVILLE OH
MONTH: JANUARY
YEAR: 2021
LATITUDE: 39 56 N
LONGITUDE: 81 54 W
TEMPERATURE IN F: :PCPN: SNOW: WIND :SUNSHINE: SKY :PK WND
================================================================================
1 2 3 4 5 6A 6B 7 8 9 10 11 12 13 14 15 16 17 18
12Z AVG MX 2MIN
DY MAX MIN AVG DEP HDD CDD WTR SNW DPTH SPD SPD DIR MIN PSBL S-S WX SPD DR
================================================================================
1 51 27 39 10 26 0 0.70 M M 7.8 21 280 M M 6 16 31 250
2 50 40 45 16 20 0 T M M 7.0 20 260 M M 10 1 27 270
3 42 36 39 10 26 0 0.10 M M 6.0 13 290 M M 10 1 21 260
4 37 33 35 6 30 0 T M M 2.3 7 250 M M 10 1 9 230
5 37 32 35 6 30 0 0.02 M M 3.2 10 290 M M 10 1 14 320
6 37 34 36 7 29 0 0.00 M M 3.6 8 260 M M 10 1 11 10
7 37 32 35 6 30 0 0.00 M M 4.7 12 40 M M 10 1 15 50
8 35 29 32 3 33 0 0.00 M M 7.7 13 360 M M 9 17 20
9 39 24 32 3 33 0 0.00 M M 3.7 10 340 M M 4 14 330
10 41 18 30 1 35 0 0.00 M M 0.7 7 250 M M 0 11 280
11 36 24 30 1 35 0 0.00 M M 4.7 13 330 M M 8 18 17 20
12 27 21 24 -5 41 0 0.00 M M 5.8 13 200 M M 6 1 16 200
13 45 19 32 4 33 0 0.00 M M 6.9 14 180 M M 1 1 19 180
14 49 33 41 13 24 0 0.00 M M 7.3 15 190 M M 2 18 180
15 43 30 37 9 28 0 0.25 M M 7.0 14 160 M M 5 1 18 150
16 37 29 33 5 32 0 T M M 6.1 15 270 M M 10 1 20 290
17 36 33 35 7 30 0 0.04 M M 7.1 13 240 M M 10 1 18 240
18 33 30 32 3 33 0 0.05 M M 7.9 16 270 M M 10 1 22 250
19 38 29 34 5 31 0 0.00 M M 6.8 15 280 M M 4 20 260
20 36 24 30 1 35 0 0.01 M M 10.4 22 300 M M 7 36 260
21 48 26 37 8 28 0 0.00 M M 11.3 24 260 M M 1 35 270
22 38 24 31 2 34 0 0.00 M M 10.0 16 270 M M 6 23 240
23 31 18 25 -4 40 0 0.00 M M 4.4 16 320 M M 3 20 320
24 30 20 25 -4 40 0 T M M 4.4 13 110 M M 9 18 15 120
25 34 28 31 2 34 0 0.02 M M 5.0 12 50 M M 10 1 15 60
26 45 34 40 11 25 0 0.04 M M 10.4 21 250 M M 10 12 29 250
27 35 27 31 2 34 0 0.00 M M 7.3 14 360 M M 10 23 10
28 27 21 24 -5 41 0 T M M 9.5 17 340 M M 8 22 350
29 31 17 24 -5 41 0 0.00 M M 5.1 14 310 M M 4 17 270
30 35 15 25 -4 40 0 T M M 4.0 12 80 M M 4 15 120
31 37 27 32 3 33 0 0.70 M M 7.9 12 90 M M 10 1 17 90
================================================================================
SM 1177 834 1004 0 1.93 M 196.0 M 217
================================================================================
AV 38.0 26.9 6.3 FASTST M M 7 MAX(MPH)
MISC ----> 24 260 36 260
================================================================================
NOTES:
# LAST OF SEVERAL OCCURRENCES
COLUMN 17 PEAK WIND IN M.P.H.
PRELIMINARY LOCAL CLIMATOLOGICAL DATA (WS FORM: F-6) , PAGE 2
STATION: ZANESVILLE OH
MONTH: JANUARY
YEAR: 2021
LATITUDE: 39 56 N
LONGITUDE: 81 54 W
[TEMPERATURE DATA] [PRECIPITATION DATA] SYMBOLS USED IN COLUMN 16
AVERAGE MONTHLY: 32.4 TOTAL FOR MONTH: 1.93 1 = FOG OR MIST
DPTR FM NORMAL: 3.6 DPTR FM NORMAL: -0.73 2 = FOG REDUCING VISIBILITY
HIGHEST: 51 ON 1 GRTST 24HR 0.72 ON 1- 2 TO 1/4 MILE OR LESS
LOWEST: 15 ON 30 3 = THUNDER
SNOW, ICE PELLETS, HAIL 4 = ICE PELLETS
TOTAL MONTH: M 5 = HAIL
GRTST 24HR M ON M 6 = FREEZING RAIN OR DRIZZLE
GRTST DEPTH: M ON M 7 = DUSTSTORM OR SANDSTORM:
VSBY 1/2 MILE OR LESS
8 = SMOKE OR HAZE
[NO. OF DAYS WITH] [WEATHER - DAYS WITH] 9 = BLOWING SNOW
X = TORNADO
MAX 32 OR BELOW: 5 0.01 INCH OR MORE: 10
MAX 90 OR ABOVE: 0 0.10 INCH OR MORE: 4
MIN 32 OR BELOW: 24 0.50 INCH OR MORE: 2
MIN 0 OR BELOW: 0 1.00 INCH OR MORE: 0
[HDD (BASE 65) ]
TOTAL THIS MO. 1004 CLEAR (SCALE 0-3) 5
DPTR FM NORMAL -118 PTCLDY (SCALE 4-7) 11
TOTAL FM JUL 1 2904 CLOUDY (SCALE 8-10) 15
DPTR FM NORMAL -357
[CDD (BASE 65) ]
TOTAL THIS MO. 0
DPTR FM NORMAL 0 [PRESSURE DATA]
TOTAL FM JAN 1 0 HIGHEST SLP 30.55 ON 28
DPTR FM NORMAL 0 LOWEST SLP 29.55 ON 15
[REMARKS]
#FINAL-01-21#