000
CXUS51 KBTV 290532
CF61V4
PRELIMINARY LOCAL CLIMATOLOGICAL DATA (WS FORM: F-6)

                                          STATION:   SAINT JOHNSBURY VT
                                          MONTH:     APRIL
                                          YEAR:      2017
                                          LATITUDE:   44 25 N
                                          LONGITUDE:  72  1 W

  TEMPERATURE IN F:       :PCPN:    SNOW:  WIND      :SUNSHINE: SKY     :PK WND
================================================================================
1   2   3   4   5  6A  6B    7    8   9   10  11  12  13   14  15   16   17  18
                                     12Z  AVG MX 2MIN
DY MAX MIN AVG DEP HDD CDD  WTR  SNW DPTH SPD SPD DIR MIN PSBL S-S WX    SPD DR
================================================================================

 1  38  31  35  -3  30   0 0.43    M    0   M   M   M   M    M   0         M  M
 2  51  28  40   2  25   0 0.00  0.0    0   M   M   M   M    M   0         M  M
 3  53  24  39   0  26   0 0.00  0.0    0   M   M   M   M    M   0         M  M
 4  41  32  37  -2  28   0 0.40    M    0   M   M   M   M    M   0         M  M
 5  44  34  39  -1  26   0 0.00  0.0    0   M   M   M   M    M   0         M  M
 6  43  35  39  -1  26   0 0.59    M    0   M   M   M   M    M   0         M  M
 7  47  35  41   0  24   0 0.02    M    0   M   M   M   M    M   0         M  M
 8  37  31  34  -7  31   0 0.00  0.0    0   M   M   M   M    M   0         M  M
 9  61  25  43   1  22   0 0.00  0.0    0   M   M   M   M    M   0         M  M
10  78  33  56  14   9   0 0.00  0.0    0   M   M   M   M    M   0         M  M
11  79  39  59  17   6   0 0.10    M    0   M   M   M   M    M   0         M  M
12  56  43  50   7  15   0 0.09    M    0   M   M   M   M    M   0         M  M
13  53  30  42  -1  23   0 0.01    M    0   M   M   M   M    M   0         M  M
14  58  26  42  -2  23   0 0.00  0.0    0   M   M   M   M    M   0         M  M
15  69  26  48   4  17   0 0.15    M    0   M   M   M   M    M   0         M  M
16  80  47  64  19   1   0 0.14    M    0   M   M   M   M    M   0         M  M
17  57  39  48   3  17   0 0.00  0.0    0   M   M   M   M    M   0         M  M
18  50  32  41  -5  24   0 0.00  0.0    0   M   M   M   M    M   0         M  M
19  51  35  43  -3  22   0 0.33    M    0   M   M   M   M    M   0         M  M
20  53  41  47   1  18   0 0.00  0.0    0   M   M   M   M    M   0         M  M
21  48  41  45  -2  20   0 0.42    M    0   M   M   M   M    M   0         M  M
22  46  39  43  -4  22   0 0.01    M    0   M   M   M   M    M   0         M  M
23  65  35  50   2  15   0 0.00  0.0    0   M   M   M   M    M   0         M  M
24  63  34  49   1  16   0 0.00  0.0    0   M   M   M   M    M   0         M  M
25  58  33  46  -3  19   0 0.12    M    0   M   M   M   M    M   0         M  M
26  64  47  56   7   9   0 0.04    M    0   M   M   M   M    M   0         M  M
27  72  54  63  14   2   0 0.00  0.0    0   M   M   M   M    M   0         M  M
28  79  52  66  16   0   1 0.00  0.0    0   M   M   M   M    M   0         M  M
================================================================================
SM 1594 1001       516   1  2.85     0.0     M          M        0
================================================================================
AV 56.9 35.8                                 M FASTST   M    M   0    MAX(MPH)
                                 MISC ---->     M   M                  M    M
================================================================================
NOTES:
# LAST OF SEVERAL OCCURRENCES

COLUMN 17 PEAK WIND IN M.P.H.

PRELIMINARY LOCAL CLIMATOLOGICAL DATA (WS FORM: F-6) , PAGE 2

                                          STATION:  SAINT JOHNSBURY VT
                                          MONTH:    APRIL
                                          YEAR:     2017
                                          LATITUDE:   44 25 N
                                          LONGITUDE:  72  1 W

[TEMPERATURE DATA]      [PRECIPITATION DATA]       SYMBOLS USED IN COLUMN 16

AVERAGE MONTHLY: 46.3   TOTAL FOR MONTH:   2.85    1 = FOG OR MIST
DPTR FM NORMAL:   2.4   DPTR FM NORMAL:    0.20    2 = FOG REDUCING VISIBILITY
HIGHEST:    80 ON 16    GRTST 24HR  0.59 ON  6- 6      TO 1/4 MILE OR LESS
LOWEST:     24 ON  3                               3 = THUNDER
                        SNOW, ICE PELLETS, HAIL    4 = ICE PELLETS
                        TOTAL MONTH:   0.0 INCH    5 = HAIL
                        GRTST 24HR     0.0         6 = FREEZING RAIN OR DRIZZLE
                        GRTST DEPTH:   0           7 = DUSTSTORM OR SANDSTORM:
                                                       VSBY 1/2 MILE OR LESS
                                                   8 = SMOKE OR HAZE
[NO. OF DAYS WITH]      [WEATHER - DAYS WITH]      9 = BLOWING SNOW
                                                   X = TORNADO
MAX 32 OR BELOW:   0    0.01 INCH OR MORE:  14
MAX 90 OR ABOVE:   0    0.10 INCH OR MORE:   9
MIN 32 OR BELOW:  10    0.50 INCH OR MORE:   1
MIN  0 OR BELOW:   0    1.00 INCH OR MORE:   0

[HDD (BASE 65) ]
TOTAL THIS MO.   516    CLEAR  (SCALE 0-3)  28
DPTR FM NORMAL   -73    PTCLDY (SCALE 4-7)   0
TOTAL FM JUL 1  6775    CLOUDY (SCALE 8-10)  0
DPTR FM NORMAL  -614

[CDD (BASE 65) ]
TOTAL THIS MO.     1
DPTR FM NORMAL     1    [PRESSURE DATA]
TOTAL FM JAN 1     1    HIGHEST SLP M ON M
DPTR FM NORMAL     1    LOWEST  SLP M ON M

[REMARKS]
