000
CXUS51 KBTV 220700
CF61V4
PRELIMINARY LOCAL CLIMATOLOGICAL DATA (WS FORM: F-6)

                                          STATION:   ST. JOHNSBURY VT
                                          MONTH:     SEPTEMBER
                                          YEAR:      2014
                                          LATITUDE:   44 25 N
                                          LONGITUDE:  72  1 W

  TEMPERATURE IN F:       :PCPN:    SNOW:  WIND      :SUNSHINE: SKY     :PK WND
================================================================================
1   2   3   4   5  6A  6B    7    8   9   10  11  12  13   14  15   16   17  18
                                     12Z  AVG MX 2MIN
DY MAX MIN AVG DEP HDD CDD  WTR  SNW DPTH SPD SPD DIR MIN PSBL S-S WX    SPD DR
================================================================================

 1  84  62  73   8   0   8 0.01  0.0    0   M   M   M   M    M   0         M  M
 2  84  59  72   7   0   7 0.51  0.0    0   M   M   M   M    M   0         M  M
 3  78  55  67   2   0   2 0.01  0.0    0   M   M   M   M    M   0         M  M
 4  81  51  66   2   0   1 0.00  0.0    0   M   M   M   M    M   0         M  M
 5  85  57  71   7   0   6 0.00  0.0    0   M   M   M   M    M   0         M  M
 6  74  59  67   3   0   2 0.16  0.0    0   M   M   M   M    M   0         M  M
 7  71  49  60  -3   5   0 0.00  0.0    0   M   M   M   M    M   0         M  M
 8  74  47  61  -2   4   0 0.00  0.0    0   M   M   M   M    M   0         M  M
 9  71  47  59  -4   6   0 0.00  0.0    0   M   M   M   M    M   0         M  M
10  73  44  59  -3   6   0 0.00    M    0   M   M   M   M    M   0         M  M
11  67  55  61  -1   4   0 0.14  0.0    0   M   M   M   M    M   0         M  M
12  55  41  48 -14  17   0 0.00  0.0    0   M   M   M   M    M   0         M  M
13  51  38  45 -16  20   0 0.16    M    0   M   M   M   M    M   0         M  M
14  51  36  44 -17  21   0 0.00  0.0    0   M   M   M   M    M   0         M  M
15  60  34  47 -13  18   0 0.00    M    0   M   M   M   M    M   0         M  M
16  62  46  54  -6  11   0 0.09    M    0   M   M   M   M    M   0         M  M
17  66  44  55  -5  10   0 0.00    M    0   M   M   M   M    M   0         M  M
18  56  35  46 -13  19   0 0.02    M    0   M   M   M   M    M   0         M  M
19  56  29  43 -16  22   0 0.00  0.0    0   M   M   M   M    M   0         M  M
20  62  37  50  -8  15   0 0.01  0.0    0   M   M   M   M    M   0         M  M
21  77  53  65   7   0   0 0.19  0.0    0   M   M   M   M    M   0         M  M
================================================================================
SM 1438  978       178  26  1.30     0.0     M          M        0
================================================================================
AV 68.5 46.6                                 M FASTST   M    M   0    MAX(MPH)
                                 MISC ---->     M   M                  M    M
================================================================================
NOTES:
# LAST OF SEVERAL OCCURRENCES

COLUMN 17 PEAK WIND IN M.P.H.

PRELIMINARY LOCAL CLIMATOLOGICAL DATA (WS FORM: F-6) , PAGE 2

                                          STATION:  ST. JOHNSBURY VT
                                          MONTH:    SEPTEMBER
                                          YEAR:     2014
                                          LATITUDE:   44 25 N
                                          LONGITUDE:  72  1 W

[TEMPERATURE DATA]      [PRECIPITATION DATA]       SYMBOLS USED IN COLUMN 16

AVERAGE MONTHLY: 57.5   TOTAL FOR MONTH:   1.30    1 = FOG OR MIST
DPTR FM NORMAL:  -4.3   DPTR FM NORMAL:   -0.94    2 = FOG REDUCING VISIBILITY
HIGHEST:    85 ON  5    GRTST 24HR  0.52 ON  2- 2      TO 1/4 MILE OR LESS
LOWEST:     29 ON 19                               3 = THUNDER
                        SNOW, ICE PELLETS, HAIL    4 = ICE PELLETS
                        TOTAL MONTH:   0.0 INCH    5 = HAIL
                        GRTST 24HR     0.0         6 = FREEZING RAIN OR DRIZZLE
                        GRTST DEPTH:   0           7 = DUSTSTORM OR SANDSTORM:
                                                       VSBY 1/2 MILE OR LESS
                                                   8 = SMOKE OR HAZE
[NO. OF DAYS WITH]      [WEATHER - DAYS WITH]      9 = BLOWING SNOW
                                                   X = TORNADO
MAX 32 OR BELOW:   0    0.01 INCH OR MORE:  10
MAX 90 OR ABOVE:   0    0.10 INCH OR MORE:   5
MIN 32 OR BELOW:   1    0.50 INCH OR MORE:   1
MIN  0 OR BELOW:   0    1.00 INCH OR MORE:   0

[HDD (BASE 65) ]
TOTAL THIS MO.   178    CLEAR  (SCALE 0-3)  21
DPTR FM NORMAL    80    PTCLDY (SCALE 4-7)   0
TOTAL FM JUL 1   235    CLOUDY (SCALE 8-10)  0
DPTR FM NORMAL    87

[CDD (BASE 65) ]
TOTAL THIS MO.    26
DPTR FM NORMAL    -6    [PRESSURE DATA]
TOTAL FM JAN 1   245    HIGHEST SLP M ON M
DPTR FM NORMAL  -185    LOWEST  SLP M ON M

[REMARKS]
