000
CXUS55 KBOU 231224
CF620V
PRELIMINARY LOCAL CLIMATOLOGICAL DATA (WS FORM: F-6)

                                          STATION:   Kremmling
                                          MONTH:     OCTOBER
                                          YEAR:      2014
                                          LATITUDE:   40  3 N
                                          LONGITUDE: 106 22 W

  TEMPERATURE IN F:       :PCPN:    SNOW:  WIND      :SUNSHINE: SKY     :PK WND
================================================================================
1   2   3   4   5  6A  6B    7    8   9   10  11  12  13   14  15   16   17  18
                                     12Z  AVG MX 2MIN
DY MAX MIN AVG DEP HDD CDD  WTR  SNW DPTH SPD SPD DIR MIN PSBL S-S WX    SPD DR
================================================================================

 1  50  36  43   M  22   0    M    M    M  3.8 10 330   M    M  10 3      16 330
 2  54  34  44   M  21   0    M    M    M  6.4 16 250   M    M   8        20 240
 3  59  32  46   M  19   0    M    M    M  5.6 16 270   M    M   2        27 330
 4  66  27  47   M  18   0    M    M    M  3.5 16 270   M    M   1        25 270
 5  63  30  47   M  18   0    M    M    M  4.2 14 310   M    M   2 8      22 310
 6  70  32  51   M  14   0    M    M    M  5.7 14 250   M    M   0        20 250
 7  70  30  50   M  15   0    M    M    M  1.3  8 340   M    M   0         M  M
 8  70  32  51   M  14   0    M    M    M  0.4  5 120   M    M   0         M  M
 9  59  41  50   M  15   0    M    M    M  4.3 15  90   M    M  10        23  90
10  61  37  49   M  16   0    M    M    M  1.5  8 240   M    M   6         M  M
11  61  34  48   M  17   0    M    M    M  2.6 17 240   M    M   5 12     24 240
12  50  34  42   M  23   0    M    M    M  5.2 14  20   M    M   9        18 330
13  50  30  40   M  25   0    M    M    M  3.4  9 330   M    M   6         M  M
14  63  21  42   M  23   0    M    M    M  0.8  6 210   M    M   0         M  M
15  72  23  48   M  17   0    M    M    M  3.9 17 230   M    M   0        28 230
16  72  36  54   M  11   0    M    M    M  4.8 15 220   M    M   1        23 250
17  70  28  49   M  16   0    M    M    M  0.7  7 360   M    M   0         M  M
18  66  28  47   M  18   0    M    M    M  0.3  5  90   M    M   0         M  M
19  70  28  49   M  16   0    M    M    M  0.6  8 190   M    M   1         M  M
20  72  28  50   M  15   0    M    M    M  1.9 14 250   M    M   2         M  M
21  63  30  47   M  18   0    M    M    M  2.4 17 320   M    M   6        23 320
22  59  32  46   M  19   0    M    M    M  3.0 12 220   M    M   6 3      16 220
================================================================================
SM 1390  683       390   0    M     M     66.3          M       75
================================================================================
AV 63.2 31.0                               3.0 FASTST   M    M   3    MAX(MPH)
                                 MISC ---->    17   M                 28    M
================================================================================
NOTES:
# LAST OF SEVERAL OCCURRENCES

COLUMN 17 PEAK WIND IN M.P.H.

PRELIMINARY LOCAL CLIMATOLOGICAL DATA (WS FORM: F-6) , PAGE 2

                                          STATION:  Kremmling
                                          MONTH:    OCTOBER
                                          YEAR:     2014
                                          LATITUDE:   40  3 N
                                          LONGITUDE: 106 22 W

[TEMPERATURE DATA]      [PRECIPITATION DATA]       SYMBOLS USED IN COLUMN 16

AVERAGE MONTHLY: 47.1   TOTAL FOR MONTH:      M    1 = FOG OR MIST
DPTR FM NORMAL:     M   DPTR FM NORMAL:       M    2 = FOG REDUCING VISIBILITY
HIGHEST:    72 ON 20,16 GRTST 24HR    M  ON   M        TO 1/4 MILE OR LESS
LOWEST:     21 ON 14                               3 = THUNDER
                        SNOW, ICE PELLETS, HAIL    4 = ICE PELLETS
                        TOTAL MONTH:    M          5 = HAIL
                        GRTST 24HR    M  ON   M    6 = FREEZING RAIN OR DRIZZLE
                        GRTST DEPTH:  M  ON   M    7 = DUSTSTORM OR SANDSTORM:
                                                       VSBY 1/2 MILE OR LESS
                                                   8 = SMOKE OR HAZE
[NO. OF DAYS WITH]      [WEATHER - DAYS WITH]      9 = BLOWING SNOW
                                                   X = TORNADO
MAX 32 OR BELOW:   0    0.01 INCH OR MORE:   0
MAX 90 OR ABOVE:   0    0.10 INCH OR MORE:   0
MIN 32 OR BELOW:  15    0.50 INCH OR MORE:   0
MIN  0 OR BELOW:   0    1.00 INCH OR MORE:   0

[HDD (BASE 65) ]
TOTAL THIS MO.   390    CLEAR  (SCALE 0-3)  13
DPTR FM NORMAL     M    PTCLDY (SCALE 4-7)   5
TOTAL FM JUL 1   828    CLOUDY (SCALE 8-10)  4
DPTR FM NORMAL     M

[CDD (BASE 65) ]
TOTAL THIS MO.     0
DPTR FM NORMAL     M    [PRESSURE DATA]
TOTAL FM JAN 1    45    HIGHEST SLP M ON M
DPTR FM NORMAL     M    LOWEST  SLP M ON M

[REMARKS]
