000
CXUS53 KUNR 240945
CF62WX
PRELIMINARY LOCAL CLIMATOLOGICAL DATA (WS FORM: F-6)

                                          STATION:   BUFFALO SD
                                          MONTH:     JULY
                                          YEAR:      2014
                                          LATITUDE:   45 35 N
                                          LONGITUDE: 103 33 W

  TEMPERATURE IN F:       :PCPN:    SNOW:  WIND      :SUNSHINE: SKY     :PK WND
================================================================================
1   2   3   4   5  6A  6B    7    8   9   10  11  12  13   14  15   16   17  18
                                     12Z  AVG MX 2MIN
DY MAX MIN AVG DEP HDD CDD  WTR  SNW DPTH SPD SPD DIR MIN PSBL S-S WX    SPD DR
================================================================================

 1  71  54  63  -5   2   0 0.00    M    M 20.7 36 330   M    M   M        46 310
 2  77  49  63  -5   2   0 0.00    M    M  4.8 13 320   M    M   M        15 320
 3  78  51  65  -4   0   0 0.00    M    M 12.6 25 140   M    M   M        30 130
 4  91  59  75   6   0  10 0.00    M    M  5.6 15 180   M    M   M        17 180
 5  94  63  79  10   0  14 0.00    M    M  8.2 18 280   M    M   M        21 280
 6  86  59  73   3   0   8 0.00    M    M  8.6 14 300   M    M   M        17 170
 7  76  56  66  -4   0   1 0.00    M    M 15.5 32 320   M    M   M        39 330
 8  79  51  65  -5   0   0 0.00    M    M  9.9 20 330   M    M   M        25 310
 9  83  54  69  -1   0   4 0.00    M    M 10.2 20 140   M    M   M        27 130
10  90  57  74   4   0   9 0.01    M    M  8.1 18 340   M    M   M        23 330
11  84  61  73   2   0   8 0.00    M    M 12.3 26  30   M    M   M        33  30
12  83  60  72   1   0   7 0.45    M    M 10.3 26  30   M    M   M        34  40
13  80  54  67  -4   0   2 0.00    M    M 13.5 29 330   M    M   M        35 330
14  70  48  59 -12   6   0 0.00    M    M 11.0 18 360   M    M   M        30  10
15  73  45  59 -12   6   0 0.00    M    M 11.5 20 110   M    M   M        26 120
16  80  50  65  -6   0   0 0.00    M    M  9.5 18 160   M    M   M        23 160
17  86  53  70  -2   0   5 0.00    M    M  7.3 16 170   M    M   M        21 190
18  84  57  71  -1   0   6 0.00    M    M 11.8 31 320   M    M   M        38 340
19  91  55  73   1   0   8 0.00    M    M  7.0 20 190   M    M   M        28 210
20  94  60  77   5   0  12 0.00    M    M  7.1 14 120   M    M   M        20 310
21  92  63  78   6   0  13 0.00    M    M 10.5 31 300   M    M   M        33 300
22  89  58  74   2   0   9 0.36    M    M  9.2 59  20   M    M   M        68  20
23  87  59  73   1   0   8 0.00    M    M 13.4 29 130   M    M   M        36 130
================================================================================
SM 1918 1276        16 124  0.82    M    238.6          M        M
================================================================================
AV 83.4 55.5                              10.4 FASTST   M    M   1    MAX(MPH)
                                 MISC ---->  # 59  20               # 68   20
================================================================================
NOTES:
# LAST OF SEVERAL OCCURRENCES

COLUMN 17 PEAK WIND IN M.P.H.

PRELIMINARY LOCAL CLIMATOLOGICAL DATA (WS FORM: F-6) , PAGE 2

                                          STATION:  BUFFALO SD
                                          MONTH:    JULY
                                          YEAR:     2014
                                          LATITUDE:   45 35 N
                                          LONGITUDE: 103 33 W

[TEMPERATURE DATA]      [PRECIPITATION DATA]       SYMBOLS USED IN COLUMN 16

AVERAGE MONTHLY: 69.4   TOTAL FOR MONTH:   0.82    1 = FOG OR MIST
DPTR FM NORMAL:  -1.1   DPTR FM NORMAL:   -0.75    2 = FOG REDUCING VISIBILITY
HIGHEST:    94 ON 20, 5 GRTST 24HR  0.45 ON 12-12      TO 1/4 MILE OR LESS
LOWEST:     45 ON 15                               3 = THUNDER
                        SNOW, ICE PELLETS, HAIL    4 = ICE PELLETS
                        TOTAL MONTH:    M          5 = HAIL
                        GRTST 24HR    M  ON   M    6 = FREEZING RAIN OR DRIZZLE
                        GRTST DEPTH:  M  ON   M    7 = DUSTSTORM OR SANDSTORM:
                                                       VSBY 1/2 MILE OR LESS
                                                   8 = SMOKE OR HAZE
[NO. OF DAYS WITH]      [WEATHER - DAYS WITH]      9 = BLOWING SNOW
                                                   X = TORNADO
MAX 32 OR BELOW:   0    0.01 INCH OR MORE:   3
MAX 90 OR ABOVE:   6    0.10 INCH OR MORE:   2
MIN 32 OR BELOW:   0    0.50 INCH OR MORE:   0
MIN  0 OR BELOW:   0    1.00 INCH OR MORE:   0

[HDD (BASE 65) ]
TOTAL THIS MO.    16    CLEAR  (SCALE 0-3)   0
DPTR FM NORMAL    -5    PTCLDY (SCALE 4-7)   0
TOTAL FM JUL 1    16    CLOUDY (SCALE 8-10)  0
DPTR FM NORMAL    -5

[CDD (BASE 65) ]
TOTAL THIS MO.   124
DPTR FM NORMAL   -21    [PRESSURE DATA]
TOTAL FM JAN 1   170    HIGHEST SLP M ON M
DPTR FM NORMAL   -43    LOWEST  SLP 29.67 ON 20

[REMARKS]
