000
CXUS55 KBOU 191136
CF633V
PRELIMINARY LOCAL CLIMATOLOGICAL DATA (WS FORM: F-6)

                                          STATION:   Walden
                                          MONTH:     APRIL
                                          YEAR:      2014
                                          LATITUDE:   40 45 N
                                          LONGITUDE: 106 16 W

  TEMPERATURE IN F:       :PCPN:    SNOW:  WIND      :SUNSHINE: SKY     :PK WND
================================================================================
1   2   3   4   5  6A  6B    7    8   9   10  11  12  13   14  15   16   17  18
                                     12Z  AVG MX 2MIN
DY MAX MIN AVG DEP HDD CDD  WTR  SNW DPTH SPD SPD DIR MIN PSBL S-S WX    SPD DR
================================================================================

 1  36  28  32   M  33   0    M    M    M  7.5 16 180   M    M   6        27 200
 2  36  21  29   M  36   0    M    M    M  9.0 20 210   M    M   9        24 210
 3  34  19  27   M  38   0    M    M    M 10.5 21 340   M    M   5        27 340
 4  37  16  27   M  38   0    M    M    M  7.1 16 240   M    M   4        22 240
 5  41  21  31   M  34   0    M    M    M  6.7 17 330   M    M   3         M  M
 6  37  21  29   M  36   0    M    M    M  7.8 18 250   M    M   6        23 250
 7  37  21  29   M  36   0    M    M    M  9.3 18 330   M    M   8        28 330
 8  52  23  38   M  27   0    M    M    M  6.5 13 240   M    M   1        17 240
 9  59  30  45   M  20   0    M    M    M 15.0 29 270   M    M   2        38 270
10  50  32  41   M  24   0    M    M    M  9.5 25 250   M    M   4        37 250
11  59  27  43   M  22   0    M    M    M  9.6 22 240   M    M   1        32 240
12  59  32  46   M  19   0    M    M    M  9.6 22 230   M    M   4        28 230
13  34  10  22   M  43   0    M    M    M  8.4 16  40   M    M  10        20  50
14  28   1  15   M  50   0    M    M    M  7.9 16 200   M    M   1        22 200
15  43  16  30   M  35   0    M    M    M 14.5 25 230   M    M   3        35 220
16  41  23  32   M  33   0    M    M    M  9.2 16 270   M    M   3        22 250
17  50  19  35   M  30   0    M    M    M  6.8 15 210   M    M   1        18 250
18  63  30  47   M  18   0    M    M    M 11.6 24 210   M    M   0        36 210
================================================================================
SM  796  390       572   0    M     M    166.5          M       71
================================================================================
AV 44.2 21.7                               9.2 FASTST   M    M   4    MAX(MPH)
                                 MISC ---->    29   M               # 38  270
================================================================================
NOTES:
# LAST OF SEVERAL OCCURRENCES

COLUMN 17 PEAK WIND IN M.P.H.

PRELIMINARY LOCAL CLIMATOLOGICAL DATA (WS FORM: F-6) , PAGE 2

                                          STATION:  Walden
                                          MONTH:    APRIL
                                          YEAR:     2014
                                          LATITUDE:   40 45 N
                                          LONGITUDE: 106 16 W

[TEMPERATURE DATA]      [PRECIPITATION DATA]       SYMBOLS USED IN COLUMN 16

AVERAGE MONTHLY: 32.9   TOTAL FOR MONTH:      M    1 = FOG OR MIST
DPTR FM NORMAL:     M   DPTR FM NORMAL:       M    2 = FOG REDUCING VISIBILITY
HIGHEST:    63 ON 18    GRTST 24HR    M  ON   M        TO 1/4 MILE OR LESS
LOWEST:      1 ON 14                               3 = THUNDER
                        SNOW, ICE PELLETS, HAIL    4 = ICE PELLETS
                        TOTAL MONTH:    M          5 = HAIL
                        GRTST 24HR    M  ON   M    6 = FREEZING RAIN OR DRIZZLE
                        GRTST DEPTH:  M  ON   M    7 = DUSTSTORM OR SANDSTORM:
                                                       VSBY 1/2 MILE OR LESS
                                                   8 = SMOKE OR HAZE
[NO. OF DAYS WITH]      [WEATHER - DAYS WITH]      9 = BLOWING SNOW
                                                   X = TORNADO
MAX 32 OR BELOW:   1    0.01 INCH OR MORE:   0
MAX 90 OR ABOVE:   0    0.10 INCH OR MORE:   0
MIN 32 OR BELOW:  18    0.50 INCH OR MORE:   0
MIN  0 OR BELOW:   0    1.00 INCH OR MORE:   0

[HDD (BASE 65) ]
TOTAL THIS MO.   572    CLEAR  (SCALE 0-3)   9
DPTR FM NORMAL     M    PTCLDY (SCALE 4-7)   7
TOTAL FM JUL 1  8367    CLOUDY (SCALE 8-10)  2
DPTR FM NORMAL     M

[CDD (BASE 65) ]
TOTAL THIS MO.     0
DPTR FM NORMAL     M    [PRESSURE DATA]
TOTAL FM JAN 1     0    HIGHEST SLP M ON M
DPTR FM NORMAL     M    LOWEST  SLP M ON M

[REMARKS]
