000
CXUS54 KMAF 011100
CF66R6
PRELIMINARY LOCAL CLIMATOLOGICAL DATA (WS FORM: F-6)

                                          STATION:   Terrell County Airport
                                          MONTH:     JUNE
                                          YEAR:      2015
                                          LATITUDE:   30  2 N
                                          LONGITUDE: 102 13 W

  TEMPERATURE IN F:       :PCPN:    SNOW:  WIND      :SUNSHINE: SKY     :PK WND
================================================================================
1   2   3   4   5  6A  6B    7    8   9   10  11  12  13   14  15   16   17  18
                                     12Z  AVG MX 2MIN
DY MAX MIN AVG DEP HDD CDD  WTR  SNW DPTH SPD SPD DIR MIN PSBL S-S WX    SPD DR
================================================================================

 1  92  65  79  -1   0  14 0.00  0.0    0  7.4 16 160   M    M   0        31 260
 2  93  66  80   0   0  15 0.00  0.0    0  7.6 18 160   M    M   0        28 160
 3  94  67  81   0   0  16 0.00  0.0    0  8.1 16 150   M    M   0        24  90
 4  91  70  81   0   0  16 0.00  0.0    0  9.9 18 110   M    M   0        29 140
 5  92  71  82   1   0  17 0.00  0.0    0 10.1 20 140   M    M   0        29  90
 6  92  71  82   1   0  17 0.00  0.0    0  9.2 18  80   M    M   0        25  90
 7  94  69  82   1   0  17 0.00  0.0    0  8.0 16 170   M    M   0        24 170
 8  94  71  83   1   0  18 0.00  0.0    0  6.6 18  50   M    M   0        24  60
 9  97  71  84   2   0  19 0.00  0.0    0  6.9 16 180   M    M   0        24 160
10  98  70  84   2   0  19 0.00  0.0    0  8.6 16 120   M    M   0        25 160
11 102  72  87   5   0  22 0.00  0.0    0  9.3 17 120   M    M   0        27  90
12  97  72  85   3   0  20 0.42  0.0    0 10.4 23  80   M    M   0        44  80
13  89  68  79  -3   0  14 1.64  0.0    0  9.6 24 250   M    M   0        48 290
14  89  67  78  -4   0  13 0.00  0.0    0  9.6 39 280   M    M   0        49 290
15  90  69  80  -2   0  15 0.00  0.0    0  8.1 17  80   M    M   0        28 210
16  89  70  80  -3   0  15 0.05  0.0    0  8.8 21 320   M    M   0        28 320
17  93  72  83   0   0  18 0.00  0.0    0  7.6 16 290   M    M   0        24 290
18  92  75  84   1   0  19 0.00  0.0    0  6.7 14  80   M    M   0        22 200
19  91  73  82  -1   0  17 0.00  0.0    0  7.5 20 140   M    M   0        27 140
20  92  71  82  -1   0  17 0.00  0.0    0  8.5 16 120   M    M   0        27  90
21  92  74  83   0   0  18 0.00  0.0    0  9.8 21 110   M    M   0        27 120
22  87  73  80  -3   0  15 0.00  0.0    0 10.1 17  80   M    M   0        28 180
23  87  70  79  -4   0  14 0.65  0.0    0 11.1 28 160   M    M   0        34 160
24  88  71  80  -3   0  15 0.00  0.0    0  8.3 20 150   M    M   0        27 150
25  93  72  83   0   0  18 0.00  0.0    0  7.7 16 170   M    M   0        23 160
26  96  71  84   1   0  19 0.00  0.0    0  7.0 20 290   M    M   0        24 290
27  92  71  82  -1   0  17 0.00  0.0    0  8.1 29  30   M    M   0        34  30
28  91  69  80  -3   0  15 0.00  0.0    0  7.6 17 160   M    M   0        20 160
29  95  72  84   1   0  19 0.00  0.0    M  5.6 17 180   M    M   0        23 170
30  92  71  82  -1   0  17 0.00  0.0    0  8.1 23 140   M    M   0        31 150
================================================================================
SM 2774 2114         0 505  2.76     0.0 251.9          M        0
================================================================================
AV 92.5 70.5                               8.4 FASTST   M    M   0    MAX(MPH)
                                 MISC ---->  # 39 280               # 49  290
================================================================================
NOTES:
# LAST OF SEVERAL OCCURRENCES

COLUMN 17 PEAK WIND IN M.P.H.

PRELIMINARY LOCAL CLIMATOLOGICAL DATA (WS FORM: F-6) , PAGE 2

                                          STATION:  Terrell County Airport
                                          MONTH:    JUNE
                                          YEAR:     2015
                                          LATITUDE:   30  2 N
                                          LONGITUDE: 102 13 W

[TEMPERATURE DATA]      [PRECIPITATION DATA]       SYMBOLS USED IN COLUMN 16

AVERAGE MONTHLY: 81.5   TOTAL FOR MONTH:   2.76    1 = FOG OR MIST
DPTR FM NORMAL:  -0.8   DPTR FM NORMAL:    0.78    2 = FOG REDUCING VISIBILITY
HIGHEST:   102 ON 11    GRTST 24HR  1.64 ON 13-13      TO 1/4 MILE OR LESS
LOWEST:     65 ON  1                               3 = THUNDER
                        SNOW, ICE PELLETS, HAIL    4 = ICE PELLETS
                        TOTAL MONTH:   0.0 INCH    5 = HAIL
                        GRTST 24HR     0.0         6 = FREEZING RAIN OR DRIZZLE
                        GRTST DEPTH:   0           7 = DUSTSTORM OR SANDSTORM:
                                                       VSBY 1/2 MILE OR LESS
                                                   8 = SMOKE OR HAZE
[NO. OF DAYS WITH]      [WEATHER - DAYS WITH]      9 = BLOWING SNOW
                                                   X = TORNADO
MAX 32 OR BELOW:   0    0.01 INCH OR MORE:   4
MAX 90 OR ABOVE:  24    0.10 INCH OR MORE:   3
MIN 32 OR BELOW:   0    0.50 INCH OR MORE:   2
MIN  0 OR BELOW:   0    1.00 INCH OR MORE:   1

[HDD (BASE 65) ]
TOTAL THIS MO.     0    CLEAR  (SCALE 0-3)  30
DPTR FM NORMAL     0    PTCLDY (SCALE 4-7)   0
TOTAL FM JUL 1  1729    CLOUDY (SCALE 8-10)  0
DPTR FM NORMAL   -89

[CDD (BASE 65) ]
TOTAL THIS MO.   505
DPTR FM NORMAL   -14    [PRESSURE DATA]
TOTAL FM JAN 1  1126    HIGHEST SLP 31.01 ON 20
DPTR FM NORMAL    33    LOWEST  SLP 27.33 ON 22

[REMARKS]
#FINAL-06-15#
