000
CXUS55 KABR 191400
CF68D3
PRELIMINARY LOCAL CLIMATOLOGICAL DATA (WS FORM: F-6)

                                          STATION:   SISSETON SD
                                          MONTH:     FEBRUARY
                                          YEAR:      2017
                                          LATITUDE:   45 40 N
                                          LONGITUDE:  96 59 W

  TEMPERATURE IN F:       :PCPN:    SNOW:  WIND      :SUNSHINE: SKY     :PK WND
================================================================================
1   2   3   4   5  6A  6B    7    8   9   10  11  12  13   14  15   16   17  18
                                     12Z  AVG MX 2MIN
DY MAX MIN AVG DEP HDD CDD  WTR  SNW DPTH SPD SPD DIR MIN PSBL S-S WX    SPD DR
================================================================================

 1  20   8  14   0  51   0 0.00  0.0    0 18.4 30 340   M    M   0        37 330
 2  17   8  13  -1  52   0 0.00  0.0    0 15.0 31 340   M    M   0        37 340
 3  24   5  15   0  50   0 0.00  0.0    0 10.9 21 270   M    M   0        25 280
 4  36  16  26  11  39   0    T    T    0 17.6 26 340   M    M   0        32 340
 5  19   7  13  -2  52   0    T    T    0  6.9 22 350   M    M   0        26 350
 6  22  13  18   3  47   0 0.00  0.0    0  9.2 17  30   M    M   0        20  50
 7  19  -2   9  -7  56   0 0.03  0.5    0 19.5 31 340   M    M   0        37 340
 8  10  -4   3 -13  62   0 0.00  0.0    T 12.4 21 310   M    M   0        25 310
 9  25  -3  11  -5  54   0 0.00  0.0    T 12.4 25 190   M    M   0        31 190
10  53  22  38  22  27   0 0.00  0.0    T 11.4 25 190   M    M   0        31 190
11  48  29  39  22  26   0 0.04  0.0    T  8.8 30 330   M    M   0        38 320
12  42  30  36  19  29   0 0.00  0.0    0 16.7 35 340   M    M   0        42 330
13  47  31  39  22  26   0 0.00  0.0    0 15.7 24 240   M    M   0        31 240
14  42  22  32  14  33   0 0.00  0.0    0 17.2 30 360   M    M   0        37 350
15  46  17  32  14  33   0 0.00  0.0    0  8.8 18 190   M    M   0        22 190
16  58  26  42  24  23   0 0.00  0.0    0  6.9 14 280   M    M   0        18 270
17  58  32  45  26  20   0 0.00  0.0    0 11.6 25 310   M    M   0        29 280
18  57  33  45  26  20   0 0.00  0.0    0  5.6 21 330   M    M   0        24 320
================================================================================
SM  643  290       700   0  0.07     0.5 225.0          M        0
================================================================================
AV 35.7 16.1                              12.5 FASTST   M    M   0    MAX(MPH)
                                 MISC ---->  # 35 340               # 42  330
================================================================================
NOTES:
# LAST OF SEVERAL OCCURRENCES

COLUMN 17 PEAK WIND IN M.P.H.

PRELIMINARY LOCAL CLIMATOLOGICAL DATA (WS FORM: F-6) , PAGE 2

                                          STATION:  SISSETON SD
                                          MONTH:    FEBRUARY
                                          YEAR:     2017
                                          LATITUDE:   45 40 N
                                          LONGITUDE:  96 59 W

[TEMPERATURE DATA]      [PRECIPITATION DATA]       SYMBOLS USED IN COLUMN 16

AVERAGE MONTHLY: 25.9   TOTAL FOR MONTH:   0.07    1 = FOG OR MIST
DPTR FM NORMAL:   9.5   DPTR FM NORMAL:   -0.16    2 = FOG REDUCING VISIBILITY
HIGHEST:    58 ON 17,16 GRTST 24HR  0.04 ON 11-11      TO 1/4 MILE OR LESS
LOWEST:     -4 ON  8                               3 = THUNDER
                        SNOW, ICE PELLETS, HAIL    4 = ICE PELLETS
                        TOTAL MONTH:   0.5 INCH    5 = HAIL
                        GRTST 24HR   0.5 ON  7- 7  6 = FREEZING RAIN OR DRIZZLE
                        GRTST DEPTH:   0           7 = DUSTSTORM OR SANDSTORM:
                                                       VSBY 1/2 MILE OR LESS
                                                   8 = SMOKE OR HAZE
[NO. OF DAYS WITH]      [WEATHER - DAYS WITH]      9 = BLOWING SNOW
                                                   X = TORNADO
MAX 32 OR BELOW:   8    0.01 INCH OR MORE:   2
MAX 90 OR ABOVE:   0    0.10 INCH OR MORE:   0
MIN 32 OR BELOW:  17    0.50 INCH OR MORE:   0
MIN  0 OR BELOW:   3    1.00 INCH OR MORE:   0

[HDD (BASE 65) ]
TOTAL THIS MO.   700    CLEAR  (SCALE 0-3)  18
DPTR FM NORMAL  -175    PTCLDY (SCALE 4-7)   0
TOTAL FM JUL 1  4944    CLOUDY (SCALE 8-10)  0
DPTR FM NORMAL  -877

[CDD (BASE 65) ]
TOTAL THIS MO.     0
DPTR FM NORMAL     0    [PRESSURE DATA]
TOTAL FM JAN 1     0    HIGHEST SLP M ON M
DPTR FM NORMAL     0    LOWEST  SLP 29.40 ON 17

[REMARKS]
