000
CXUS51 KPHI 010800
CF6ABE
PRELIMINARY LOCAL CLIMATOLOGICAL DATA (WS FORM: F-6)

                                          STATION:   ALLENTOWN PA
                                          MONTH:     SEPTEMBER
                                          YEAR:      2016
                                          LATITUDE:   40 39 N
                                          LONGITUDE:  75 26 W

  TEMPERATURE IN F:       :PCPN:    SNOW:  WIND      :SUNSHINE: SKY     :PK WND
================================================================================
1   2   3   4   5  6A  6B    7    8   9   10  11  12  13   14  15   16   17  18
                                     12Z  AVG MX 2MIN
DY MAX MIN AVG DEP HDD CDD  WTR  SNW DPTH SPD SPD DIR MIN PSBL S-S WX    SPD DR
================================================================================

 1  83  64  74   5   0   9 0.20  0.0    0  4.8 16 340   M    M   5 18     21 330
 2  81  56  69   0   0   4 0.00  0.0    0  5.0 15  50   M    M   1        22  30
 3  80  57  69   1   0   4 0.00  0.0    0  8.0 18  50   M    M   1        23  70
 4  83  52  68   0   0   3 0.00  0.0    0  4.4 15  60   M    M   0 1      21  10
 5  88  53  71   3   0   6 0.00  0.0    0  3.0 15 320   M    M   0        20 340
 6  89  67  78  10   0  13 0.00  0.0    0  9.8 20 350   M    M   4        24 330
 7  91  65  78  11   0  13 0.00  0.0    0  4.7 15  70   M    M   2        18  80
 8  95  67  81  14   0  16 0.00  0.0    0  5.5 18 260   M    M   2        24 270
 9  92  74  83  17   0  18    T  0.0    0  4.6  9 260   M    M   5        13 300
10  95  73  84  18   0  19    T  0.0    0  6.7 17 210   M    M   3        24 210
11  83  58  71   5   0   6 0.00  0.0    0  8.6 21 310   M    M   3        25 320
12  81  50  66   1   0   1 0.00  0.0    0  2.0  9  90   M    M   0        14  70
13  86  54  70   5   0   5 0.00  0.0    0  5.0 14 200   M    M   3 1      20 170
14  91  59  75  10   0  10 0.03  0.0    0  6.3 18 340   M    M   2        25 350
15  77  52  65   1   0   0 0.00  0.0    0  5.9 16  70   M    M   1        21  70
16  79  47  63  -1   2   0 0.00  0.0    0  4.8 14 140   M    M   1 1      18 130
17  82  51  67   3   0   2 0.00  0.0    0  5.4 15 220   M    M   7        22 170
18  83  68  76  13   0  11    T  0.0    0  5.8 12 180   M    M   6        16 190
19  76  67  72   9   0   7 0.78  0.0    0  2.7 15 280   M    M   8 1      20 290
20  85  64  75  13   0  10 0.00  0.0    0  1.3  7  70   M    M   3 12     10  60
21  86  59  73  11   0   8 0.00  0.0    0  2.8 13  30   M    M   0 1      16  20
22  87  52  70   8   0   5 0.00  0.0    0  1.5  9 120   M    M   0 1      14 170
23  90  51  71  10   0   6 0.00  0.0    0  2.8 13 260   M    M   1        16 250
24  75  51  63   2   2   0 0.02  0.0    0  8.1 20  80   M    M   4 1      23  80
25  73  43  58  -2   7   0 0.00  0.0    0  3.5 10 320   M    M   0        15 350
26  70  42  56  -4   9   0 0.02    M    0  5.3 15 200   M    M   6 1      22 210
27  75  50  63   4   2   0 0.34  0.0    0  2.8 12 220   M    M   3 18     17 230
28  71  46  59   0   6   0 0.01  0.0    0  8.8 22  80   M    M   5        26  80
29  62  57  60   1   5   0 0.39  0.0    0 14.3 23  80   M    M  10 1      30  80
30  59  52  56  -2   9   0 1.63  0.0    0 13.8 22  70   M    M  10 18     29  60
================================================================================
SM 2448 1701        42 176  3.42     0.0 168.0          M       96
================================================================================
AV 81.6 56.7                               5.6 FASTST   M    M   3    MAX(MPH)
                                 MISC ---->  # 23  80               # 30   80
================================================================================
NOTES:
# LAST OF SEVERAL OCCURRENCES

COLUMN 17 PEAK WIND IN M.P.H.

PRELIMINARY LOCAL CLIMATOLOGICAL DATA (WS FORM: F-6) , PAGE 2

                                          STATION:  ALLENTOWN PA
                                          MONTH:    SEPTEMBER
                                          YEAR:     2016
                                          LATITUDE:   40 39 N
                                          LONGITUDE:  75 26 W

[TEMPERATURE DATA]      [PRECIPITATION DATA]       SYMBOLS USED IN COLUMN 16

AVERAGE MONTHLY: 69.2   TOTAL FOR MONTH:   3.42    1 = FOG OR MIST
DPTR FM NORMAL:   5.2   DPTR FM NORMAL:   -1.20    2 = FOG REDUCING VISIBILITY
HIGHEST:    95 ON 10, 8 GRTST 24HR  1.71 ON 29-30      TO 1/4 MILE OR LESS
LOWEST:     42 ON 26                               3 = THUNDER
                        SNOW, ICE PELLETS, HAIL    4 = ICE PELLETS
                        TOTAL MONTH:   0.0 INCH    5 = HAIL
                        GRTST 24HR     0.0         6 = FREEZING RAIN OR DRIZZLE
                        GRTST DEPTH:   0           7 = DUSTSTORM OR SANDSTORM:
                                                       VSBY 1/2 MILE OR LESS
                                                   8 = SMOKE OR HAZE
[NO. OF DAYS WITH]      [WEATHER - DAYS WITH]      9 = BLOWING SNOW
                                                   X = TORNADO
MAX 32 OR BELOW:   0    0.01 INCH OR MORE:   9
MAX 90 OR ABOVE:   6    0.10 INCH OR MORE:   5
MIN 32 OR BELOW:   0    0.50 INCH OR MORE:   2
MIN  0 OR BELOW:   0    1.00 INCH OR MORE:   1

[HDD (BASE 65) ]
TOTAL THIS MO.    42    CLEAR  (SCALE 0-3)  18
DPTR FM NORMAL   -62    PTCLDY (SCALE 4-7)  10
TOTAL FM JUL 1    42    CLOUDY (SCALE 8-10)  2
DPTR FM NORMAL   -73

[CDD (BASE 65) ]
TOTAL THIS MO.   176
DPTR FM NORMAL   105    [PRESSURE DATA]
TOTAL FM JAN 1  1208    HIGHEST SLP 30.34 ON 29
DPTR FM NORMAL   458    LOWEST  SLP 29.80 ON  8

[REMARKS]
#FINAL-09-16#
