000
CXUS52 KTAE 220800
CF6ABY
PRELIMINARY LOCAL CLIMATOLOGICAL DATA (WS FORM: F-6)

                                          STATION:   ALBANY
                                          MONTH:     JUNE
                                          YEAR:      2017
                                          LATITUDE:   31 31 N
                                          LONGITUDE:  84 11 W

  TEMPERATURE IN F:       :PCPN:    SNOW:  WIND      :SUNSHINE: SKY     :PK WND
================================================================================
1   2   3   4   5  6A  6B    7    8   9   10  11  12  13   14  15   16   17  18
                                     12Z  AVG MX 2MIN
DY MAX MIN AVG DEP HDD CDD  WTR  SNW DPTH SPD SPD DIR MIN PSBL S-S WX    SPD DR
================================================================================

 1  87  72  80   2   0  15    T  0.0    0  3.1 18 160   M    M   5 3      22 160
 2  90  71  81   2   0  16 0.50  0.0    0  3.5 21 300   M    M   4 13     24 310
 3  91  70  81   2   0  16 0.00  0.0    0  3.1 13 190   M    M   5 1238   14 180
 4  90  74  82   3   0  17 0.14  0.0    0  3.2 21  90   M    M   8 13     27  90
 5  88  73  81   2   0  16 0.48  0.0    0  5.1 29 220   M    M   6 13     35 230
 6  80  73  77  -2   0  12 0.10  0.0    0  3.1 10 100   M    M   8 1      12 100
 7  79  70  75  -5   0  10 0.08  0.0    0  7.8 22  50   M    M   9 1      28  30
 8  85  65  75  -5   0  10 0.00  0.0    0  5.5 15  50   M    M   5        20  50
 9  87  62  75  -5   0  10 0.00  0.0    0  2.3 12 190   M    M   2        15 180
10  91  63  77  -3   0  12 0.00  0.0    0  3.9 13 150   M    M   2        16 100
11  86  75  81   1   0  16 0.00  0.0    0  5.6 13 150   M    M   5        16 160
12  86  71  79  -1   0  14 0.03  0.0    0  5.7 15  60   M    M   8 13     19  60
13  85  71  78  -2   0  13 0.25  0.0    0  3.9 15 210   M    M   6 13     19 240
14  89  71  80   0   0  15    T  0.0    0  2.7 17 210   M    M   6        22 220
15  90  71  81   0   0  16 0.92  0.0    0  4.8 22 320   M    M   5 13     29 330
16  88  68  78  -3   0  13 0.00  0.0    0  4.1 10 330   M    M   2        14  30
17  89  73  81   0   0  16 0.02  0.0    0  6.2 17 250   M    M   2 3      26 240
18  92  72  82   1   0  17 0.01  0.0    0  3.5  8 300   M    M   4 123     M  M
19  86  71  79  -2   0  14    T  0.0    0  3.5 18 200   M    M   5        23 200
20  76  74  75  -6   0  10 0.80  0.0    0  4.4  9  60   M    M   8 1      13  40
21  84  74  79  -2   0  14 0.10  0.0    0  6.1 10  90   M    M   7 1      13 130
================================================================================
SM 1819 1484         0 292  3.43     0.0  91.1          M      112
================================================================================
AV 86.6 70.7                               4.3 FASTST   M    M   5    MAX(MPH)
                                 MISC ---->  # 29 220               # 35  230
================================================================================
NOTES:
# LAST OF SEVERAL OCCURRENCES

COLUMN 17 PEAK WIND IN M.P.H.

PRELIMINARY LOCAL CLIMATOLOGICAL DATA (WS FORM: F-6) , PAGE 2

                                          STATION:  ALBANY
                                          MONTH:    JUNE
                                          YEAR:     2017
                                          LATITUDE:   31 31 N
                                          LONGITUDE:  84 11 W

[TEMPERATURE DATA]      [PRECIPITATION DATA]       SYMBOLS USED IN COLUMN 16

AVERAGE MONTHLY: 78.6   TOTAL FOR MONTH:   3.43    1 = FOG OR MIST
DPTR FM NORMAL:  -1.4   DPTR FM NORMAL:   -0.07    2 = FOG REDUCING VISIBILITY
HIGHEST:    92 ON 18    GRTST 24HR  0.92 ON 15-15      TO 1/4 MILE OR LESS
LOWEST:     62 ON  9                               3 = THUNDER
                        SNOW, ICE PELLETS, HAIL    4 = ICE PELLETS
                        TOTAL MONTH:   0.0 INCH    5 = HAIL
                        GRTST 24HR     0.0         6 = FREEZING RAIN OR DRIZZLE
                        GRTST DEPTH:   0           7 = DUSTSTORM OR SANDSTORM:
                                                       VSBY 1/2 MILE OR LESS
                                                   8 = SMOKE OR HAZE
[NO. OF DAYS WITH]      [WEATHER - DAYS WITH]      9 = BLOWING SNOW
                                                   X = TORNADO
MAX 32 OR BELOW:   0    0.01 INCH OR MORE:  12
MAX 90 OR ABOVE:   6    0.10 INCH OR MORE:   8
MIN 32 OR BELOW:   0    0.50 INCH OR MORE:   3
MIN  0 OR BELOW:   0    1.00 INCH OR MORE:   0

[HDD (BASE 65) ]
TOTAL THIS MO.     0    CLEAR  (SCALE 0-3)   4
DPTR FM NORMAL     0    PTCLDY (SCALE 4-7)  16
TOTAL FM JUL 1  1002    CLOUDY (SCALE 8-10)  1
DPTR FM NORMAL  -836

[CDD (BASE 65) ]
TOTAL THIS MO.   292
DPTR FM NORMAL   -22    [PRESSURE DATA]
TOTAL FM JAN 1   922    HIGHEST SLP M ON M
DPTR FM NORMAL   168    LOWEST  SLP 29.69 ON  7

[REMARKS]
