000
CXUS54 KFWD 310730
CF6ACT
PRELIMINARY LOCAL CLIMATOLOGICAL DATA (WS FORM: F-6)

                                          STATION:   WACO
                                          MONTH:     AUGUST
                                          YEAR:      2015
                                          LATITUDE:   31 37 N
                                          LONGITUDE:  97 13 W

  TEMPERATURE IN F:       :PCPN:    SNOW:  WIND      :SUNSHINE: SKY     :PK WND
================================================================================
1   2   3   4   5  6A  6B    7    8   9   10  11  12  13   14  15   16   17  18
                                     12Z  AVG MX 2MIN
DY MAX MIN AVG DEP HDD CDD  WTR  SNW DPTH SPD SPD DIR MIN PSBL S-S WX    SPD DR
================================================================================

 1  99  70  85  -1   0  20 0.00  0.0    0  5.7 15  50   M    M   1        25  60
 2  99  74  87   1   0  22 0.00  0.0    0  4.2 12  80   M    M   2        15  70
 3  99  75  87   1   0  22 0.00  0.0    0  7.0 14 100   M    M   0        17 150
 4  99  77  88   2   0  23 0.00  0.0    0 10.5 18 160   M    M   0        22 160
 5 100  79  90   4   0  25 0.00  0.0    0 13.4 21 190   M    M   0        26 190
 6 102  78  90   4   0  25 0.00  0.0    0 13.5 20 190   M    M   0        26 190
 7 102  78  90   4   0  25 0.00  0.0    0 12.3 20 190   M    M   0        25 190
 8 102  77  90   4   0  25 0.00  0.0    0 12.2 20 170   M    M   0        24 160
 9 104  76  90   4   0  25 0.00  0.0    0 11.2 20 190   M    M   0        24 180
10 106  75  91   5   0  26 0.00  0.0    0  7.2 14 190   M    M   0        17 190
11 106  76  91   5   0  26 0.00  0.0    0  6.8 17  30   M    M   0        22  20
12 104  78  91   5   0  26 0.00  0.0    0  7.0 18  10   M    M   1 8      24 350
13 101  76  89   3   0  24 0.00  0.0    0  7.4 15  10   M    M   0        22  30
14 100  77  89   3   0  24 0.00  0.0    0  7.6 17  50   M    M   1        22  60
15  99  76  88   2   0  23 0.00  0.0    0  7.1 15  40   M    M   3        21  70
16  97  70  84  -2   0  19 0.00  0.0    0  5.6 16 150   M    M   1        20 140
17  97  73  85  -1   0  20 0.00  0.0    0  7.5 17 110   M    M   0        22 100
18  99  78  89   3   0  24 0.00  0.0    0 15.1 24 170   M    M   0        30 180
19  97  74  86   1   0  21    T  0.0    0 12.8 26 180   M    M   4 3      34 180
20  76  68  72 -13   0   7 0.77  0.0    0  9.0 20 220   M    M   8 138    24 230
21  91  71  81  -4   0  16    T  0.0    0  9.8 23 170   M    M   2 1      27 160
22  98  77  88   3   0  23 0.00  0.0    0 13.0 23 170   M    M   3        27 170
23  99  77  88   3   0  23 0.00  0.0    0 10.0 20 180   M    M   0        23 180
24 101  77  89   4   0  24    T  0.0    0  5.7 20  20   M    M   2 3      22  30
25  96  73  85   1   0  20 0.00  0.0    0  5.8 18 120   M    M   1        22 110
26  97  70  84   0   0  19 0.00  0.0    0  4.1 13  40   M    M   0        15  80
27  97  67  82  -2   0  17 0.00  0.0    0  5.5 15 110   M    M   0        18 110
28  97  68  83  -1   0  18 0.00  0.0    0  7.2 14 170   M    M   0        17 180
29  96  76  86   2   0  21 0.00  0.0    0  9.2 17 170   M    M   1        20 160
30  89  72  81  -2   0  16 0.09  0.0    0  6.9 15 210   M    M   4 1      18 220
================================================================================
SM 2949 2233         0 649  0.86     0.0 260.3          M       34
================================================================================
AV 98.3 74.4                               8.7 FASTST   M    M   1    MAX(MPH)
                                 MISC ---->  # 26 180               # 34  180
================================================================================
NOTES:
# LAST OF SEVERAL OCCURRENCES

COLUMN 17 PEAK WIND IN M.P.H.

PRELIMINARY LOCAL CLIMATOLOGICAL DATA (WS FORM: F-6) , PAGE 2

                                          STATION:  WACO
                                          MONTH:    AUGUST
                                          YEAR:     2015
                                          LATITUDE:   31 37 N
                                          LONGITUDE:  97 13 W

[TEMPERATURE DATA]      [PRECIPITATION DATA]       SYMBOLS USED IN COLUMN 16

AVERAGE MONTHLY: 86.4   TOTAL FOR MONTH:   0.86    1 = FOG OR MIST
DPTR FM NORMAL:   1.0   DPTR FM NORMAL:   -1.10    2 = FOG REDUCING VISIBILITY
HIGHEST:   106 ON 11,10 GRTST 24HR  0.77 ON 20-20      TO 1/4 MILE OR LESS
LOWEST:     67 ON 27                               3 = THUNDER
                        SNOW, ICE PELLETS, HAIL    4 = ICE PELLETS
                        TOTAL MONTH:   0.0 INCH    5 = HAIL
                        GRTST 24HR     0.0         6 = FREEZING RAIN OR DRIZZLE
                        GRTST DEPTH:   0           7 = DUSTSTORM OR SANDSTORM:
                                                       VSBY 1/2 MILE OR LESS
                                                   8 = SMOKE OR HAZE
[NO. OF DAYS WITH]      [WEATHER - DAYS WITH]      9 = BLOWING SNOW
                                                   X = TORNADO
MAX 32 OR BELOW:   0    0.01 INCH OR MORE:   2
MAX 90 OR ABOVE:  28    0.10 INCH OR MORE:   1
MIN 32 OR BELOW:   0    0.50 INCH OR MORE:   1
MIN  0 OR BELOW:   0    1.00 INCH OR MORE:   0

[HDD (BASE 65) ]
TOTAL THIS MO.     0    CLEAR  (SCALE 0-3)  27
DPTR FM NORMAL     0    PTCLDY (SCALE 4-7)   3
TOTAL FM JUL 1     0    CLOUDY (SCALE 8-10)  0
DPTR FM NORMAL     0

[CDD (BASE 65) ]
TOTAL THIS MO.   649
DPTR FM NORMAL    40    [PRESSURE DATA]
TOTAL FM JAN 1  2237    HIGHEST SLP M ON M
DPTR FM NORMAL    62    LOWEST  SLP 29.66 ON 18

[REMARKS]
