000
CXUS54 KFWD 270730
CF6ACT
PRELIMINARY LOCAL CLIMATOLOGICAL DATA (WS FORM: F-6)

                                          STATION:   WACO
                                          MONTH:     FEBRUARY
                                          YEAR:      2015
                                          LATITUDE:   31 37 N
                                          LONGITUDE:  97 13 W

  TEMPERATURE IN F:       :PCPN:    SNOW:  WIND      :SUNSHINE: SKY     :PK WND
================================================================================
1   2   3   4   5  6A  6B    7    8   9   10  11  12  13   14  15   16   17  18
                                     12Z  AVG MX 2MIN
DY MAX MIN AVG DEP HDD CDD  WTR  SNW DPTH SPD SPD DIR MIN PSBL S-S WX    SPD DR
================================================================================

 1  67  39  53   5  12   0    T  0.0    0 13.6 26 350   M    M   5 1      31 330
 2  44  27  36 -12  29   0 0.00  0.0    0  9.0 23 350   M    M   0        29 350
 3  49  34  42  -7  23   0 0.00  0.0    0  8.8 20 170   M    M   4        24 170
 4  57  41  49   0  16   0    T  0.0    0  9.4 23 360   M    M  10 18     29 360
 5  43  33  38 -11  27   0 0.00  0.0    0 11.1 23 340   M    M  10        31 340
 6  58  36  47  -2  18   0 0.00  0.0    0  8.4 15 180   M    M   4        20 190
 7  68  41  55   6  10   0 0.00  0.0    0 15.7 25 180   M    M   0 1      32 180
 8  78  50  64  15   1   0 0.00  0.0    0 10.0 21 190   M    M   1        27 200
 9  80  39  60  10   5   0 0.00  0.0    0  5.4 16 350   M    M   0        20 350
10  77  37  57   7   8   0 0.00  0.0    0  7.7 18 170   M    M   0        21 170
11  72  42  57   7   8   0 0.00  0.0    0  9.1 24  20   M    M   2 12     30  30
12  57  35  46  -4  19   0 0.00  0.0    0 11.4 23  10   M    M   3        30  10
13  68  31  50   0  15   0 0.00  0.0    0  5.7 12 180   M    M   3        15 240
14  79  36  58   8   7   0 0.00  0.0    0  5.2 10 210   M    M   0 1      14 190
15  69  48  59   8   6   0    T  0.0    0 10.4 21 170   M    M   4 1      24 190
16  65  31  48  -3  17   0 0.42    T    0 15.2 33 320   M    M   8 1      43 320
17  52  29  41 -10  24   0 0.00  0.0    0  7.2 14 340   M    M   4        19 340
18  61  26  44  -7  21   0 0.00  0.0    0  3.9 12 170   M    M   0 1      15 170
19  66  34  50  -2  15   0 0.00  0.0    0 12.4 22 170   M    M   0        28 170
20  73  51  62  10   3   0 0.00  0.0    0 18.5 35 190   M    M   9        42 190
21  66  44  55   3  10   0 0.00  0.0    0 13.1 31 190   M    M   7        40 200
22  49  33  41 -11  24   0 0.22  0.0    0 14.5 25  10   M    M   9 1      34 360
23  33  27  30 -23  35   0 0.16    T    0 15.2 24 360   M    M  10 16     32  10
24  35  27  31 -22  34   0    T    M    T  6.7 15 350   M    M  10 1      18 350
25  50  32  41 -12  24   0 0.36  0.7    0  4.1 22 110   M    M   6 123    23 110
26  40  27  34 -19  31   0 0.00  0.0    0 10.8 23 360   M    M   6 18     28 360
================================================================================
SM 1556  930       442   0  1.16     0.7 262.5          M      115
================================================================================
AV 59.8 35.8                              10.1 FASTST   M    M   4    MAX(MPH)
                                 MISC ---->  # 35 190               # 43  320
================================================================================
NOTES:
# LAST OF SEVERAL OCCURRENCES

COLUMN 17 PEAK WIND IN M.P.H.

PRELIMINARY LOCAL CLIMATOLOGICAL DATA (WS FORM: F-6) , PAGE 2

                                          STATION:  WACO
                                          MONTH:    FEBRUARY
                                          YEAR:     2015
                                          LATITUDE:   31 37 N
                                          LONGITUDE:  97 13 W

[TEMPERATURE DATA]      [PRECIPITATION DATA]       SYMBOLS USED IN COLUMN 16

AVERAGE MONTHLY: 47.8   TOTAL FOR MONTH:   1.16    1 = FOG OR MIST
DPTR FM NORMAL:  -2.7   DPTR FM NORMAL:   -1.25    2 = FOG REDUCING VISIBILITY
HIGHEST:    80 ON  9    GRTST 24HR  0.42 ON 16-16      TO 1/4 MILE OR LESS
LOWEST:     26 ON 18                               3 = THUNDER
                        SNOW, ICE PELLETS, HAIL    4 = ICE PELLETS
                        TOTAL MONTH:   0.7 INCH    5 = HAIL
                        GRTST 24HR   0.7 ON   M    6 = FREEZING RAIN OR DRIZZLE
                        GRTST DEPTH:   T           7 = DUSTSTORM OR SANDSTORM:
                                                       VSBY 1/2 MILE OR LESS
                                                   8 = SMOKE OR HAZE
[NO. OF DAYS WITH]      [WEATHER - DAYS WITH]      9 = BLOWING SNOW
                                                   X = TORNADO
MAX 32 OR BELOW:   0    0.01 INCH OR MORE:   4
MAX 90 OR ABOVE:   0    0.10 INCH OR MORE:   4
MIN 32 OR BELOW:   9    0.50 INCH OR MORE:   0
MIN  0 OR BELOW:   0    1.00 INCH OR MORE:   0

[HDD (BASE 65) ]
TOTAL THIS MO.   442    CLEAR  (SCALE 0-3)  11
DPTR FM NORMAL    62    PTCLDY (SCALE 4-7)   9
TOTAL FM JUL 1  1886    CLOUDY (SCALE 8-10)  6
DPTR FM NORMAL    98

[CDD (BASE 65) ]
TOTAL THIS MO.     0
DPTR FM NORMAL     0    [PRESSURE DATA]
TOTAL FM JAN 1     0    HIGHEST SLP M ON M
DPTR FM NORMAL    -3    LOWEST  SLP 29.63 ON 21

[REMARKS]
