000
CXUS56 KEKA 201440
CF6ACV
PRELIMINARY LOCAL CLIMATOLOGICAL DATA (WS FORM: F-6)

                                          STATION:   ARCATA CA
                                          MONTH:     AUGUST
                                          YEAR:      2014
                                          LATITUDE:   40 58 N
                                          LONGITUDE: 124  6 W

  TEMPERATURE IN F:       :PCPN:    SNOW:  WIND      :SUNSHINE: SKY     :PK WND
================================================================================
1   2   3   4   5  6A  6B    7    8   9   10  11  12  13   14  15   16   17  18
                                     12Z  AVG MX 2MIN
DY MAX MIN AVG DEP HDD CDD  WTR  SNW DPTH SPD SPD DIR MIN PSBL S-S WX    SPD DR
================================================================================

 1  62  54  58   1   7   0 0.00  0.0    0  4.7 14 320   M    M  10 18      M  M
 2  64  55  60   3   5   0 0.00  0.0    0  5.7 13 320   M    M   7 2      17  10
 3  62  55  59   2   6   0 0.00  0.0    0  5.6 12 170   M    M  10 18     14 200
 4  63  54  59   2   6   0 0.00  0.0    0  5.6 14 220   M    M  10 2      17 220
 5  64  54  59   2   6   0 0.00  0.0    0  4.6 13 230   M    M   9 2      16 200
 6  63  53  58   1   7   0 0.00  0.0    0  3.8 14 320   M    M  10 2      17 320
 7  63  55  59   2   6   0 0.00  0.0    0  5.5 10 290   M    M   9 28     14 300
 8  63  53  58   1   7   0 0.00  0.0    0  5.0 14  30   M    M   6        19  70
 9  62  48  55  -2  10   0 0.00  0.0    0  4.7 13 170   M    M   6 1      17 160
10  63  50  57   0   8   0 0.00  0.0    0  6.3 16 210   M    M   7 18     20 220
11  59  51  55  -2  10   0 0.00  0.0    0  3.6  9 320   M    M  10 2       M  M
12  64  52  58   1   7   0 0.00  0.0    0  4.4 13 250   M    M   9 18     16 250
13  66  53  60   3   5   0 0.00  0.0    0  4.7 14 290   M    M   6 28     32 280
14  72  54  63   6   2   0 0.00  0.0    0  6.4  M   M   M    M   5 2       M  M
15  67  54  61   4   4   0 0.00  0.0    0  6.4 20 320   M    M   5 1      24 330
16  66  55  61   4   4   0 0.00  0.0    0  2.9 10 240   M    M  10 28     13 240
17  65  55  60   3   5   0 0.00  0.0    0  5.5 20 260   M    M   9 28     31 290
18  63  55  59   2   6   0 0.00  0.0    0  4.3 10 150   M    M  10 2      14 220
19  64  54  59   2   6   0 0.00  0.0    0  5.3 13 260   M    M   8 2      15 250
================================================================================
SM 1215 1014       117   0  0.00     0.0  95.0          M      156
================================================================================
AV 63.9 53.4                               5.0 FASTST   M    M   8    MAX(MPH)
                                 MISC ---->  # 20 320               # 32  280
================================================================================
NOTES:
# LAST OF SEVERAL OCCURRENCES

COLUMN 17 PEAK WIND IN M.P.H.

PRELIMINARY LOCAL CLIMATOLOGICAL DATA (WS FORM: F-6) , PAGE 2

                                          STATION:  ARCATA CA
                                          MONTH:    AUGUST
                                          YEAR:     2014
                                          LATITUDE:   40 58 N
                                          LONGITUDE: 124  6 W

[TEMPERATURE DATA]      [PRECIPITATION DATA]       SYMBOLS USED IN COLUMN 16

AVERAGE MONTHLY: 58.7   TOTAL FOR MONTH:   0.00    1 = FOG OR MIST
DPTR FM NORMAL:   1.7   DPTR FM NORMAL:   -0.26    2 = FOG REDUCING VISIBILITY
HIGHEST:    72 ON 14    GRTST 24HR  0.00 ON 19-19      TO 1/4 MILE OR LESS
LOWEST:     48 ON  9                               3 = THUNDER
                        SNOW, ICE PELLETS, HAIL    4 = ICE PELLETS
                        TOTAL MONTH:   0.0 INCH    5 = HAIL
                        GRTST 24HR     0.0         6 = FREEZING RAIN OR DRIZZLE
                        GRTST DEPTH:   0           7 = DUSTSTORM OR SANDSTORM:
                                                       VSBY 1/2 MILE OR LESS
                                                   8 = SMOKE OR HAZE
[NO. OF DAYS WITH]      [WEATHER - DAYS WITH]      9 = BLOWING SNOW
                                                   X = TORNADO
MAX 32 OR BELOW:   0    0.01 INCH OR MORE:   0
MAX 90 OR ABOVE:   0    0.10 INCH OR MORE:   0
MIN 32 OR BELOW:   0    0.50 INCH OR MORE:   0
MIN  0 OR BELOW:   0    1.00 INCH OR MORE:   0

[HDD (BASE 65) ]
TOTAL THIS MO.   117    CLEAR  (SCALE 0-3)   0
DPTR FM NORMAL   -35    PTCLDY (SCALE 4-7)   7
TOTAL FM JUL 1   296    CLOUDY (SCALE 8-10) 12
DPTR FM NORMAL  -135

[CDD (BASE 65) ]
TOTAL THIS MO.     0
DPTR FM NORMAL     0    [PRESSURE DATA]
TOTAL FM JAN 1     3    HIGHEST SLP M ON M
DPTR FM NORMAL     3    LOWEST  SLP 29.81 ON 19

[REMARKS]
