000
CXUS54 KLZK 221130
CF6ADF
PRELIMINARY LOCAL CLIMATOLOGICAL DATA (WS FORM: F-6)

                                          STATION:   Arkadelphia Airport
                                          MONTH:     FEBRUARY
                                          YEAR:      2018
                                          LATITUDE:   34  9 N
                                          LONGITUDE:  93  4 W

  TEMPERATURE IN F:       :PCPN:    SNOW:  WIND      :SUNSHINE: SKY     :PK WND
================================================================================
1   2   3   4   5  6A  6B    7    8   9   10  11  12  13   14  15   16   17  18
                                     12Z  AVG MX 2MIN
DY MAX MIN AVG DEP HDD CDD  WTR  SNW DPTH SPD SPD DIR MIN PSBL S-S WX    SPD DR
================================================================================

 1  57  36  47   5  18   0    T    M    M  4.7 15  30   M    M   6 12     25  30
 2  42  29  36  -6  29   0 0.00  0.0    0  6.9 14  20   M    M   0        20  20
 3  46  24  35  -8  30   0 0.13    M    0  2.2  7 140   M    M   7 1       M  M
 4  62  35  49   6  16   0 0.01    M    0  4.7 16  10   M    M   6 1      23  10
 5  51  25  38  -5  27   0 0.00  0.0    0  4.5 12  30   M    M   4        17  40
 6  48  35  42  -1  23   0 0.71    M    M  7.4 12  70   M    M  10 13     18  60
 7  46  28  37  -6  28   0 0.16    M    M  6.4 13  20   M    M   6         M  M
 8  57  24  41  -3  24   0 0.00    M    M  0.8  5  20   M    M   0         M  M
 9  62  28  45   1  20   0 0.15    M    M  1.7  9 170   M    M   8 1       M  M
10  56  43  50   6  15   0 0.43    M    0  3.4 12  20   M    M  10 1       M  M
11  43  32  38  -6  27   0 0.02    M    0  8.2 10  30   M    M  10 1       M  M
12  48  30  39  -5  26   0 0.00  0.0    0  8.3 14  30   M    M   4        18  30
13  43  31  37  -8  28   0 0.33    M    0  3.9  7  30   M    M   8 1       M  M
14  54  43  49   4  16   0 0.32    M    0  1.7  7 180   M    M  10 12      M  M
15  77  52  65  20   0   0 0.01  0.0    0  6.9 16 210   M    M  10 12     25 200
16  66  45  56  10   9   0 0.02    M    0  7.5 15  30   M    M  10 1      20  30
17  50  42  46   0  19   0 0.22    M    0  1.9  7 340   M    M   9 12      M  M
18  50  40  45  -1  20   0    T    M    0  3.8  7 130   M    M  10 12      M  M
19  78  50  64  18   1   0 0.01  0.0    0  6.5 17 180   M    M   8 1      23 170
20  79  65  72  25   0   7 0.34  0.0    0  8.5 16 190   M    M   9 3      24 190
21  65  42  54   7  11   0 4.70    M    0  9.0 16 310   M    M  10 13     22 340
================================================================================
SM 1180  779       387   7  7.56     0.0 108.9          M      155
================================================================================
AV 56.2 37.1                               5.2 FASTST   M    M   7    MAX(MPH)
                                 MISC ---->  # 17 180               # 25   30
================================================================================
NOTES:
# LAST OF SEVERAL OCCURRENCES

COLUMN 17 PEAK WIND IN M.P.H.

PRELIMINARY LOCAL CLIMATOLOGICAL DATA (WS FORM: F-6) , PAGE 2

                                          STATION:  Arkadelphia Airport
                                          MONTH:    FEBRUARY
                                          YEAR:     2018
                                          LATITUDE:   34  9 N
                                          LONGITUDE:  93  4 W

[TEMPERATURE DATA]      [PRECIPITATION DATA]       SYMBOLS USED IN COLUMN 16

AVERAGE MONTHLY: 46.6   TOTAL FOR MONTH:   7.56    1 = FOG OR MIST
DPTR FM NORMAL:   2.3   DPTR FM NORMAL:    4.46    2 = FOG REDUCING VISIBILITY
HIGHEST:    79 ON 20    GRTST 24HR  4.70 ON 21-21      TO 1/4 MILE OR LESS
LOWEST:     24 ON  8, 3                            3 = THUNDER
                        SNOW, ICE PELLETS, HAIL    4 = ICE PELLETS
                        TOTAL MONTH:   0.0 INCH    5 = HAIL
                        GRTST 24HR     0.0         6 = FREEZING RAIN OR DRIZZLE
                        GRTST DEPTH:   0           7 = DUSTSTORM OR SANDSTORM:
                                                       VSBY 1/2 MILE OR LESS
                                                   8 = SMOKE OR HAZE
[NO. OF DAYS WITH]      [WEATHER - DAYS WITH]      9 = BLOWING SNOW
                                                   X = TORNADO
MAX 32 OR BELOW:   0    0.01 INCH OR MORE:  15
MAX 90 OR ABOVE:   0    0.10 INCH OR MORE:  10
MIN 32 OR BELOW:   9    0.50 INCH OR MORE:   2
MIN  0 OR BELOW:   0    1.00 INCH OR MORE:   1

[HDD (BASE 65) ]
TOTAL THIS MO.   387    CLEAR  (SCALE 0-3)   2
DPTR FM NORMAL   -47    PTCLDY (SCALE 4-7)   8
TOTAL FM JUL 1  2344    CLOUDY (SCALE 8-10) 11
DPTR FM NORMAL   -45

[CDD (BASE 65) ]
TOTAL THIS MO.     7
DPTR FM NORMAL     7    [PRESSURE DATA]
TOTAL FM JAN 1     7    HIGHEST SLP M ON M
DPTR FM NORMAL     7    LOWEST  SLP M ON M

[REMARKS]
