000
CXUS54 KLZK 301130
CF6ADF
PRELIMINARY LOCAL CLIMATOLOGICAL DATA (WS FORM: F-6)

                                          STATION:   Arkadelphia Airport
                                          MONTH:     MAY
                                          YEAR:      2016
                                          LATITUDE:   34  9 N
                                          LONGITUDE:  93  4 W

  TEMPERATURE IN F:       :PCPN:    SNOW:  WIND      :SUNSHINE: SKY     :PK WND
================================================================================
1   2   3   4   5  6A  6B    7    8   9   10  11  12  13   14  15   16   17  18
                                     12Z  AVG MX 2MIN
DY MAX MIN AVG DEP HDD CDD  WTR  SNW DPTH SPD SPD DIR MIN PSBL S-S WX    SPD DR
================================================================================

 1  82  64  73   7   0   8 0.01    M    M  4.8  9  20   M    M   2         M  M
 2  68  57  63  -3   2   0 1.81    M    M  4.6  9  20   M    M   5 13      M  M
 3  71  56  64  -2   1   0 0.00    M    M  4.2  9  10   M    M   4         M  M
 4  82  52  67   0   0   2 0.00    M    M  6.3 15 300   M    M   1         M  M
 5  78  51  65  -2   0   0 0.00    M    M  4.2 10 360   M    M   0         M  M
 6  79  52  66  -1   0   1 0.00    M    M  2.3  7  20   M    M   0         M  M
 7  85  53  69   1   0   4 0.00    M    M  2.6  9 180   M    M   0 1       M  M
 8  80  56  68   0   0   3 0.01    M    M  4.8 12 200   M    M   0         M  M
 9  76  64  70   2   0   5 0.10    M    M  4.9 12 170   M    M   3 13      M  M
10  89  66  78  10   0  13 0.01    M    M  4.8 13 210   M    M   4 18      M  M
11  83  67  75   6   0  10 0.00    M    M  3.7 12 180   M    M   1 1       M  M
12  82  64  73   4   0   8 0.19    M    M  3.9  8 360   M    M   3 13      M  M
13  83  53  68  -1   0   3 0.00    M    M  2.5  7 190   M    M   0         M  M
14  73  56  65  -5   0   0 0.00    M    M  3.4 10 360   M    M   1 1       M  M
15  70  57  64  -6   1   0    T    M    M  4.5  9  50   M    M   6         M  M
16  66  58  62  -8   3   0 0.15    M    M  2.7  6  30   M    M   8 1       M  M
17  83  61  72   2   0   7    T    M    M  4.8 14  40   M    M   5 1       M  M
18  65  55  60 -11   5   0    T    M    M  7.0 13  20   M    M   7         M  M
19  72  53  63  -8   2   0 0.24    M    M  4.7  8  20   M    M   2 1       M  M
20  73  57  65  -6   0   0 0.00    M    M  4.6  9 310   M    M   4 12      M  M
21  83  55  69  -2   0   4 0.00    M    M  2.0  6  30   M    M   2 12      M  M
22  85  58  72   0   0   7 0.00    M    M  2.1  7  99   M    M   0 1       M  M
23  85  56  71  -1   0   6 0.00    M    M  3.4  9 170   M    M   0 1       M  M
24  89  64  77   5   0  12 0.01    M    M  3.9 13 180   M    M   2         M  M
25  90  69  80   8   0  15    T    M    M  3.7 13 210   M    M   5 3       M  M
26  85  69  77   4   0  12 0.68    M    M  3.6 12 190   M    M   4 13      M  M
27  80  66  73   0   0   8 0.10    M    M  3.4 13 180   M    M   2 1       M  M
28  83  61  72  -1   0   7 0.00    M    M  1.7  8 240   M    M   3 12      M  M
29  91  64  78   4   0  13 0.06    M    M  1.6  6  99   M    M   3 123     M  M
================================================================================
SM 2311 1714        14 148  3.37    M    110.7          M       77
================================================================================
AV 79.7 59.1                               3.8 FASTST   M    M   3    MAX(MPH)
                                 MISC ---->  # 15 300                  M    M
================================================================================
NOTES:
# LAST OF SEVERAL OCCURRENCES

COLUMN 17 PEAK WIND IN M.P.H.

PRELIMINARY LOCAL CLIMATOLOGICAL DATA (WS FORM: F-6) , PAGE 2

                                          STATION:  Arkadelphia Airport
                                          MONTH:    MAY
                                          YEAR:     2016
                                          LATITUDE:   34  9 N
                                          LONGITUDE:  93  4 W

[TEMPERATURE DATA]      [PRECIPITATION DATA]       SYMBOLS USED IN COLUMN 16

AVERAGE MONTHLY: 69.4   TOTAL FOR MONTH:   3.37    1 = FOG OR MIST
DPTR FM NORMAL:  -0.4   DPTR FM NORMAL:   -2.69    2 = FOG REDUCING VISIBILITY
HIGHEST:    91 ON 29    GRTST 24HR  1.81 ON  2- 2      TO 1/4 MILE OR LESS
LOWEST:     51 ON  5                               3 = THUNDER
                        SNOW, ICE PELLETS, HAIL    4 = ICE PELLETS
                        TOTAL MONTH:    M          5 = HAIL
                        GRTST 24HR    M  ON   M    6 = FREEZING RAIN OR DRIZZLE
                        GRTST DEPTH:  M  ON   M    7 = DUSTSTORM OR SANDSTORM:
                                                       VSBY 1/2 MILE OR LESS
                                                   8 = SMOKE OR HAZE
[NO. OF DAYS WITH]      [WEATHER - DAYS WITH]      9 = BLOWING SNOW
                                                   X = TORNADO
MAX 32 OR BELOW:   0    0.01 INCH OR MORE:  12
MAX 90 OR ABOVE:   2    0.10 INCH OR MORE:   7
MIN 32 OR BELOW:   0    0.50 INCH OR MORE:   2
MIN  0 OR BELOW:   0    1.00 INCH OR MORE:   1

[HDD (BASE 65) ]
TOTAL THIS MO.    14    CLEAR  (SCALE 0-3)  18
DPTR FM NORMAL    -7    PTCLDY (SCALE 4-7)  10
TOTAL FM JUL 1  2120    CLOUDY (SCALE 8-10)  1
DPTR FM NORMAL  -906

[CDD (BASE 65) ]
TOTAL THIS MO.   148
DPTR FM NORMAL   -11    [PRESSURE DATA]
TOTAL FM JAN 1   243    HIGHEST SLP M ON M
DPTR FM NORMAL    24    LOWEST  SLP M ON M

[REMARKS]
