000
CXUS55 KCAE 201400
CF6AGS
PRELIMINARY LOCAL CLIMATOLOGICAL DATA (WS FORM: F-6)

                                          STATION:   AUGUSTA BUSH FIELD GA
                                          MONTH:     JANUARY
                                          YEAR:      2018
                                          LATITUDE:   33 22 N
                                          LONGITUDE:  81 58 W

  TEMPERATURE IN F:       :PCPN:    SNOW:  WIND      :SUNSHINE: SKY     :PK WND
================================================================================
1   2   3   4   5  6A  6B    7    8   9   10  11  12  13   14  15   16   17  18
                                     12Z  AVG MX 2MIN
DY MAX MIN AVG DEP HDD CDD  WTR  SNW DPTH SPD SPD DIR MIN PSBL S-S WX    SPD DR
================================================================================

 1  38  19  29 -16  36   0 0.00  0.0    0 10.4 18  20   M    M   6        23  40
 2  38  16  27 -18  38   0 0.00  0.0    0  5.9 16  30   M    M   0        20  40
 3  39  20  30 -15  35   0 0.00  0.0    0  5.3 14 330   M    M   2        17 330
 4  43  17  30 -15  35   0 0.00  0.0    0 11.5 21 300   M    M   0        28 290
 5  47  16  32 -13  33   0 0.00  0.0    0  7.3 21 300   M    M   0        26 280
 6  43  17  30 -15  35   0 0.00  0.0    0  1.8  8  30   M    M   0        13 340
 7  40  14  27 -18  38   0 0.00  0.0    0  3.7 13  80   M    M   1        15  70
 8  59  25  42  -3  23   0    T  0.0    0  3.5  9 350   M    M   2        10 360
 9  72  39  56  11   9   0 0.08  0.0    0  4.2 12 130   M    M   6 12     16 140
10  73  43  58  13   7   0 0.01    M    0  4.6 17  80   M    M   8 12     23  80
11  75  59  67  22   0   2 0.26  0.0    0  8.0 18 150   M    M  10 18     24 150
12  70  47  59  14   6   0 0.38  0.0    0  9.6 24 280   M    M   9 1      31 270
13  50  31  41  -4  24   0 0.00  0.0    0 10.9 23 270   M    M   3        29 280
14  45  25  35 -10  30   0 0.00  0.0    0  5.3 14  20   M    M   0        17  40
15  48  24  36  -9  29   0 0.00  0.0    0  2.5 12  30   M    M   0        18  20
16  58  22  40  -5  25   0 0.00  0.0    0  1.9 10 220   M    M   2        16 220
17  47  26  37  -8  28   0 0.02    T    0 10.3 18 300   M    M   9 1      23 310
18  51  20  36  -9  29   0 0.00  0.0    0  5.2 14 350   M    M   0         M  M
19  62  20  41  -4  24   0 0.00  0.0    0  3.4 14 260   M    M   0 8      18 260
================================================================================
SM  998  500       484   2  0.75    T    115.3          M       58
================================================================================
AV 52.5 26.3                               6.1 FASTST   M    M   3    MAX(MPH)
                                 MISC ---->  # 24 280               # 31  270
================================================================================
NOTES:
# LAST OF SEVERAL OCCURRENCES

COLUMN 17 PEAK WIND IN M.P.H.

PRELIMINARY LOCAL CLIMATOLOGICAL DATA (WS FORM: F-6) , PAGE 2

                                          STATION:  AUGUSTA BUSH FIELD GA
                                          MONTH:    JANUARY
                                          YEAR:     2018
                                          LATITUDE:   33 22 N
                                          LONGITUDE:  81 58 W

[TEMPERATURE DATA]      [PRECIPITATION DATA]       SYMBOLS USED IN COLUMN 16

AVERAGE MONTHLY: 39.4   TOTAL FOR MONTH:   0.75    1 = FOG OR MIST
DPTR FM NORMAL:  -5.6   DPTR FM NORMAL:   -1.59    2 = FOG REDUCING VISIBILITY
HIGHEST:    75 ON 11    GRTST 24HR  0.38 ON 12-12      TO 1/4 MILE OR LESS
LOWEST:     14 ON  7                               3 = THUNDER
                        SNOW, ICE PELLETS, HAIL    4 = ICE PELLETS
                        TOTAL MONTH:    T          5 = HAIL
                        GRTST 24HR    T  ON 17-17  6 = FREEZING RAIN OR DRIZZLE
                        GRTST DEPTH:   0           7 = DUSTSTORM OR SANDSTORM:
                                                       VSBY 1/2 MILE OR LESS
                                                   8 = SMOKE OR HAZE
[NO. OF DAYS WITH]      [WEATHER - DAYS WITH]      9 = BLOWING SNOW
                                                   X = TORNADO
MAX 32 OR BELOW:   0    0.01 INCH OR MORE:   5
MAX 90 OR ABOVE:   0    0.10 INCH OR MORE:   2
MIN 32 OR BELOW:  15    0.50 INCH OR MORE:   0
MIN  0 OR BELOW:   0    1.00 INCH OR MORE:   0

[HDD (BASE 65) ]
TOTAL THIS MO.   484    CLEAR  (SCALE 0-3)  13
DPTR FM NORMAL   104    PTCLDY (SCALE 4-7)   2
TOTAL FM JUL 1  1320    CLOUDY (SCALE 8-10)  4
DPTR FM NORMAL   -35

[CDD (BASE 65) ]
TOTAL THIS MO.     2
DPTR FM NORMAL     2    [PRESSURE DATA]
TOTAL FM JAN 1     2    HIGHEST SLP M ON M
DPTR FM NORMAL     2    LOWEST  SLP 29.60 ON 12

[REMARKS]
