000
CXUS55 KCAE 261400
CF6AGS
PRELIMINARY LOCAL CLIMATOLOGICAL DATA (WS FORM: F-6)

                                          STATION:   AUGUSTA BUSH FIELD GA
                                          MONTH:     SEPTEMBER
                                          YEAR:      2016
                                          LATITUDE:   33 22 N
                                          LONGITUDE:  81 58 W

  TEMPERATURE IN F:       :PCPN:    SNOW:  WIND      :SUNSHINE: SKY     :PK WND
================================================================================
1   2   3   4   5  6A  6B    7    8   9   10  11  12  13   14  15   16   17  18
                                     12Z  AVG MX 2MIN
DY MAX MIN AVG DEP HDD CDD  WTR  SNW DPTH SPD SPD DIR MIN PSBL S-S WX    SPD DR
================================================================================

 1  92  71  82   3   0  17 0.04  0.0    0  4.6 18 170   M    M   4 18     24 190
 2  75  67  71  -7   0   6 4.20  0.0    0 11.7 28  20   M    M   8 1      42  20
 3  87  62  75  -3   0  10 0.00  0.0    0  3.4 13  30   M    M   2        16  20
 4  88  67  78   0   0  13 0.00  0.0    0  3.8  8  70   M    M   3        17 360
 5  88  63  76  -2   0  11 0.00  0.0    0  1.8 10  40   M    M   1 1      16  30
 6  91  62  77  -1   0  12 0.00  0.0    0  2.0  9 310   M    M   1 12     12 310
 7  93  64  79   2   0  14 0.00  0.0    0  3.3 10 190   M    M   0 1      14 260
 8  94  65  80   3   0  15 0.00  0.0    0  3.4  9 190   M    M   0 1      14 190
 9  94  66  80   3   0  15 0.00  0.0    0  2.7  9 200   M    M   3 1      11 210
10  93  68  81   5   0  16 0.00  0.0    0  4.2 10 210   M    M   1 1      17 180
11  92  72  82   6   0  17    T  0.0    0  4.8 20 330   M    M   2 3      23 320
12  90  70  80   4   0  15    T  0.0    0  4.5 24  60   M    M   2 3      35  50
13  89  70  80   4   0  15 0.31  0.0    0  4.4 20 130   M    M   6 1      25 130
14  89  70  80   5   0  15 0.02  0.0    0  6.5 23  70   M    M   7 18     28  60
15  91  68  80   5   0  15 0.00  0.0    0  4.9 13  40   M    M   3 1      16  40
16  88  66  77   2   0  12 0.00  0.0    0  4.4 13  80   M    M   1 1      19  60
17  89  64  77   3   0  12 0.00  0.0    0  2.3 12 120   M    M   1 1      14 120
18  89  64  77   3   0  12    T  0.0    0  2.0  7 260   M    M   2 1      10 320
19  90  72  81   7   0  16 0.01  0.0    0  3.1 21  40   M    M   5 3      28  40
20  88  67  78   5   0  13 0.00  0.0    0  5.3 13  40   M    M   3        18  40
21  87  68  78   5   0  13    T  0.0    0  7.9 23  10   M    M   7        29  10
22  82  69  76   3   0  11    T  0.0    0  7.6 16  30   M    M   8 1      21  30
23  87  68  78   6   0  13 0.00  0.0    0  5.3 13 340   M    M   6 1      17 360
24  92  65  79   7   0  14 0.00  0.0    0  1.4  8  30   M    M   1 128    12  40
25  90  63  77   5   0  12 0.00  0.0    0  3.3 13 110   M    M   1 12     16 100
================================================================================
SM 2228 1671         0 334  4.58     0.0 108.6          M       78
================================================================================
AV 89.1 66.8                               4.3 FASTST   M    M   3    MAX(MPH)
                                 MISC ---->  # 28  20               # 42   20
================================================================================
NOTES:
# LAST OF SEVERAL OCCURRENCES

COLUMN 17 PEAK WIND IN M.P.H.

PRELIMINARY LOCAL CLIMATOLOGICAL DATA (WS FORM: F-6) , PAGE 2

                                          STATION:  AUGUSTA BUSH FIELD GA
                                          MONTH:    SEPTEMBER
                                          YEAR:     2016
                                          LATITUDE:   33 22 N
                                          LONGITUDE:  81 58 W

[TEMPERATURE DATA]      [PRECIPITATION DATA]       SYMBOLS USED IN COLUMN 16

AVERAGE MONTHLY: 78.0   TOTAL FOR MONTH:   4.58    1 = FOG OR MIST
DPTR FM NORMAL:   2.5   DPTR FM NORMAL:    1.94    2 = FOG REDUCING VISIBILITY
HIGHEST:    94 ON  9, 8 GRTST 24HR  4.24 ON  1- 2      TO 1/4 MILE OR LESS
LOWEST:     62 ON  6, 3                            3 = THUNDER
                        SNOW, ICE PELLETS, HAIL    4 = ICE PELLETS
                        TOTAL MONTH:   0.0 INCH    5 = HAIL
                        GRTST 24HR     0.0         6 = FREEZING RAIN OR DRIZZLE
                        GRTST DEPTH:   0           7 = DUSTSTORM OR SANDSTORM:
                                                       VSBY 1/2 MILE OR LESS
                                                   8 = SMOKE OR HAZE
[NO. OF DAYS WITH]      [WEATHER - DAYS WITH]      9 = BLOWING SNOW
                                                   X = TORNADO
MAX 32 OR BELOW:   0    0.01 INCH OR MORE:   5
MAX 90 OR ABOVE:  12    0.10 INCH OR MORE:   2
MIN 32 OR BELOW:   0    0.50 INCH OR MORE:   1
MIN  0 OR BELOW:   0    1.00 INCH OR MORE:   1

[HDD (BASE 65) ]
TOTAL THIS MO.     0    CLEAR  (SCALE 0-3)  16
DPTR FM NORMAL     0    PTCLDY (SCALE 4-7)   8
TOTAL FM JUL 1     0    CLOUDY (SCALE 8-10)  1
DPTR FM NORMAL     0

[CDD (BASE 65) ]
TOTAL THIS MO.   334
DPTR FM NORMAL    69    [PRESSURE DATA]
TOTAL FM JAN 1  2305    HIGHEST SLP M ON M
DPTR FM NORMAL   352    LOWEST  SLP 29.65 ON  2

[REMARKS]
