000
CXUS55 KCAE 231400
CF6AGS
PRELIMINARY LOCAL CLIMATOLOGICAL DATA (WS FORM: F-6)

                                          STATION:   AUGUSTA BUSH FIELD GA
                                          MONTH:     JANUARY
                                          YEAR:      2017
                                          LATITUDE:   33 22 N
                                          LONGITUDE:  81 58 W

  TEMPERATURE IN F:       :PCPN:    SNOW:  WIND      :SUNSHINE: SKY     :PK WND
================================================================================
1   2   3   4   5  6A  6B    7    8   9   10  11  12  13   14  15   16   17  18
                                     12Z  AVG MX 2MIN
DY MAX MIN AVG DEP HDD CDD  WTR  SNW DPTH SPD SPD DIR MIN PSBL S-S WX    SPD DR
================================================================================

 1  62  45  54   9  11   0 1.08  0.0    0  3.4 13 150   M    M  10 1      17 140
 2  71  60  66  21   0   1 2.92  0.0    0  3.7 18 260   M    M   8 138    24 260
 3  74  60  67  22   0   2 1.15  0.0    0  7.2 16 280   M    M   6 13     20 270
 4  65  49  57  12   8   0 0.00  0.0    0 10.5 17 300   M    M   0        24 280
 5  66  34  50   5  15   0 0.00  0.0    0  3.2 12 200   M    M   2        14 190
 6  52  45  49   4  16   0 0.93  0.0    0  4.9 13  50   M    M   9 18     16  30
 7  45  30  38  -7  27   0 0.35    T    0 11.4 24 360   M    M   7 14     30 360
 8  44  24  34 -11  31   0 0.00  0.0    0  4.4 12  30   M    M   0        16 350
 9  47  24  36  -9  29   0 0.00  0.0    0  2.3  9 140   M    M   0        12 130
10  62  24  43  -2  22   0 0.00  0.0    0  2.5 13 160   M    M   0        15 160
11  75  41  58  13   7   0 0.00  0.0    0  4.7 13 200   M    M   4 12      M  M
12  77  44  61  16   4   0 0.00  0.0    0  3.4 14 240   M    M   4 12     19 250
13  82  43  63  18   2   0 0.00  0.0    0  2.0 10 300   M    M   3 12     15 330
14  75  47  61  16   4   0 0.00  0.0    0  1.9  9  20   M    M   7 128    10  20
15  79  49  64  19   1   0 0.00  0.0    0  0.6  8 270   M    M   4 128    11 210
16  76  46  61  16   4   0 0.00  0.0    0  3.9 14  80   M    M   6 12     17  80
17  80  59  70  25   0   5 0.00  0.0    0  6.3 16 260   M    M   5 12     21 230
18  81  54  68  23   0   3 0.00  0.0    0  8.1 21 260   M    M   2 1      29 250
19  77  46  62  17   3   0 0.00  0.0    0  2.5  8 100   M    M   0 1      11 100
20  81  55  68  23   0   3    T  0.0    0  6.9 17 240   M    M   5 1      22 240
21  68  58  63  17   2   0 0.91  0.0    0  4.7 20 320   M    M   9 123    27 230
22  66  57  62  16   3   0 2.47  0.0    0  7.7 25 240   M    M   9 13     36 240
================================================================================
SM 1505  994       189  14  9.81    T    106.2          M      100
================================================================================
AV 68.4 45.2                               4.8 FASTST   M    M   5    MAX(MPH)
                                 MISC ---->  # 25 240               # 36  240
================================================================================
NOTES:
# LAST OF SEVERAL OCCURRENCES

COLUMN 17 PEAK WIND IN M.P.H.

PRELIMINARY LOCAL CLIMATOLOGICAL DATA (WS FORM: F-6) , PAGE 2

                                          STATION:  AUGUSTA BUSH FIELD GA
                                          MONTH:    JANUARY
                                          YEAR:     2017
                                          LATITUDE:   33 22 N
                                          LONGITUDE:  81 58 W

[TEMPERATURE DATA]      [PRECIPITATION DATA]       SYMBOLS USED IN COLUMN 16

AVERAGE MONTHLY: 56.8   TOTAL FOR MONTH:   9.81    1 = FOG OR MIST
DPTR FM NORMAL:  11.7   DPTR FM NORMAL:    7.08    2 = FOG REDUCING VISIBILITY
HIGHEST:    82 ON 13    GRTST 24HR  3.21 ON  2- 3      TO 1/4 MILE OR LESS
LOWEST:     24 ON 10, 9                            3 = THUNDER
                        SNOW, ICE PELLETS, HAIL    4 = ICE PELLETS
                        TOTAL MONTH:    T          5 = HAIL
                        GRTST 24HR    T  ON  7- 7  6 = FREEZING RAIN OR DRIZZLE
                        GRTST DEPTH:   0           7 = DUSTSTORM OR SANDSTORM:
                                                       VSBY 1/2 MILE OR LESS
                                                   8 = SMOKE OR HAZE
[NO. OF DAYS WITH]      [WEATHER - DAYS WITH]      9 = BLOWING SNOW
                                                   X = TORNADO
MAX 32 OR BELOW:   0    0.01 INCH OR MORE:   7
MAX 90 OR ABOVE:   0    0.10 INCH OR MORE:   7
MIN 32 OR BELOW:   4    0.50 INCH OR MORE:   6
MIN  0 OR BELOW:   0    1.00 INCH OR MORE:   4

[HDD (BASE 65) ]
TOTAL THIS MO.   189    CLEAR  (SCALE 0-3)   8
DPTR FM NORMAL  -250    PTCLDY (SCALE 4-7)   9
TOTAL FM JUL 1   826    CLOUDY (SCALE 8-10)  5
DPTR FM NORMAL  -588

[CDD (BASE 65) ]
TOTAL THIS MO.    14
DPTR FM NORMAL    14    [PRESSURE DATA]
TOTAL FM JAN 1    14    HIGHEST SLP M ON M
DPTR FM NORMAL    14    LOWEST  SLP 29.22 ON 22

[REMARKS]
