000
CXUS55 KCYS 231000
CF6AIA
PRELIMINARY LOCAL CLIMATOLOGICAL DATA (WS FORM: F-6)

                                          STATION:   ALLIANCE NEBRASKA AIRPORT
                                          MONTH:     AUGUST
                                          YEAR:      2016
                                          LATITUDE:   42  2 N
                                          LONGITUDE: 102 48 W

  TEMPERATURE IN F:       :PCPN:    SNOW:  WIND      :SUNSHINE: SKY     :PK WND
================================================================================
1   2   3   4   5  6A  6B    7    8   9   10  11  12  13   14  15   16   17  18
                                     12Z  AVG MX 2MIN
DY MAX MIN AVG DEP HDD CDD  WTR  SNW DPTH SPD SPD DIR MIN PSBL S-S WX    SPD DR
================================================================================

 1  94  62  78   5   0  13 0.00    M    M  5.9 21  10   M    M   0        26  10
 2  91  59  75   2   0  10    T    M    M 10.4 30 290   M    M   2 13     43 280
 3  96  51  74   1   0   9 0.02    M    M 12.3 24 350   M    M   0 3      35 330
 4  75  60  68  -5   0   3    T    M    M  9.0 21  10   M    M   1        28 360
 5  71  55  63 -10   2   0    T    M    M  7.0 15 140   M    M   7        17 150
 6  70  55  63  -9   2   0 0.04    M    M 12.3 21 130   M    M  10 1      25 140
 7  75  62  69  -3   0   4 0.00    M    M 14.8 24 160   M    M  10 1      29 160
 8  87  63  75   3   0  10 0.24  0.0    0 12.6 22 130   M    M   5 13     28 130
 9  97  65  81   9   0  16 0.00    M    M 14.2 22 150   M    M   2 1      28 140
10 100  65  83  11   0  18 0.00    M    M  9.0 17 220   M    M   1        24 190
11  85  54  70  -2   0   5 0.17    M    M 10.2 37 350   M    M   2 13     45 350
12  83  49  66  -6   0   1 0.00    M    M  6.1 13 360   M    M   0 1      18 360
13  84  49  67  -4   0   2 0.00    M    M  7.5 17  40   M    M   0        21  30
14  90  50  70  -1   0   5 0.00    M    M 10.3 24 190   M    M   0        42 190
15  88  56  72   1   0   7 0.14    M    M  9.7 46 310   M    M   1 38     60 330
16  88  47  68  -3   0   3 0.00  0.0    0  5.2 13 290   M    M   0        16 290
17  95  49  72   2   0   7 0.00    M    M  9.7 21 160   M    M   0        26 170
18  92  50  71   1   0   6 0.95  0.0    0 11.9 32  10   M    M   2 13     41  10
19  73  46  60 -10   5   0 0.05    M    M  9.4 28 360   M    M   6 1      35 360
20  73  40  57 -13   8   0 0.00    M    M  8.0 20 330   M    M   0        25 330
21  87  41  64  -6   1   0 0.00    M    M  6.5 15 200   M    M   0        23 180
22  95  54  75   6   0  10 0.00    M    M 11.4 24 170   M    M   0        29 170
================================================================================
SM 1889 1182        18 129  1.61     0.0 213.4          M       49
================================================================================
AV 85.9 53.7                               9.7 FASTST   M    M   2    MAX(MPH)
                                 MISC ---->  # 46 310               # 60  330
================================================================================
NOTES:
# LAST OF SEVERAL OCCURRENCES

COLUMN 17 PEAK WIND IN M.P.H.

PRELIMINARY LOCAL CLIMATOLOGICAL DATA (WS FORM: F-6) , PAGE 2

                                          STATION:  ALLIANCE NEBRASKA AIRPORT
                                          MONTH:    AUGUST
                                          YEAR:     2016
                                          LATITUDE:   42  2 N
                                          LONGITUDE: 102 48 W

[TEMPERATURE DATA]      [PRECIPITATION DATA]       SYMBOLS USED IN COLUMN 16

AVERAGE MONTHLY: 69.8   TOTAL FOR MONTH:   1.61    1 = FOG OR MIST
DPTR FM NORMAL:  -1.7   DPTR FM NORMAL:    0.40    2 = FOG REDUCING VISIBILITY
HIGHEST:   100 ON 10    GRTST 24HR  1.00 ON 18-19      TO 1/4 MILE OR LESS
LOWEST:     40 ON 20                               3 = THUNDER
                        SNOW, ICE PELLETS, HAIL    4 = ICE PELLETS
                        TOTAL MONTH:   0.0 INCH    5 = HAIL
                        GRTST 24HR     0.0         6 = FREEZING RAIN OR DRIZZLE
                        GRTST DEPTH:   0           7 = DUSTSTORM OR SANDSTORM:
                                                       VSBY 1/2 MILE OR LESS
                                                   8 = SMOKE OR HAZE
[NO. OF DAYS WITH]      [WEATHER - DAYS WITH]      9 = BLOWING SNOW
                                                   X = TORNADO
MAX 32 OR BELOW:   0    0.01 INCH OR MORE:   7
MAX 90 OR ABOVE:   9    0.10 INCH OR MORE:   4
MIN 32 OR BELOW:   0    0.50 INCH OR MORE:   1
MIN  0 OR BELOW:   0    1.00 INCH OR MORE:   0

[HDD (BASE 65) ]
TOTAL THIS MO.    18    CLEAR  (SCALE 0-3)  17
DPTR FM NORMAL     7    PTCLDY (SCALE 4-7)   3
TOTAL FM JUL 1    21    CLOUDY (SCALE 8-10)  2
DPTR FM NORMAL    -2

[CDD (BASE 65) ]
TOTAL THIS MO.   129
DPTR FM NORMAL   -23    [PRESSURE DATA]
TOTAL FM JAN 1   536    HIGHEST SLP  0.00 ON  4
DPTR FM NORMAL    52    LOWEST  SLP 29.69 ON 22

[REMARKS]
