000
CXUS55 KCYS 012042
CF6AIA
PRELIMINARY LOCAL CLIMATOLOGICAL DATA (WS FORM: F-6)     ...CORRECTION #2...

                                          STATION:   ALLIANCE NEBRASKA AIRPORT
                                          MONTH:     SEPTEMBER
                                          YEAR:      2014
                                          LATITUDE:   42  2 N
                                          LONGITUDE: 102 48 W

  TEMPERATURE IN F:       :PCPN:    SNOW:  WIND      :SUNSHINE: SKY     :PK WND
================================================================================
1   2   3   4   5  6A  6B    7    8   9   10  11  12  13   14  15   16   17  18
                                     12Z  AVG MX 2MIN
DY MAX MIN AVG DEP HDD CDD  WTR  SNW DPTH SPD SPD DIR MIN PSBL S-S WX    SPD DR
================================================================================

 1  80  44  62  -4   3   0    T    M    M  8.5 30 340   M    M   1 3      38 330
 2  86  38  62  -4   3   0 0.00    M    M  8.7 23 210   M    M   0 1      27 210
 3  96  54  75  10   0  10 0.00    M    M  8.1 21 340   M    M   0 3      26 330
 4  75  52  64  -1   1   0 0.04    M    M 11.7 23  10   M    M   1        27  10
 5  61  49  55  -9  10   0 0.08    M    M  4.8 13 120   M    M  10 1      15  30
 6  76  52  64   0   1   0 0.00    M    M  8.6 16 170   M    M   5        27 200
 7  85  50  68   4   0   3 0.00    M    M 10.7 22 290   M    M   0 3      30 290
 8  88  45  67   4   0   2 0.00    M    M  7.3 18 290   M    M   0        22 270
 9  73  48  61  -2   4   0 0.01    M    M 11.6 26 330   M    M   8 18     35 340
10  59  41  50 -12  15   0 0.05    M    M 12.6 23 360   M    M   9 13     27  10
11  42  33  38 -24  27   0 0.11    M    M 12.5 21  50   M    M  10 1      24  50
12  50  31  41 -20  24   0 0.01    M    M  8.9 16 180   M    M   6        21 180
13  68  34  51 -10  14   0 0.00    M    M  9.2 17 180   M    M   0        23 360
14  72  40  56  -4   9   0 0.00    M    M  8.7 20  40   M    M   4        26  50
15  67  33  50 -10  15   0 0.00    M    M  8.4 18 160   M    M   0        23 160
16  86  46  66   7   0   1 0.00    M    M  6.6 18 150   M    M   0 1      22 160
17  87  44  66   7   0   1 0.00    M    M  5.9 16 160   M    M   0        20 170
18  88  58  73  15   0   8 0.00    M    M 13.6 22 150   M    M   2 1      25 140
19  89  48  69  11   0   4 0.00    M    M  7.3 16 340   M    M   1        22 340
20  83  40  62   5   3   0 0.00    M    M  9.1 23 350   M    M   1        29 330
21  76  39  58   1   7   0 0.00    M    M  6.0 12 160   M    M   5        16 160
22  73  51  62   6   3   0    T    M    M 13.1 26 180   M    M   2        33 180
23  85  43  64   8   1   0 0.00    M    M  9.2 22 280   M    M   1 1      29 290
24  88  41  65  10   0   0 0.00    M    M  4.5 10 140   M    M   0        15 340
25  90  42  66  11   0   1 0.00    M    M  9.8 23 170   M    M   0        28 160
26  90  47  69  15   0   4 0.00    M    M 13.3 24 180   M    M   0        36 190
27  86  50  68  14   0   3 0.00    M    M 11.0 20 150   M    M   0        24 150
28  81  48  65  12   0   0 0.01    M    M 14.2 29  30   M    M   4 13     35  30
29  65  54  60   7   5   0 1.42    M    M 12.1 40 130   M    M   9 13     49 130
30  70  48  59   7   6   0 0.60    M    M 15.7 53 230   M    M   4 1      66 230
================================================================================
SM 2315 1343       151  37  2.33    M    291.7          M       83
================================================================================
AV 77.2 44.8                               9.7 FASTST   M    M   3    MAX(MPH)
                                 MISC ---->    53 230                 66  230
================================================================================
NOTES:
# LAST OF SEVERAL OCCURRENCES

COLUMN 17 PEAK WIND IN M.P.H.

PRELIMINARY LOCAL CLIMATOLOGICAL DATA (WS FORM: F-6) , PAGE 2

                                          STATION:  ALLIANCE NEBRASKA AIRPORT
                                          MONTH:    SEPTEMBER
                                          YEAR:     2014
                                          LATITUDE:   42  2 N
                                          LONGITUDE: 102 48 W

[TEMPERATURE DATA]      [PRECIPITATION DATA]       SYMBOLS USED IN COLUMN 16

AVERAGE MONTHLY: 61.0   TOTAL FOR MONTH:   2.33    1 = FOG OR MIST
DPTR FM NORMAL:   1.6   DPTR FM NORMAL:    0.94    2 = FOG REDUCING VISIBILITY
HIGHEST:    96 ON  3    GRTST 24HR  1.42 ON 29-29      TO 1/4 MILE OR LESS
LOWEST:     31 ON 12                               3 = THUNDER
                        SNOW, ICE PELLETS, HAIL    4 = ICE PELLETS
                        TOTAL MONTH:    M          5 = HAIL
                        GRTST 24HR    M  ON   M    6 = FREEZING RAIN OR DRIZZLE
                        GRTST DEPTH:  M  ON   M    7 = DUSTSTORM OR SANDSTORM:
                                                       VSBY 1/2 MILE OR LESS
                                                   8 = SMOKE OR HAZE
[NO. OF DAYS WITH]      [WEATHER - DAYS WITH]      9 = BLOWING SNOW
                                                   X = TORNADO
MAX 32 OR BELOW:   0    0.01 INCH OR MORE:   9
MAX 90 OR ABOVE:   3    0.10 INCH OR MORE:   3
MIN 32 OR BELOW:   1    0.50 INCH OR MORE:   2
MIN  0 OR BELOW:   0    1.00 INCH OR MORE:   1

[HDD (BASE 65) ]
TOTAL THIS MO.   151    CLEAR  (SCALE 0-3)  19
DPTR FM NORMAL   -57    PTCLDY (SCALE 4-7)   7
TOTAL FM JUL 1   188    CLOUDY (SCALE 8-10)  4
DPTR FM NORMAL   -57

[CDD (BASE 65) ]
TOTAL THIS MO.    37
DPTR FM NORMAL    -3    [PRESSURE DATA]
TOTAL FM JAN 1   499    HIGHEST SLP 30.59 ON 12
DPTR FM NORMAL   -64    LOWEST  SLP 29.43 ON 30

[REMARKS]
NEW RECORD COLDEST HIGH TEMPERATURE OF 42 DEGREES SET ON THE 11TH. THE OLD
 RECORD WAS 51 DEGREES SET IN 1950.
TIED RECORD HIGH TEMPERATURE OF 90 DEGREES ON THE 25TH...LAST SET IN 1949.
TIED RECORD HIGH TEMPERATURE OF 90 DEGREES ON THE 26TH...LAST SET IN 1956.
NEW RECORD DAILY PRECIPITATION AMOUNT OF 1.42 INCH SET ON THE 29TH. THE OLD
 RECORD WAS 0.67 INCH SET IN 1977.

PRECIPITATION AMOUNTS FOR THE 29TH AND 30TH DETERMINED USING ASOS 5 MINUTE
OBSERVATIONS...ALLIANCE 1WNW (25-0130) COOPERATIVE OBSERVING SITE AND NEARBY
CoCoRaHS SITES.

#FINAL-09-14#
