764
CXUS53 KGRB 010739
CF6AIG
PRELIMINARY LOCAL CLIMATOLOGICAL DATA (WS FORM: F-6)

                                          STATION:   ANTIGO AWOS
                                          MONTH:     APRIL
                                          YEAR:      2016
                                          LATITUDE:   45  9 N
                                          LONGITUDE:  89  8 W

  TEMPERATURE IN F:       :PCPN:    SNOW:  WIND      :SUNSHINE: SKY     :PK WND
================================================================================
1   2   3   4   5  6A  6B    7    8   9   10  11  12  13   14  15   16   17  18
                                     12Z  AVG MX 2MIN
DY MAX MIN AVG DEP HDD CDD  WTR  SNW DPTH SPD SPD DIR MIN PSBL S-S WX    SPD DR
================================================================================

 1  37  26  32  -2  33   0 0.01    M    0  7.7 24 340   M    M   7 1      30 340
 2  31  19  25 -10  40   0 0.00  0.0    0 12.2 29 350   M    M   8        35 350
 3  36  19  28  -7  37   0 0.00  0.0    0 10.8 17 140   M    M   9        20 160
 4  33  19  26 -10  39   0 0.00  0.0    0  6.9 15  30   M    M   8        16  50
 5  40  18  29  -7  36   0 0.08    M    0  9.9 18 170   M    M   4 1      30 170
 6  35  28  32  -5  33   0 0.06    M    0  7.1 12  10   M    M  10 1      17  10
 7  34  28  31  -6  34   0 0.00  0.0    0 10.3 16 360   M    M  10        20 360
 8  29  12  21 -17  44   0 0.05    M    0  7.6 20  10   M    M   8        29  10
 9  30   3  17 -21  48   0 0.00  0.0    0  4.9 17 150   M    M   5 1      21 140
10  46  24  35  -4  30   0 0.00  0.0    0 11.4 18 140   M    M   6        22 150
11  41  28  35  -4  30   0 0.00  0.0    0 13.2 21 280   M    M   8        30 300
12  44  26  35  -5  30   0 0.00  0.0    0  5.6 14 330   M    M   6        18 330
13  43  31  37  -3  28   0 0.02    M    0 10.0 17 150   M    M   8 1      22 150
14  62  30  46   5  19   0 0.00  0.0    0 10.8 17 170   M    M   3 1      23 160
15  66  34  50   9  15   0 0.00  0.0    0  9.3 20 160   M    M   0        27 160
16  74  38  56  14   9   0 0.00  0.0    0  5.9 14 170   M    M   2        18 170
17  76  46  61  19   4   0 0.00  0.0    0  4.2 10 170   M    M   4         M  M
18  78  46  62  19   3   0 0.00  0.0    0  4.9 13  90   M    M   4        18  90
19  57  39  48   5  17   0 0.00  0.0    0  8.2 15 100   M    M   9        21  80
20  63  43  53   9  12   0 0.00  0.0    0  8.3 16 150   M    M   7        21 150
21  69  45  57  13   8   0 0.18    M    0  4.6 13  20   M    M   9        16 280
22  56  35  46   1  19   0 0.00  0.0    0  7.5 16  10   M    M   4        22  20
23  56  30  43  -2  22   0 0.03    M    0  5.5 15 130   M    M   5        20 130
24  45  37  41  -4  24   0 0.40    M    0  9.9 17 100   M    M  10        20  80
25  41  35  38  -8  27   0 0.14    M    0 13.6 20  90   M    M  10 1      29  90
26  51  32  42  -4  23   0 0.00  0.0    0  9.8 15  50   M    M   6 1      18  50
27  53  29  41  -6  24   0 0.00  0.0    0 10.9 20  90   M    M   1        25  90
28  49  35  42  -5  23   0 0.01    M    0 11.0 17 100   M    M   9        28  80
29  56  35  46  -1  19   0 0.00  0.0    0  3.1 10 360   M    M   7         M  M
30  55  32  44  -4  21   0 0.00  0.0    0  9.1 16 100   M    M   1        23  90
================================================================================
SM 1486  902       751   0  0.98     0.0 254.2          M      188
================================================================================
AV 49.5 30.1                               8.5 FASTST   M    M   6    MAX(MPH)
                                 MISC ---->    29   M               # 35  350
================================================================================
NOTES:
# LAST OF SEVERAL OCCURRENCES

COLUMN 17 PEAK WIND IN M.P.H.

PRELIMINARY LOCAL CLIMATOLOGICAL DATA (WS FORM: F-6) , PAGE 2

                                          STATION:  ANTIGO AWOS
                                          MONTH:    APRIL
                                          YEAR:     2016
                                          LATITUDE:   45  9 N
                                          LONGITUDE:  89  8 W

[TEMPERATURE DATA]      [PRECIPITATION DATA]       SYMBOLS USED IN COLUMN 16

AVERAGE MONTHLY: 39.8   TOTAL FOR MONTH:   0.98    1 = FOG OR MIST
DPTR FM NORMAL:  -1.6   DPTR FM NORMAL:   -1.40    2 = FOG REDUCING VISIBILITY
HIGHEST:    78 ON 18    GRTST 24HR  0.40 ON 24-24      TO 1/4 MILE OR LESS
LOWEST:      3 ON  9                               3 = THUNDER
                        SNOW, ICE PELLETS, HAIL    4 = ICE PELLETS
                        TOTAL MONTH:   0.0 INCH    5 = HAIL
                        GRTST 24HR     0.0         6 = FREEZING RAIN OR DRIZZLE
                        GRTST DEPTH:   0           7 = DUSTSTORM OR SANDSTORM:
                                                       VSBY 1/2 MILE OR LESS
                                                   8 = SMOKE OR HAZE
[NO. OF DAYS WITH]      [WEATHER - DAYS WITH]      9 = BLOWING SNOW
                                                   X = TORNADO
MAX 32 OR BELOW:   3    0.01 INCH OR MORE:  10
MAX 90 OR ABOVE:   0    0.10 INCH OR MORE:   3
MIN 32 OR BELOW:  18    0.50 INCH OR MORE:   0
MIN  0 OR BELOW:   0    1.00 INCH OR MORE:   0

[HDD (BASE 65) ]
TOTAL THIS MO.   751    CLEAR  (SCALE 0-3)   5
DPTR FM NORMAL    40    PTCLDY (SCALE 4-7)  17
TOTAL FM JUL 1  7432    CLOUDY (SCALE 8-10)  8
DPTR FM NORMAL -1143

[CDD (BASE 65) ]
TOTAL THIS MO.     0
DPTR FM NORMAL    -1    [PRESSURE DATA]
TOTAL FM JAN 1     0    HIGHEST SLP M ON M
DPTR FM NORMAL    -1    LOWEST  SLP M ON M

[REMARKS]
#FINAL-04-16#
