000
CXUS53 KGRB 291406
CF6AIG
PRELIMINARY LOCAL CLIMATOLOGICAL DATA (WS FORM: F-6)

                                          STATION:   ANTIGO AWOS
                                          MONTH:     JULY
                                          YEAR:      2015
                                          LATITUDE:   45  9 N
                                          LONGITUDE:  89  8 W

  TEMPERATURE IN F:       :PCPN:    SNOW:  WIND      :SUNSHINE: SKY     :PK WND
================================================================================
1   2   3   4   5  6A  6B    7    8   9   10  11  12  13   14  15   16   17  18
                                     12Z  AVG MX 2MIN
DY MAX MIN AVG DEP HDD CDD  WTR  SNW DPTH SPD SPD DIR MIN PSBL S-S WX    SPD DR
================================================================================

 1  69  41  55 -11  10   0 0.00  0.0    0  5.5 13  10   M    M   0        18  20
 2  72  44  58  -8   7   0 0.00  0.0    0  2.0  7 180   M    M   0         M  M
 3  73  47  60  -6   5   0 0.00  0.0    0  5.3 15 230   M    M   3        17 250
 4  78  53  66   0   0   1 0.00  0.0    0  3.4  8 160   M    M   2 1       M  M
 5  78  60  69   3   0   4 0.00  0.0    0  7.8 14 210   M    M   2 1      16 170
 6  73  56  65  -1   0   0 0.60  0.0    0  8.4 16 350   M    M   8 1      23 350
 7  66  47  57 -10   8   0 0.00  0.0    0  8.0 15  30   M    M   4 1      23  10
 8  68  44  56 -11   9   0 0.00  0.0    0  2.6  7 220   M    M   2         M  M
 9  75  49  62  -5   3   0 0.00  0.0    0  2.5  7 310   M    M   3 1       M  M
10  79  52  66  -1   0   1 0.00  0.0    0  3.4  9 240   M    M   2         M  M
11  78  55  67   0   0   2 0.00  0.0    0  4.2 13 170   M    M   3         M  M
12  78  58  68   1   0   3 0.00  0.0    0  4.2 10 150   M    M   4 1       M  M
13  78  61  70   3   0   5 0.45  0.0    0  6.1 16 280   M    M   5        24 280
14  72  46  59  -8   6   0 0.00  0.0    0 10.0 16  10   M    M   5        22 360
15  73  43  58  -9   7   0 0.00  0.0    0  3.8  9 200   M    M   0         M  M
16  73  53  63  -4   2   0 0.18  0.0    0  7.6 14 140   M    M   5 1      17 180
17  82  60  71   4   0   6 0.01  0.0    0  6.3 13 280   M    M   6 1      17 280
18  83  60  72   5   0   7 0.23  0.0    0  8.2 18 270   M    M   1 1      28 270
19  77  58  68   1   0   3 0.00  0.0    0 10.8 18 260   M    M   2        28 270
20  79  53  66  -1   0   1 0.00  0.0    0 10.4 18 280   M    M   2        24 320
21  75  50  63  -4   2   0 0.00  0.0    0  8.0 17 320   M    M   3        27 320
22  79  50  65  -2   0   0 0.00  0.0    0  3.0  8 270   M    M   4         M  M
23  82  56  69   2   0   4 0.00  0.0    0  3.9  9 250   M    M   3        17 230
24  80  57  69   2   0   4 0.00  0.0    0  6.8 15 220   M    M   3        20 210
25  84  60  72   5   0   7 0.01  0.0    0  4.9 10 360   M    M   1         M  M
26  84  55  70   3   0   5 0.00  0.0    0  3.1 13 200   M    M   0         M  M
27  84  53  69   2   0   4 0.00  0.0    0  3.7 10 170   M    M   0         M  M
28  82  60  71   4   0   6 0.00  0.0    0  8.7 15 180   M    M   2        22 180
================================================================================
SM 2154 1481        59  63  1.48     0.0 162.6          M       75
================================================================================
AV 76.9 52.9                               5.8 FASTST   M    M   3    MAX(MPH)
                                 MISC ---->    18   M                 28    M
================================================================================
NOTES:
# LAST OF SEVERAL OCCURRENCES

COLUMN 17 PEAK WIND IN M.P.H.

PRELIMINARY LOCAL CLIMATOLOGICAL DATA (WS FORM: F-6) , PAGE 2

                                          STATION:  ANTIGO AWOS
                                          MONTH:    JULY
                                          YEAR:     2015
                                          LATITUDE:   45  9 N
                                          LONGITUDE:  89  8 W

[TEMPERATURE DATA]      [PRECIPITATION DATA]       SYMBOLS USED IN COLUMN 16

AVERAGE MONTHLY: 64.9   TOTAL FOR MONTH:   1.48    1 = FOG OR MIST
DPTR FM NORMAL:  -1.9   DPTR FM NORMAL:   -1.47    2 = FOG REDUCING VISIBILITY
HIGHEST:    84 ON 27,26 GRTST 24HR  0.60 ON  6- 6      TO 1/4 MILE OR LESS
LOWEST:     41 ON  1                               3 = THUNDER
                        SNOW, ICE PELLETS, HAIL    4 = ICE PELLETS
                        TOTAL MONTH:   0.0 INCH    5 = HAIL
                        GRTST 24HR     0.0         6 = FREEZING RAIN OR DRIZZLE
                        GRTST DEPTH:   0           7 = DUSTSTORM OR SANDSTORM:
                                                       VSBY 1/2 MILE OR LESS
                                                   8 = SMOKE OR HAZE
[NO. OF DAYS WITH]      [WEATHER - DAYS WITH]      9 = BLOWING SNOW
                                                   X = TORNADO
MAX 32 OR BELOW:   0    0.01 INCH OR MORE:   6
MAX 90 OR ABOVE:   0    0.10 INCH OR MORE:   4
MIN 32 OR BELOW:   0    0.50 INCH OR MORE:   1
MIN  0 OR BELOW:   0    1.00 INCH OR MORE:   0

[HDD (BASE 65) ]
TOTAL THIS MO.    59    CLEAR  (SCALE 0-3)  19
DPTR FM NORMAL     6    PTCLDY (SCALE 4-7)   9
TOTAL FM JUL 1    59    CLOUDY (SCALE 8-10)  0
DPTR FM NORMAL     6

[CDD (BASE 65) ]
TOTAL THIS MO.    63
DPTR FM NORMAL   -21    [PRESSURE DATA]
TOTAL FM JAN 1    67    HIGHEST SLP M ON M
DPTR FM NORMAL   -76    LOWEST  SLP M ON M

[REMARKS]
