000
CXUS53 KGRB 240634
CF6AIG
PRELIMINARY LOCAL CLIMATOLOGICAL DATA (WS FORM: F-6)

                                          STATION:   ANTIGO AWOS
                                          MONTH:     AUGUST
                                          YEAR:      2015
                                          LATITUDE:   45  9 N
                                          LONGITUDE:  89  8 W

  TEMPERATURE IN F:       :PCPN:    SNOW:  WIND      :SUNSHINE: SKY     :PK WND
================================================================================
1   2   3   4   5  6A  6B    7    8   9   10  11  12  13   14  15   16   17  18
                                     12Z  AVG MX 2MIN
DY MAX MIN AVG DEP HDD CDD  WTR  SNW DPTH SPD SPD DIR MIN PSBL S-S WX    SPD DR
================================================================================

 1  78  51  65  -1   0   0 0.00  0.0    0  8.5 16 280   M    M   2        22 290
 2  78  58  68   2   0   3 0.13  0.0    0  8.2 14 330   M    M   5        22 330
 3  72  49  61  -5   4   0 0.00  0.0    0  7.8 16 300   M    M   5        21 300
 4  73  53  63  -3   2   0 0.00  0.0    0  6.7 15 290   M    M   7        23 300
 5  74  49  62  -4   3   0 0.00  0.0    0  2.5  6 160   M    M   7         M  M
 6  74  51  63  -3   2   0 0.00  0.0    0  6.0  8 140   M    M   4         M  M
 7  63  57  60  -6   5   0 0.65  0.0    0 11.5 18 110   M    M  10 1      29 110
 8  70  58  64  -2   1   0 0.00  0.0    0  5.5 10 130   M    M   8 1       M  M
 9  78  58  68   2   0   3 0.01  0.0    0  3.7  7 250   M    M   8 1       M  M
10  78  58  68   2   0   3 0.00  0.0    0  6.2 13 330   M    M   6        20 330
11  77  50  64  -2   1   0 0.00  0.0    0  4.9 13 360   M    M   2 1      18 360
12  81  47  64  -2   1   0 0.00  0.0    0  5.7 14 260   M    M   1        21 260
13  82  64  73   7   0   8 0.00  0.0    0  9.1 16 270   M    M   2        21 270
14  90  61  76  10   0  11 0.00  0.0    0  5.1 12 340   M    M   2 1      18 270
15  86  57  72   6   0   7 0.00  0.0    0  3.6  8 170   M    M   2         M  M
16  87  66  77  12   0  12 0.00  0.0    0  9.5 16 230   M    M   4        23 240
17  73  62  68   3   0   3 0.57  0.0    0  4.6 10  50   M    M  10 1       M  M
18  64  58  61  -4   4   0 0.94  0.0    0  9.5 14 130   M    M  10 1      22 130
19  67  57  62  -3   3   0 0.33  0.0    0 10.3 22 220   M    M  10 1      27 210
20  61  48  55 -10  10   0 0.01    M    0 10.7 17 270   M    M   8 1      27 300
21  75  43  59  -6   6   0 0.00  0.0    0  5.9 13 180   M    M   4        17 170
22  79  55  67   3   0   2 0.00  0.0    0 12.5 24 190   M    M   0        31 190
23  63  54  59  -5   6   0 0.06  0.0    0 13.1 20 240   M    M   9 1      32 270
================================================================================
SM 1723 1264        48  52  2.70     0.0 171.1          M      126
================================================================================
AV 74.9 55.0                               7.4 FASTST   M    M   5    MAX(MPH)
                                 MISC ---->    24   M                 32    M
================================================================================
NOTES:
# LAST OF SEVERAL OCCURRENCES

COLUMN 17 PEAK WIND IN M.P.H.

PRELIMINARY LOCAL CLIMATOLOGICAL DATA (WS FORM: F-6) , PAGE 2

                                          STATION:  ANTIGO AWOS
                                          MONTH:    AUGUST
                                          YEAR:     2015
                                          LATITUDE:   45  9 N
                                          LONGITUDE:  89  8 W

[TEMPERATURE DATA]      [PRECIPITATION DATA]       SYMBOLS USED IN COLUMN 16

AVERAGE MONTHLY: 64.9   TOTAL FOR MONTH:   2.70    1 = FOG OR MIST
DPTR FM NORMAL:  -0.6   DPTR FM NORMAL:   -0.21    2 = FOG REDUCING VISIBILITY
HIGHEST:    90 ON 14    GRTST 24HR  0.94 ON 18-18      TO 1/4 MILE OR LESS
LOWEST:     43 ON 21                               3 = THUNDER
                        SNOW, ICE PELLETS, HAIL    4 = ICE PELLETS
                        TOTAL MONTH:   0.0 INCH    5 = HAIL
                        GRTST 24HR     0.0         6 = FREEZING RAIN OR DRIZZLE
                        GRTST DEPTH:   0           7 = DUSTSTORM OR SANDSTORM:
                                                       VSBY 1/2 MILE OR LESS
                                                   8 = SMOKE OR HAZE
[NO. OF DAYS WITH]      [WEATHER - DAYS WITH]      9 = BLOWING SNOW
                                                   X = TORNADO
MAX 32 OR BELOW:   0    0.01 INCH OR MORE:   8
MAX 90 OR ABOVE:   1    0.10 INCH OR MORE:   5
MIN 32 OR BELOW:   0    0.50 INCH OR MORE:   3
MIN  0 OR BELOW:   0    1.00 INCH OR MORE:   0

[HDD (BASE 65) ]
TOTAL THIS MO.    48    CLEAR  (SCALE 0-3)   7
DPTR FM NORMAL    -2    PTCLDY (SCALE 4-7)   9
TOTAL FM JUL 1   107    CLOUDY (SCALE 8-10)  7
DPTR FM NORMAL     6

[CDD (BASE 65) ]
TOTAL THIS MO.    52
DPTR FM NORMAL   -12    [PRESSURE DATA]
TOTAL FM JAN 1   132    HIGHEST SLP M ON M
DPTR FM NORMAL   -93    LOWEST  SLP M ON M

[REMARKS]
