608
CXUS55 KPUB 261709
CF6ALS
PRELIMINARY LOCAL CLIMATOLOGICAL DATA (WS FORM: F-6)

                                          STATION:   ALAMOSA CO
                                          MONTH:     AUGUST
                                          YEAR:      2016
                                          LATITUDE:   37 27 N
                                          LONGITUDE: 105 52 W

  TEMPERATURE IN F:       :PCPN:    SNOW:  WIND      :SUNSHINE: SKY     :PK WND
================================================================================
1   2   3   4   5  6A  6B    7    8   9   10  11  12  13   14  15   16   17  18
                                     12Z  AVG MX 2MIN
DY MAX MIN AVG DEP HDD CDD  WTR  SNW DPTH SPD SPD DIR MIN PSBL S-S WX    SPD DR
================================================================================

 1  85  51  68   4   0   3 0.32  0.0    0  5.5 23  40   M    M   2 3      30  30
 2  82  49  66   2   0   1 0.00  0.0    0  6.6 25 110   M    M   3 3      33 120
 3  80  52  66   2   0   1 0.00  0.0    0  4.0 20 210   M    M   0        24 210
 4  79  51  65   1   0   0 0.62  0.0    0   M   M   M   M    M   M 3       M  M
 5  70  51  61  -3   4   0 0.78  0.0    0   M   M   M   M    M   M 3       M  M
 6  76  53  65   1   0   0 0.10  0.0    0  7.2 31 320   M    M   6 13     39 320
 7  79  49  64   0   1   0 0.00  0.0    0  4.5 17 340   M    M   2 3      20 340
 8  80  50  65   1   0   0    T  0.0    0  4.6 24 320   M    M   2 3      32 320
 9  83  43  63  -1   2   0 0.00  0.0    0  3.4 14 260   M    M   1 12     17 270
10  80  52  66   2   0   1 0.04  0.0    0  5.7 22 350   M    M   4 3      28 350
11  81  52  67   3   0   2 0.03  0.0    0  6.5 22 270   M    M   3 1      30 280
12  82  49  66   3   0   1 0.00  0.0    0  7.5 18 100   M    M   0        25  90
13  76  49  63   0   2   0    T    M    0  6.5 20 240   M    M   2        27 120
14  81  44  63   0   2   0 0.00  0.0    0  6.3 22 310   M    M   1        28 310
15  83  40  62  -1   3   0 0.00  0.0    0  7.1 29 260   M    M   0        36 260
16  74  46  60  -3   5   0 0.00  0.0    0  6.7 29 200   M    M   2        36 200
17  76  41  59  -4   6   0    T  0.0    0  7.5 28 200   M    M   2        34 210
18  75  47  61  -2   4   0    T  0.0    0  6.7 23 300   M    M   4        30 300
19  78  42  60  -2   5   0 0.00  0.0    0  7.1 23 110   M    M   2 3      31 120
20  80  41  61  -1   4   0    T  0.0    0  7.6 26  40   M    M   2 3      39  60
21  75  41  58  -4   7   0 0.00  0.0    0  6.8 32 150   M    M   0        42 150
22  74  43  59  -3   6   0 0.00  0.0    0  5.8 21 200   M    M   3        25 210
23  72  39  56  -6   9   0 0.05  0.0    0  6.4 23 260   M    M   3 1      27 260
24  65  42  54  -8  11   0 0.15  0.0    0  6.2 20  50   M    M   5 13     24  50
25  71  35  53  -9  12   0    T  0.0    0  5.6 23 250   M    M   2 12     33 230
================================================================================
SM 1937 1152        83   9  2.09     0.0 141.8          M       51
================================================================================
AV 77.5 46.1                               6.2 FASTST   M    M   2    MAX(MPH)
                                 MISC ---->  # 32 150               # 42  150
================================================================================
NOTES:
# LAST OF SEVERAL OCCURRENCES

COLUMN 17 PEAK WIND IN M.P.H.

PRELIMINARY LOCAL CLIMATOLOGICAL DATA (WS FORM: F-6) , PAGE 2

                                          STATION:  ALAMOSA CO
                                          MONTH:    AUGUST
                                          YEAR:     2016
                                          LATITUDE:   37 27 N
                                          LONGITUDE: 105 52 W

[TEMPERATURE DATA]      [PRECIPITATION DATA]       SYMBOLS USED IN COLUMN 16

AVERAGE MONTHLY: 61.8   TOTAL FOR MONTH:   2.09    1 = FOG OR MIST
DPTR FM NORMAL:  -1.4   DPTR FM NORMAL:    1.07    2 = FOG REDUCING VISIBILITY
HIGHEST:    85 ON  1    GRTST 24HR  0.78 ON  5- 5      TO 1/4 MILE OR LESS
LOWEST:     35 ON 25                               3 = THUNDER
                        SNOW, ICE PELLETS, HAIL    4 = ICE PELLETS
                        TOTAL MONTH:   0.0 INCH    5 = HAIL
                        GRTST 24HR     0.0         6 = FREEZING RAIN OR DRIZZLE
                        GRTST DEPTH:   0           7 = DUSTSTORM OR SANDSTORM:
                                                       VSBY 1/2 MILE OR LESS
                                                   8 = SMOKE OR HAZE
[NO. OF DAYS WITH]      [WEATHER - DAYS WITH]      9 = BLOWING SNOW
                                                   X = TORNADO
MAX 32 OR BELOW:   0    0.01 INCH OR MORE:   8
MAX 90 OR ABOVE:   0    0.10 INCH OR MORE:   5
MIN 32 OR BELOW:   0    0.50 INCH OR MORE:   2
MIN  0 OR BELOW:   0    1.00 INCH OR MORE:   0

[HDD (BASE 65) ]
TOTAL THIS MO.    83    CLEAR  (SCALE 0-3)  18
DPTR FM NORMAL    25    PTCLDY (SCALE 4-7)   5
TOTAL FM JUL 1    96    CLOUDY (SCALE 8-10)  0
DPTR FM NORMAL    -7

[CDD (BASE 65) ]
TOTAL THIS MO.     9
DPTR FM NORMAL    -3    [PRESSURE DATA]
TOTAL FM JAN 1   115    HIGHEST SLP M ON M
DPTR FM NORMAL    65    LOWEST  SLP 29.87 ON 20

[REMARKS]
