000
CXUS55 KPUB 191059
CF6ALS
PRELIMINARY LOCAL CLIMATOLOGICAL DATA (WS FORM: F-6)

                                          STATION:   ALAMOSA CO
                                          MONTH:     OCTOBER
                                          YEAR:      2017
                                          LATITUDE:   37 27 N
                                          LONGITUDE: 105 52 W

  TEMPERATURE IN F:       :PCPN:    SNOW:  WIND      :SUNSHINE: SKY     :PK WND
================================================================================
1   2   3   4   5  6A  6B    7    8   9   10  11  12  13   14  15   16   17  18
                                     12Z  AVG MX 2MIN
DY MAX MIN AVG DEP HDD CDD  WTR  SNW DPTH SPD SPD DIR MIN PSBL S-S WX    SPD DR
================================================================================

 1  65  33  49   0  16   0 0.00  0.0    0 13.0 33 240   M    M   2 12     41 250
 2  66  42  54   6  11   0 0.00  0.0    0 19.7 38 230   M    M   0        49 210
 3  73  33  53   5  12   0 0.00  0.0    0 12.0 28 190   M    M   0 8      35 180
 4  75  43  59  11   6   0 0.02  0.0    0 13.0 37 210   M    M   2 3      52 230
 5  67  38  53   6  12   0 0.02  0.0    0  7.4 21 200   M    M   5 1      26 190
 6  66  37  52   5  13   0    T  0.0    0 15.1 37 310   M    M   1 8      45 240
 7  66  24  45  -2  20   0 0.00  0.0    0  4.6 10 230   M    M   0        14 190
 8  73  25  49   3  16   0 0.00  0.0    0  8.6 29 250   M    M   0        36 230
 9  46  22  34 -12  31   0 0.01    T    0 14.4 32 100   M    M   4 1      40  90
10  56  15  36  -9  29   0 0.00  0.0    0  2.9  9 270   M    M   0 1      10 360
11  67  19  43  -2  22   0 0.00  0.0    0  5.9 18 200   M    M   0        23 190
12  71  29  50   5  15   0 0.00  0.0    0 11.5 31 230   M    M   0        38 230
13  70  29  50   6  15   0 0.00  0.0    0 11.3 32 230   M    M   0        43 240
14  68  21  45   1  20   0 0.00  0.0    0 15.8 36 250   M    M   0        43 250
15  64  15  40  -4  25   0 0.00  0.0    0  3.8  9 100   M    M   0        13 300
16  68  15  42  -1  23   0 0.00  0.0    0  3.8 10 300   M    M   0        13 140
17  68  18  43   0  22   0 0.00  0.0    0  3.7  9 120   M    M   0        13 190
18  68  21  45   3  20   0 0.00  0.0    0  4.0 13  30   M    M   0        18  30
================================================================================
SM 1197  479       328   0  0.05    T    170.5          M       14
================================================================================
AV 66.5 26.6                               9.5 FASTST   M    M   1    MAX(MPH)
                                 MISC ---->  # 38 230               # 52  230
================================================================================
NOTES:
# LAST OF SEVERAL OCCURRENCES

COLUMN 17 PEAK WIND IN M.P.H.

PRELIMINARY LOCAL CLIMATOLOGICAL DATA (WS FORM: F-6) , PAGE 2

                                          STATION:  ALAMOSA CO
                                          MONTH:    OCTOBER
                                          YEAR:     2017
                                          LATITUDE:   37 27 N
                                          LONGITUDE: 105 52 W

[TEMPERATURE DATA]      [PRECIPITATION DATA]       SYMBOLS USED IN COLUMN 16

AVERAGE MONTHLY: 46.6   TOTAL FOR MONTH:   0.05    1 = FOG OR MIST
DPTR FM NORMAL:   0.9   DPTR FM NORMAL:   -0.35    2 = FOG REDUCING VISIBILITY
HIGHEST:    75 ON  4    GRTST 24HR  0.23 ON 30- 1      TO 1/4 MILE OR LESS
LOWEST:     15 ON 16,15                            3 = THUNDER
                        SNOW, ICE PELLETS, HAIL    4 = ICE PELLETS
                        TOTAL MONTH:    T          5 = HAIL
                        GRTST 24HR    T  ON  9- 9  6 = FREEZING RAIN OR DRIZZLE
                        GRTST DEPTH:   0           7 = DUSTSTORM OR SANDSTORM:
                                                       VSBY 1/2 MILE OR LESS
                                                   8 = SMOKE OR HAZE
[NO. OF DAYS WITH]      [WEATHER - DAYS WITH]      9 = BLOWING SNOW
                                                   X = TORNADO
MAX 32 OR BELOW:   0    0.01 INCH OR MORE:   3
MAX 90 OR ABOVE:   0    0.10 INCH OR MORE:   0
MIN 32 OR BELOW:  12    0.50 INCH OR MORE:   0
MIN  0 OR BELOW:   0    1.00 INCH OR MORE:   0

[HDD (BASE 65) ]
TOTAL THIS MO.   328    CLEAR  (SCALE 0-3)  16
DPTR FM NORMAL   -20    PTCLDY (SCALE 4-7)   2
TOTAL FM JUL 1   672    CLOUDY (SCALE 8-10)  0
DPTR FM NORMAL  -107

[CDD (BASE 65) ]
TOTAL THIS MO.     0
DPTR FM NORMAL     0    [PRESSURE DATA]
TOTAL FM JAN 1    76    HIGHEST SLP M ON M
DPTR FM NORMAL    25    LOWEST  SLP 29.57 ON  8

[REMARKS]
