000
CXUS52 KJAX 270800
CF6AMG
PRELIMINARY LOCAL CLIMATOLOGICAL DATA (WS FORM: F-6)

                                          STATION:   ALMA GA
                                          MONTH:     AUGUST
                                          YEAR:      2014
                                          LATITUDE:   31 32 N
                                          LONGITUDE:  82 30 W

  TEMPERATURE IN F:       :PCPN:    SNOW:  WIND      :SUNSHINE: SKY     :PK WND
================================================================================
1   2   3   4   5  6A  6B    7    8   9   10  11  12  13   14  15   16   17  18
                                     12Z  AVG MX 2MIN
DY MAX MIN AVG DEP HDD CDD  WTR  SNW DPTH SPD SPD DIR MIN PSBL S-S WX    SPD DR
================================================================================

 1  90  71  81  -1   0  16 2.21  0.0    0  3.0 17 300   M    M   6 138    22 300
 2  91  72  82   0   0  17    T  0.0    0  2.9 14 100   M    M   7 138    18 100
 3  90  73  82   0   0  17 0.00  0.0    0  4.4 12  70   M    M   6 13     17  90
 4  89  73  81  -1   0  16    T  0.0    0  5.0 13  50   M    M   4        19  10
 5  94  72  83   1   0  18 0.00  0.0    0  2.8 13 290   M    M   2 1      20 300
 6  95  70  83   1   0  18 0.00  0.0    0  4.3 13 320   M    M   1 18     17 320
 7  97  71  84   2   0  19 0.00  0.0    0  4.0 13 300   M    M   1 138    16 330
 8  95  71  83   1   0  18 0.06  0.0    0  2.7 16 290   M    M   2 138    22 300
 9  96  71  84   2   0  19 0.01  0.0    0  4.0 18 180   M    M   1 13     25 190
10  94  71  83   1   0  18 1.17  0.0    0  3.8 13  90   M    M   2 13     17 280
11  91  73  82   0   0  17    T  0.0    0  1.9 13 150   M    M   6 123    16 170
12  90  72  81  -1   0  16 0.92  0.0    0  5.3 24 310   M    M   4 1238   33 310
13  91  72  82   0   0  17 0.09  0.0    0  4.2 17 250   M    M   2 138    23 260
14  92  74  83   1   0  18 0.00  0.0    0  3.2 12 300   M    M   5 1      14 260
15  94  71  83   1   0  18 0.00  0.0    0  2.4 14 160   M    M   5 18     17 160
16  94  74  84   3   0  19 0.00  0.0    0  4.6 12 310   M    M   4 18     17 260
17  93  71  82   1   0  17 0.11  0.0    0  4.3 17 250   M    M   2 138    24 250
18  95  73  84   3   0  19    T  0.0    0  7.3 25 230   M    M   1 3      37 230
19  90  72  81   0   0  16 0.24  0.0    0  6.5 29 320   M    M   3 13     36 330
20  95  70  83   2   0  18 0.00  0.0    0  4.5 25 310   M    M   0 1      32 320
21  97  71  84   3   0  19 0.00  0.0    0  4.5 13 280   M    M   0        17 270
22  98  72  85   4   0  20 0.00  0.0    0  3.0 12 300   M    M   0 1      16 290
23  99  73  86   5   0  21 0.00  0.0    0  3.7 16 310   M    M   0 18     20 300
24  91  72  82   1   0  17 0.12  0.0    0  4.4 17 100   M    M   3 138    26 120
25  87  70  79  -2   0  14 0.00  0.0    0  5.1 14  60   M    M   1        20  40
26  91  68  80  -1   0  15 0.00  0.0    0  4.4 12  80   M    M   2        19  60
================================================================================
SM 2419 1863         0 457  4.93     0.0 106.2          M       70
================================================================================
AV 93.0 71.7                               4.1 FASTST   M    M   3    MAX(MPH)
                                 MISC ---->  # 29 320               # 37  230
================================================================================
NOTES:
# LAST OF SEVERAL OCCURRENCES

COLUMN 17 PEAK WIND IN M.P.H.

PRELIMINARY LOCAL CLIMATOLOGICAL DATA (WS FORM: F-6) , PAGE 2

                                          STATION:  ALMA GA
                                          MONTH:    AUGUST
                                          YEAR:     2014
                                          LATITUDE:   31 32 N
                                          LONGITUDE:  82 30 W

[TEMPERATURE DATA]      [PRECIPITATION DATA]       SYMBOLS USED IN COLUMN 16

AVERAGE MONTHLY: 82.3   TOTAL FOR MONTH:   4.93    1 = FOG OR MIST
DPTR FM NORMAL:   0.8   DPTR FM NORMAL:    0.27    2 = FOG REDUCING VISIBILITY
HIGHEST:    99 ON 23    GRTST 24HR  2.21 ON  1- 1      TO 1/4 MILE OR LESS
LOWEST:     68 ON 26                               3 = THUNDER
                        SNOW, ICE PELLETS, HAIL    4 = ICE PELLETS
                        TOTAL MONTH:   0.0 INCH    5 = HAIL
                        GRTST 24HR     0.0         6 = FREEZING RAIN OR DRIZZLE
                        GRTST DEPTH:   0           7 = DUSTSTORM OR SANDSTORM:
                                                       VSBY 1/2 MILE OR LESS
                                                   8 = SMOKE OR HAZE
[NO. OF DAYS WITH]      [WEATHER - DAYS WITH]      9 = BLOWING SNOW
                                                   X = TORNADO
MAX 32 OR BELOW:   0    0.01 INCH OR MORE:   9
MAX 90 OR ABOVE:  24    0.10 INCH OR MORE:   6
MIN 32 OR BELOW:   0    0.50 INCH OR MORE:   3
MIN  0 OR BELOW:   0    1.00 INCH OR MORE:   2

[HDD (BASE 65) ]
TOTAL THIS MO.     0    CLEAR  (SCALE 0-3)  17
DPTR FM NORMAL     0    PTCLDY (SCALE 4-7)   9
TOTAL FM JUL 1     0    CLOUDY (SCALE 8-10)  0
DPTR FM NORMAL     0

[CDD (BASE 65) ]
TOTAL THIS MO.   457
DPTR FM NORMAL    27    [PRESSURE DATA]
TOTAL FM JAN 1  1830    HIGHEST SLP M ON M
DPTR FM NORMAL    -2    LOWEST  SLP 29.81 ON 24

[REMARKS]
