000
CXAK56 PAFC 241544
CF6ANC

PRELIMINARY LOCAL CLIMATOLOGICAL DATA (WS FORM: F-6)

                                          STATION:   ANCHORAGE AK
                                          MONTH:     FEBRUARY
                                          YEAR:      2018
                                          LATITUDE:   61 10 N
                                          LONGITUDE: 150  2 W

  TEMPERATURE IN F:       :PCPN:    SNOW:  WIND      :SUNSHINE: SKY     :PK WND
================================================================================
1   2   3   4   5  6A  6B    7    8   9   10  11  12  13   14  15   16   17  18
                                     12Z  AVG MX 2MIN
DY MAX MIN AVG DEP HDD CDD  WTR  SNW DPTH SPD SPD DIR MIN PSBL S-S WX    SPD DR
================================================================================

 1  22   4  13  -5  52   0 0.00  0.0   10  7.1 16  20   M    M   0        23  10
 2  18  -2   8 -10  57   0 0.00  0.0    9  3.7  8 340   M    M   0         M  M
 3  20   2  11  -7  54   0 0.00  0.0    9  7.3 13  10   M    M   1         M  M
 4  17  -2   8 -10  57   0 0.00  0.0    9  2.5  9  10   M    M   1         M  M
 5  20  -2   9  -9  56   0 0.03  0.0    9  4.5  9  70   M    M   6 12      M  M
 6  26  19  23   4  42   0 0.33  3.7    9  4.6 13  50   M    M  10 1      19 170
 7  26   5  16  -3  49   0 0.00  0.0   12  2.2  8 300   M    M   7 12     10 290
 8  19   3  11  -8  54   0 0.01    T   12  1.6  7 100   M    M   4 12      9 310
 9  17   1   9 -10  56   0 0.00  0.0   12  4.2 10  10   M    M   7 128    14 160
10  24   5  15  -4  50   0 0.14  1.4   12  6.3 15  60   M    M   8 1      21  20
11  37  22  30  10  35   0 0.04  0.2   13  5.5 22 140   M    M   8 1      28 140
12  41  32  37  17  28   0 0.22  1.3   13 12.7 24 150   M    M   9 1      36 150
13  35  22  29   9  36   0 0.00  0.0   13  3.5  8 210   M    M   6 12      M  M
14  31  25  28   8  37   0 0.07  2.3   11  2.1 10  60   M    M   9 1      16  20
15  30  23  27   7  38   0 0.01    T   13  3.4 10  60   M    M  10 1      16 340
16  24   9  17  -3  48   0    T    T   13  3.6  9 270   M    M   8 1      17 190
17  21   9  15  -6  50   0    T    T   13  3.1  7  99   M    M   7 12      M  M
18  27  11  19  -2  46   0 0.02  0.1   13  2.4 10 320   M    M   7 1      14 210
19  27  24  26   5  39   0 0.01    T   13  4.0 14  40   M    M   9 12     15  40
20  26  22  24   3  41   0    T    T   13  2.3  7  60   M    M  10 12      M  M
21  26  20  23   2  42   0 0.00  0.0   13  2.4  8 340   M    M   8 12     17 220
22  30  22  26   4  39   0 0.56  6.2   13  2.6  7 240   M    M   9 12      M  M
23  28  11  20  -2  45   0 0.00  0.0   17  6.7 15  20   M    M   5 18     19  20
================================================================================
SM  592  285      1051   0  1.44    15.2  98.3          M      149
================================================================================
AV 25.7 12.4                               4.3 FASTST   M    M   6    MAX(MPH)
                                 MISC ---->  # 24 150               # 36  150
================================================================================
NOTES:
# LAST OF SEVERAL OCCURRENCES

COLUMN 17 PEAK WIND IN M.P.H.

PRELIMINARY LOCAL CLIMATOLOGICAL DATA (WS FORM: F-6) , PAGE 2

                                          STATION:  ANCHORAGE AK
                                          MONTH:    FEBRUARY
                                          YEAR:     2018
                                          LATITUDE:   61 10 N
                                          LONGITUDE: 150  2 W

[TEMPERATURE DATA]      [PRECIPITATION DATA]       SYMBOLS USED IN COLUMN 16

AVERAGE MONTHLY: 19.1   TOTAL FOR MONTH:   1.44    1 = FOG OR MIST
DPTR FM NORMAL:  -0.7   DPTR FM NORMAL:    0.83    2 = FOG REDUCING VISIBILITY
HIGHEST:    41 ON 12    GRTST 24HR  0.56 ON 22-22      TO 1/4 MILE OR LESS
LOWEST:     -2 ON  5, 4                            3 = THUNDER
                        SNOW, ICE PELLETS, HAIL    4 = ICE PELLETS
                        TOTAL MONTH:  15.2 INCHES  5 = HAIL
                        GRTST 24HR   6.2 ON 22-22  6 = FREEZING RAIN OR DRIZZLE
                        GRTST DEPTH:  17 ON 23     7 = DUSTSTORM OR SANDSTORM:
                                                       VSBY 1/2 MILE OR LESS
                                                   8 = SMOKE OR HAZE
[NO. OF DAYS WITH]      [WEATHER - DAYS WITH]      9 = BLOWING SNOW
                                                   X = TORNADO
MAX 32 OR BELOW:  20    0.01 INCH OR MORE:  11
MAX 90 OR ABOVE:   0    0.10 INCH OR MORE:   4
MIN 32 OR BELOW:  23    0.50 INCH OR MORE:   1
MIN  0 OR BELOW:   3    1.00 INCH OR MORE:   0

[HDD (BASE 65) ]
TOTAL THIS MO.  1051    CLEAR  (SCALE 0-3)   4
DPTR FM NORMAL     9    PTCLDY (SCALE 4-7)   9
TOTAL FM JUL 1  6492    CLOUDY (SCALE 8-10) 10
DPTR FM NORMAL  -625

[CDD (BASE 65) ]
TOTAL THIS MO.     0
DPTR FM NORMAL     0    [PRESSURE DATA]
TOTAL FM JAN 1     0    HIGHEST SLP M ON M
DPTR FM NORMAL     0    LOWEST  SLP 29.56 ON 12

[REMARKS]
