000
CXUS53 KAPX 240631
CF6ANJ
PRELIMINARY LOCAL CLIMATOLOGICAL DATA (WS FORM: F-6)

                                          STATION:   SAULT STE MARIE MI
                                          MONTH:     APRIL
                                          YEAR:      2014
                                          LATITUDE:   46 28 N
                                          LONGITUDE:  84 21 W

  TEMPERATURE IN F:       :PCPN:    SNOW:  WIND      :SUNSHINE: SKY     :PK WND
================================================================================
1   2   3   4   5  6A  6B    7    8   9   10  11  12  13   14  15   16   17  18
                                     12Z  AVG MX 2MIN
DY MAX MIN AVG DEP HDD CDD  WTR  SNW DPTH SPD SPD DIR MIN PSBL S-S WX    SPD DR
================================================================================

 1  38  21  30  -3  35   0 0.15  1.1   27 12.3 25 280   M    M  10 168    35 280
 2  31  18  25  -9  40   0    T    T   27 12.5 23 280   M    M   5 8      32 290
 3  39  13  26  -8  39   0 0.00  0.0   26  4.5 12 120   M    M   4 18     17 140
 4  38  22  30  -5  35   0 0.54  3.3   26 10.0 18 330   M    M  10 12     28 110
 5  32  18  25 -10  40   0    T    T   28 11.2 23 310   M    M   5        33 310
 6  48  18  33  -3  32   0 0.01  0.0   28  5.7 17 200   M    M   7        24 220
 7  51  35  43   7  22   0 0.03  0.0   25  5.6 12 120   M    M   7        18 100
 8  47  30  39   2  26   0 0.00  0.0   22  9.9 21 310   M    M   4        29 310
 9  49  27  38   1  27   0    T  0.0   19  6.5 20 200   M    M   2        25 200
10  51  35  43   5  22   0 0.12  0.0   17 10.2 21 220   M    M   5        28 300
11  52  28  40   2  25   0 0.00  0.0   14  5.4 16 240   M    M   1        20 230
12  41  30  36  -3  29   0 0.01  0.1   12  6.7 14  90   M    M   6 18     20  90
13  46  35  41   2  24   0 0.05  0.0   11  5.4 14 310   M    M   8 18     18 320
14  39  21  30 -10  35   0 0.65  1.8    9 10.8 23 320   M    M  10 1      31 320
15  21  13  17 -23  48   0 0.03  0.3   10 11.6 25 310   M    M   4 18     35 310
16  35   9  22 -19  43   0 0.18  1.4    9  4.8 13  90   M    M   3 1      17  90
17  38  28  33  -8  32   0 0.27  2.3   12 10.4 24 130   M    M   9 1      34 130
18  37  31  34  -8  31   0 0.00  0.0   11  8.4 15 310   M    M   9 1      22 310
19  42  24  33  -9  32   0 0.02  0.0   10  7.3 17 140   M    M   3 12     21 130
20  39  33  36  -7  29   0 0.88  0.0    9  5.8 12 110   M    M   9 126    21 130
21  49  36  43   0  22   0    T  0.0    8  4.6 18 300   M    M   9 128    26 300
22  42  32  37  -7  28   0    T    T    6 12.6 24 310   M    M   9        32 310
23  45  29  37  -7  28   0 0.00  0.0    4  8.2 18 320   M    M   0        24 330
================================================================================
SM  950  586       724   0  2.94    10.3 190.4          M      139
================================================================================
AV 41.3 25.5                               8.3 FASTST   M    M   6    MAX(MPH)
                                 MISC ---->  # 25 280               # 35  280
================================================================================
NOTES:
# LAST OF SEVERAL OCCURRENCES

COLUMN 17 PEAK WIND IN M.P.H.

PRELIMINARY LOCAL CLIMATOLOGICAL DATA (WS FORM: F-6) , PAGE 2

                                          STATION:  SAULT STE MARIE MI
                                          MONTH:    APRIL
                                          YEAR:     2014
                                          LATITUDE:   46 28 N
                                          LONGITUDE:  84 21 W

[TEMPERATURE DATA]      [PRECIPITATION DATA]       SYMBOLS USED IN COLUMN 16

AVERAGE MONTHLY: 33.4   TOTAL FOR MONTH:   2.94    1 = FOG OR MIST
DPTR FM NORMAL:  -5.3   DPTR FM NORMAL:    1.07    2 = FOG REDUCING VISIBILITY
HIGHEST:    52 ON 11    GRTST 24HR  0.90 ON 19-20      TO 1/4 MILE OR LESS
LOWEST:      9 ON 16                               3 = THUNDER
                        SNOW, ICE PELLETS, HAIL    4 = ICE PELLETS
                        TOTAL MONTH:  10.3 INCHES  5 = HAIL
                        GRTST 24HR   3.3 ON   M    6 = FREEZING RAIN OR DRIZZLE
                        GRTST DEPTH:  28 ON  6, 5  7 = DUSTSTORM OR SANDSTORM:
                                                       VSBY 1/2 MILE OR LESS
                                                   8 = SMOKE OR HAZE
[NO. OF DAYS WITH]      [WEATHER - DAYS WITH]      9 = BLOWING SNOW
                                                   X = TORNADO
MAX 32 OR BELOW:   3    0.01 INCH OR MORE:  13
MAX 90 OR ABOVE:   0    0.10 INCH OR MORE:   7
MIN 32 OR BELOW:  18    0.50 INCH OR MORE:   3
MIN  0 OR BELOW:   0    1.00 INCH OR MORE:   0

[HDD (BASE 65) ]
TOTAL THIS MO.   724    CLEAR  (SCALE 0-3)   3
DPTR FM NORMAL   119    PTCLDY (SCALE 4-7)  12
TOTAL FM JUL 1  9002    CLOUDY (SCALE 8-10)  8
DPTR FM NORMAL  1071

[CDD (BASE 65) ]
TOTAL THIS MO.     0
DPTR FM NORMAL     0    [PRESSURE DATA]
TOTAL FM JAN 1     0    HIGHEST SLP M ON M
DPTR FM NORMAL     0    LOWEST  SLP 29.31 ON M

[REMARKS]
