000
CXUS55 KCTP 300700
CF6AOO
PRELIMINARY LOCAL CLIMATOLOGICAL DATA (WS FORM: F-6)

                                          STATION:   ALTOONA
                                          MONTH:     APRIL
                                          YEAR:      2017
                                          LATITUDE:   40 17 N
                                          LONGITUDE:  78 19 W

  TEMPERATURE IN F:       :PCPN:    SNOW:  WIND      :SUNSHINE: SKY     :PK WND
================================================================================
1   2   3   4   5  6A  6B    7    8   9   10  11  12  13   14  15   16   17  18
                                     12Z  AVG MX 2MIN
DY MAX MIN AVG DEP HDD CDD  WTR  SNW DPTH SPD SPD DIR MIN PSBL S-S WX    SPD DR
================================================================================

 1  47  40  44   0  21   0 0.01    M    M 12.0 24 310   M    M  10 1      30 310
 2  61  35  48   4  17   0 0.00    M    M  4.8 14 290   M    M   2        21 310
 3  66  39  53   9  12   0 0.05    M    M  8.3 23 150   M    M   2 1      32 130
 4  67  53  60  15   5   0 0.15    M    M 14.6 33 270   M    M   9 1      42 270
 5  68  47  58  13   7   0 0.00    M    M 10.0 24 290   M    M   4        32 140
 6  59  39  49   3  16   0 0.78    M    M 12.1 31 260   M    M  10 13     41 240
 7  39  33  36 -10  29   0    T    M    M 17.0 28 300   M    M  10 18     42 290
 8  57  31  44  -2  21   0 0.00    M    M 10.5 23 320   M    M   0        31 310
 9  70  31  51   4  14   0 0.00    M    M  6.4 15 200   M    M   0        19 220
10  78  45  62  15   3   0 0.00    M    M  7.5 22 210   M    M   0        26 210
11  81  54  68  21   0   3 0.13    M    M  8.4 23 310   M    M   1 13     31 230
12  68  49  59  11   6   0 0.04    M    M  8.5 18 290   M    M   3 1      23 290
13  65  40  53   5  12   0 0.00    M    M  4.9 15 360   M    M   2        19 360
14  70  39  55   6  10   0 0.00    M    M  3.5 10 140   M    M   4        13 130
15  79  47  63  14   2   0 0.00    M    M  6.9 18 280   M    M   3        23 280
16  80  56  68  19   0   3 0.12    M    M 11.7 31 240   M    M   4 8      41 290
17  71  52  62  12   3   0 0.05    M    M  8.4 18 310   M    M   2 1      24 320
18  71  41  56   6   9   0 0.00    M    M  6.1 18 160   M    M   0        26 160
19  62  48  55   5  10   0 0.03    M    M 10.1 22 170   M    M   6        31 180
20  78  53  66  15   0   1 0.24    M    M  6.6 26 290   M    M   5 13     34 290
21  77  55  66  15   0   1 0.12    M    M  9.7 21 290   M    M   6 1      28 250
22  55  42  49  -2  16   0 0.03    M    M  6.7 15 340   M    M   7 1      19 340
23  66  35  51  -1  14   0 0.00    M    M  3.3 10  50   M    M   0        14  60
24  58  41  50  -2  15   0 0.01    M    M  6.8 16 100   M    M   8 1      22 100
25  57  48  53   1  12   0 0.12    M    M  8.4 15  70   M    M  10 1      22  70
26  75  54  65  13   0   0 0.00    M    M  4.2 13 180   M    M   6 12     16 170
27  77  56  67  14   0   2 0.11    M    M  6.4 20 150   M    M   5 123    26 160
28  81  55  68  15   0   3    T    M    M  5.7 13 270   M    M   2        16  50
29  80  54  67  14   0   2 0.29    M    M  8.5 26 200   M    M   1 13     34 190
================================================================================
SM 1963 1312       254  15  2.28    M    238.0          M      122
================================================================================
AV 67.7 45.2                               8.2 FASTST   M    M   4    MAX(MPH)
                                 MISC ---->  # 33 270               # 42  270
================================================================================
NOTES:
# LAST OF SEVERAL OCCURRENCES

COLUMN 17 PEAK WIND IN M.P.H.

PRELIMINARY LOCAL CLIMATOLOGICAL DATA (WS FORM: F-6) , PAGE 2

                                          STATION:  ALTOONA
                                          MONTH:    APRIL
                                          YEAR:     2017
                                          LATITUDE:   40 17 N
                                          LONGITUDE:  78 19 W

[TEMPERATURE DATA]      [PRECIPITATION DATA]       SYMBOLS USED IN COLUMN 16

AVERAGE MONTHLY: 56.5   TOTAL FOR MONTH:   2.28    1 = FOG OR MIST
DPTR FM NORMAL:   7.7   DPTR FM NORMAL:   -0.80    2 = FOG REDUCING VISIBILITY
HIGHEST:    81 ON 28,11 GRTST 24HR  0.78 ON  6- 6      TO 1/4 MILE OR LESS
LOWEST:     31 ON  9, 8                            3 = THUNDER
                        SNOW, ICE PELLETS, HAIL    4 = ICE PELLETS
                        TOTAL MONTH:    M          5 = HAIL
                        GRTST 24HR    M  ON   M    6 = FREEZING RAIN OR DRIZZLE
                        GRTST DEPTH:  M  ON   M    7 = DUSTSTORM OR SANDSTORM:
                                                       VSBY 1/2 MILE OR LESS
                                                   8 = SMOKE OR HAZE
[NO. OF DAYS WITH]      [WEATHER - DAYS WITH]      9 = BLOWING SNOW
                                                   X = TORNADO
MAX 32 OR BELOW:   0    0.01 INCH OR MORE:  16
MAX 90 OR ABOVE:   0    0.10 INCH OR MORE:   9
MIN 32 OR BELOW:   2    0.50 INCH OR MORE:   1
MIN  0 OR BELOW:   0    1.00 INCH OR MORE:   0

[HDD (BASE 65) ]
TOTAL THIS MO.   254    CLEAR  (SCALE 0-3)  14
DPTR FM NORMAL  -224    PTCLDY (SCALE 4-7)  10
TOTAL FM JUL 1  4757    CLOUDY (SCALE 8-10)  5
DPTR FM NORMAL -1135

[CDD (BASE 65) ]
TOTAL THIS MO.    15
DPTR FM NORMAL    15    [PRESSURE DATA]
TOTAL FM JAN 1    15    HIGHEST SLP M ON M
DPTR FM NORMAL    14    LOWEST  SLP 29.18 ON  6

[REMARKS]
