772
CXUS51 KBUF 221205
CF6ART
PRELIMINARY LOCAL CLIMATOLOGICAL DATA (WS FORM: F-6)

                                          STATION:   WATERTOWN NY
                                          MONTH:     MAY
                                          YEAR:      2015
                                          LATITUDE:   43 59 N
                                          LONGITUDE:  76  2 W

  TEMPERATURE IN F:       :PCPN:    SNOW:  WIND      :SUNSHINE: SKY     :PK WND
================================================================================
1   2   3   4   5  6A  6B    7    8   9   10  11  12  13   14  15   16   17  18
                                     12Z  AVG MX 2MIN
DY MAX MIN AVG DEP HDD CDD  WTR  SNW DPTH SPD SPD DIR MIN PSBL S-S WX    SPD DR
================================================================================

 1  70  39  55   5  10   0 0.00    M    M  6.4 17  20   M    M   3        27  40
 2  67  43  55   5  10   0 0.00    M    M  7.2 17 210   M    M   1        22 220
 3  73  48  61  10   4   0 0.00    M    M  6.0 18 260   M    M   0        24 260
 4  81  52  67  16   0   2 0.06    M    M  8.1 22 220   M    M   5 1      30 220
 5  68  40  54   3  11   0 0.00    M    M  3.1 15  50   M    M   2 12     20  30
 6  73  34  54   2  11   0 0.00    M    M  4.8 16 260   M    M   0        19 280
 7  75  38  57   5   8   0 0.00    M    M  4.3 12 290   M    M   0 1      19 280
 8  84  43  64  12   1   0 0.00    M    M  4.0 13 270   M    M   0 1      16 260
 9  87  57  72  20   0   7 0.00    M    M  8.5 22 260   M    M   1        27 270
10  80  57  69  16   0   4 0.03    M    M  8.4 18 220   M    M   5 1      23 210
11  80  58  69  16   0   4 0.32    M    M  7.5 23 270   M    M   5 13     31 260
12  66  47  57   3   8   0 0.23    M    M 14.7 28 260   M    M   5 13     35 260
13  59  38  49  -5  16   0    T    M    M  9.7 20 260   M    M   6 1      25 260
14  59  28  44 -10  21   0 0.00    M    M  4.3 16 260   M    M   0 1      20 260
15  73  34  54   0  11   0 0.01    M    M  4.9 13 260   M    M   3        17 150
16  72  52  62   7   3   0    T    M    M  6.5 17 260   M    M   6 18     21 260
17  73  47  60   5   5   0 0.00    M    M  3.8 15 230   M    M   4 128    17 230
18  84  47  66  11   0   1    T    M    M  6.7 17 260   M    M   2 1      21 260
19  70  50  60   4   5   0 0.00    M    M 12.7 25 270   M    M   4 1      34 270
20  54  40  47  -9  18   0    T    M    M 12.6 21 260   M    M   5        31 260
21  61  43  52  -4  13   0 0.00    M    M  8.8 20 220   M    M   3        26 220
================================================================================
SM 1509  935       155  18  0.65    M    153.0          M       60
================================================================================
AV 71.9 44.5                               7.3 FASTST   M    M   3    MAX(MPH)
                                 MISC ---->  # 28 260               # 35  260
================================================================================
NOTES:
# LAST OF SEVERAL OCCURRENCES

COLUMN 17 PEAK WIND IN M.P.H.

PRELIMINARY LOCAL CLIMATOLOGICAL DATA (WS FORM: F-6) , PAGE 2

                                          STATION:  WATERTOWN NY
                                          MONTH:    MAY
                                          YEAR:     2015
                                          LATITUDE:   43 59 N
                                          LONGITUDE:  76  2 W

[TEMPERATURE DATA]      [PRECIPITATION DATA]       SYMBOLS USED IN COLUMN 16

AVERAGE MONTHLY: 58.2   TOTAL FOR MONTH:   0.65    1 = FOG OR MIST
DPTR FM NORMAL:   5.0   DPTR FM NORMAL:   -1.37    2 = FOG REDUCING VISIBILITY
HIGHEST:    87 ON  9    GRTST 24HR  0.55 ON 11-12      TO 1/4 MILE OR LESS
LOWEST:     28 ON 14                               3 = THUNDER
                        SNOW, ICE PELLETS, HAIL    4 = ICE PELLETS
                        TOTAL MONTH:    M          5 = HAIL
                        GRTST 24HR    M  ON   M    6 = FREEZING RAIN OR DRIZZLE
                        GRTST DEPTH:  M  ON   M    7 = DUSTSTORM OR SANDSTORM:
                                                       VSBY 1/2 MILE OR LESS
                                                   8 = SMOKE OR HAZE
[NO. OF DAYS WITH]      [WEATHER - DAYS WITH]      9 = BLOWING SNOW
                                                   X = TORNADO
MAX 32 OR BELOW:   0    0.01 INCH OR MORE:   5
MAX 90 OR ABOVE:   0    0.10 INCH OR MORE:   2
MIN 32 OR BELOW:   1    0.50 INCH OR MORE:   0
MIN  0 OR BELOW:   0    1.00 INCH OR MORE:   0

[HDD (BASE 65) ]
TOTAL THIS MO.   155    CLEAR  (SCALE 0-3)  11
DPTR FM NORMAL  -100    PTCLDY (SCALE 4-7)  10
TOTAL FM JUL 1  7483    CLOUDY (SCALE 8-10)  0
DPTR FM NORMAL    85

[CDD (BASE 65) ]
TOTAL THIS MO.    18
DPTR FM NORMAL    18    [PRESSURE DATA]
TOTAL FM JAN 1    18    HIGHEST SLP M ON M
DPTR FM NORMAL    17    LOWEST  SLP 29.77 ON 11

[REMARKS]
