000
CXUS53 KARX 012104
CF6ARX
PRELIMINARY LOCAL CLIMATOLOGICAL DATA (WS FORM: F-6)

                                          STATION:   La Crosse Weather Office WI
                                          MONTH:     AUGUST
                                          YEAR:      2015
                                          LATITUDE:   43 49 N
                                          LONGITUDE:  91 12 W

  TEMPERATURE IN F:       :PCPN:    SNOW:  WIND      :SUNSHINE: SKY     :PK WND
================================================================================
1   2   3   4   5  6A  6B    7    8   9   10  11  12  13   14  15   16   17  18
                                     12Z  AVG MX 2MIN
DY MAX MIN AVG DEP HDD CDD  WTR  SNW DPTH SPD SPD DIR MIN PSBL S-S WX    SPD DR
================================================================================

 1  81  61  71   1   0   6 0.00  0.0    0   M   M   M   M    M   M        30  M
 2  87  67  77   7   0  12 0.00  0.0    0   M   M   M   M    M   M        31  M
 3  75  57  66  -4   0   1 0.00  0.0    0   M   M   M   M    M   M        22  M
 4  75  57  66  -4   0   1 0.00  0.0    0   M   M   M   M    M   M        18  M
 5  77  58  68  -2   0   3 0.00  0.0    0   M   M   M   M    M   M         8  M
 6  79  59  69  -1   0   4 0.06  0.0    0   M   M   M   M    M   M        14 170
 7  79  64  72   2   0   7 0.14  0.0    0   M   M   M   M    M   M        26 170
 8  76  61  69  -1   0   4    T  0.0    0   M   M   M   M    M   M 1      15 160
 9  81  62  72   2   0   7 0.00  0.0    0   M   M   M   M    M   M 8      14 180
10  78  64  71   1   0   6 0.68  0.0    0   M   M   M   M    M   M        20  M
11  77  61  69  -1   0   4 0.00  0.0    0   M   M   M   M    M   M        19  M
12  80  60  70   0   0   5 0.00  0.0    0   M   M   M   M    M   M        13  M
13  82  66  74   4   0   9 0.06  0.0    0   M   M   M   M    M   M        26  M
14  88  70  79  10   0  14 0.00  0.0    0   M   M   M   M    M   M        15  M
15  87  71  79  10   0  14 0.00  0.0    0   M   M   M   M    M   M        15  M
16  85  70  78   9   0  13 0.00  0.0    0   M   M   M   M    M   M        23  M
17  73  63  68  -1   0   3 0.03  0.0    0   M   M   M   M    M   M        12  M
18  69  63  66  -3   0   1 0.34  0.0    0   M   M   M   M    M   M        22  M
19  65  53  59 -10   6   0 0.09  0.0    0   M   M   M   M    M   M        30  M
20  70  53  62  -7   3   0    T  0.0    0   M   M   M   M    M   M        28  M
21  79  59  69   0   0   4 0.00  0.0    0   M   M   M   M    M   M        27  M
22  79  63  71   3   0   6 0.00  0.0    0   M   M   M   M    M   M        34  M
23  68  53  61  -7   4   0 0.03  0.0    0   M   M   M   M    M   M 3      34  M
24  60  51  56 -12   9   0 0.00  0.0    0   M   M   M   M    M   M        32  M
25  68  52  60  -8   5   0 0.00  0.0    0   M   M   M   M    M   M        21  M
26  71  53  62  -6   3   0 0.00  0.0    0   M   M   M   M    M   M 1      13  M
27  73  54  64  -4   1   0 0.00  0.0    0   M   M   M   M    M   M        18  M
28  63  55  59  -8   6   0 2.32  0.0    0   M   M   M   M    M   M        26  M
29  70  56  63  -4   2   0 0.00  0.0    0   M   M   M   M    M   M        15  M
30  73  59  66  -1   0   1 0.00  0.0    0   M   M   M   M    M   M        15  M
31  81  62  72   5   0   7 0.00  0.0    0   M   M   M   M    M   M 18     19  M
================================================================================
SM 2349 1857        39 132  3.75     0.0     M          M        M
================================================================================
AV 75.8 59.9                                 M FASTST   M    M   4    MAX(MPH)
                                 MISC ---->     M   M                 34    M
================================================================================
NOTES:
# LAST OF SEVERAL OCCURRENCES

COLUMN 17 PEAK WIND IN M.P.H.

PRELIMINARY LOCAL CLIMATOLOGICAL DATA (WS FORM: F-6) , PAGE 2

                                          STATION:  La Crosse Weather Office WI
                                          MONTH:    AUGUST
                                          YEAR:     2015
                                          LATITUDE:   43 49 N
                                          LONGITUDE:  91 12 W

[TEMPERATURE DATA]      [PRECIPITATION DATA]       SYMBOLS USED IN COLUMN 16

AVERAGE MONTHLY: 67.8   TOTAL FOR MONTH:   3.75    1 = FOG OR MIST
DPTR FM NORMAL:  -1.2   DPTR FM NORMAL:   -0.88    2 = FOG REDUCING VISIBILITY
HIGHEST:    88 ON 14    GRTST 24HR  2.32 ON 28-28      TO 1/4 MILE OR LESS
LOWEST:     51 ON 24                               3 = THUNDER
                        SNOW, ICE PELLETS, HAIL    4 = ICE PELLETS
                        TOTAL MONTH:   0.0 INCH    5 = HAIL
                        GRTST 24HR     0.0         6 = FREEZING RAIN OR DRIZZLE
                        GRTST DEPTH:   0           7 = DUSTSTORM OR SANDSTORM:
                                                       VSBY 1/2 MILE OR LESS
                                                   8 = SMOKE OR HAZE
[NO. OF DAYS WITH]      [WEATHER - DAYS WITH]      9 = BLOWING SNOW
                                                   X = TORNADO
MAX 32 OR BELOW:   0    0.01 INCH OR MORE:   9
MAX 90 OR ABOVE:   0    0.10 INCH OR MORE:   4
MIN 32 OR BELOW:   0    0.50 INCH OR MORE:   2
MIN  0 OR BELOW:   0    1.00 INCH OR MORE:   1

[HDD (BASE 65) ]
TOTAL THIS MO.    39    CLEAR  (SCALE 0-3)   0
DPTR FM NORMAL    15    PTCLDY (SCALE 4-7)   0
TOTAL FM JUL 1    54    CLOUDY (SCALE 8-10)  0
DPTR FM NORMAL    18

[CDD (BASE 65) ]
TOTAL THIS MO.   132
DPTR FM NORMAL   -15    [PRESSURE DATA]
TOTAL FM JAN 1   393    HIGHEST SLP M ON M
DPTR FM NORMAL   -63    LOWEST  SLP M ON M

[REMARKS]
#FINAL-08-15#
