000
CXUS55 KGJT 291000
CF6ASE
PRELIMINARY LOCAL CLIMATOLOGICAL DATA (WS FORM: F-6)

                                          STATION:   ASPEN CO
                                          MONTH:     JULY
                                          YEAR:      2016
                                          LATITUDE:   39 13 N
                                          LONGITUDE: 106 52 W

  TEMPERATURE IN F:       :PCPN:    SNOW:  WIND      :SUNSHINE: SKY     :PK WND
================================================================================
1   2   3   4   5  6A  6B    7    8   9   10  11  12  13   14  15   16   17  18
                                     12Z  AVG MX 2MIN
DY MAX MIN AVG DEP HDD CDD  WTR  SNW DPTH SPD SPD DIR MIN PSBL S-S WX    SPD DR
================================================================================

 1  65  54  60  -2   5   0 0.13    M    M  3.2 13 350   M    M   9 1      19 350
 2  69  53  61  -1   4   0 0.31    M    M  3.0 14 320   M    M   9 13     20 310
 3  72  48  60  -2   5   0 0.46    M    M  3.7 17 170   M    M   7 13     23 170
 4  78  43  61  -1   4   0    T    M    M  5.3 16 120   M    M   1 3      21 120
 5  82  49  66   3   0   1 0.02    M    M  6.9 17 230   M    M   3        24 240
 6  81  49  65   2   0   0 0.00    M    M  7.3 22 210   M    M   1        32 260
 7  81  47  64   1   1   0 0.00    M    M  8.9 21 340   M    M   1        30 340
 8  85  48  67   4   0   2 0.00    M    M  7.1 17 240   M    M   1        23 210
 9  83  49  66   3   0   1 0.00    M    M  7.8 20 240   M    M   0        27 190
10  84  50  67   4   0   2 0.00    M    M  8.7 28 170   M    M   0        36 260
11  76  46  61  -3   4   0 0.00    M    M  8.4 20 340   M    M   1        30 340
12  81  40  61  -3   4   0 0.00    M    M  6.9 17 230   M    M   0        25 280
13  83  43  63  -1   2   0 0.00    M    M  8.9 22 330   M    M   0        28 320
14  84  44  64   0   1   0 0.00    M    M  7.9 20 360   M    M   0        26 320
15  85  44  65   1   0   0 0.00    M    M  7.6 26 330   M    M   1        46 360
16  86  48  67   3   0   2 0.00    M    M  6.7 25 300   M    M   0        30 260
17  86  48  67   3   0   2 0.00    M    M  7.6 18 260   M    M   1        28 260
18  81  55  68   4   0   3 0.26    M    M  5.1 26 180   M    M   5 13     33 170
19  77  52  65   1   0   0 0.37    M    M  6.7 18 160   M    M   6 13     23  80
20  81  49  65   1   0   0    T    M    M  4.7 22 130   M    M   4 3      28 130
21  76  52  64   0   1   0 0.22    M    M  4.6 14 160   M    M   4 13     20 240
22  83  48  66   2   0   1    T    M    M  6.1 21 160   M    M   1 3      29 160
23  85  49  67   3   0   2 0.00    M    M  6.4 17 330   M    M   1        25 340
24  86  52  69   5   0   4    T    M    M  7.9 22 330   M    M   2 3      30 350
25  82  47  65   1   0   0 0.00    M    M  6.3 18 160   M    M   2        23 170
26  82  51  67   3   0   2 0.00    M    M  7.0 20 360   M    M   3        26  10
27  87  46  67   3   0   2 0.00    M    M  6.6 18 340   M    M   0        26 340
28  89  49  69   5   0   4 0.00    M    M  7.5 25 340   M    M   0        33 330
================================================================================
SM 2270 1353        31  28  1.77    M    184.8          M       63
================================================================================
AV 81.1 48.3                               6.6 FASTST   M    M   2    MAX(MPH)
                                 MISC ---->  # 28 170               # 46  360
================================================================================
NOTES:
# LAST OF SEVERAL OCCURRENCES

COLUMN 17 PEAK WIND IN M.P.H.

PRELIMINARY LOCAL CLIMATOLOGICAL DATA (WS FORM: F-6) , PAGE 2

                                          STATION:  ASPEN CO
                                          MONTH:    JULY
                                          YEAR:     2016
                                          LATITUDE:   39 13 N
                                          LONGITUDE: 106 52 W

[TEMPERATURE DATA]      [PRECIPITATION DATA]       SYMBOLS USED IN COLUMN 16

AVERAGE MONTHLY: 64.7   TOTAL FOR MONTH:   1.77    1 = FOG OR MIST
DPTR FM NORMAL:   1.2   DPTR FM NORMAL:    0.25    2 = FOG REDUCING VISIBILITY
HIGHEST:    89 ON 28    GRTST 24HR  0.57 ON 18-19      TO 1/4 MILE OR LESS
LOWEST:     40 ON 12                               3 = THUNDER
                        SNOW, ICE PELLETS, HAIL    4 = ICE PELLETS
                        TOTAL MONTH:    M          5 = HAIL
                        GRTST 24HR    M  ON   M    6 = FREEZING RAIN OR DRIZZLE
                        GRTST DEPTH:  M  ON   M    7 = DUSTSTORM OR SANDSTORM:
                                                       VSBY 1/2 MILE OR LESS
                                                   8 = SMOKE OR HAZE
[NO. OF DAYS WITH]      [WEATHER - DAYS WITH]      9 = BLOWING SNOW
                                                   X = TORNADO
MAX 32 OR BELOW:   0    0.01 INCH OR MORE:   7
MAX 90 OR ABOVE:   0    0.10 INCH OR MORE:   6
MIN 32 OR BELOW:   0    0.50 INCH OR MORE:   0
MIN  0 OR BELOW:   0    1.00 INCH OR MORE:   0

[HDD (BASE 65) ]
TOTAL THIS MO.    31    CLEAR  (SCALE 0-3)  21
DPTR FM NORMAL   -34    PTCLDY (SCALE 4-7)   5
TOTAL FM JUL 1    31    CLOUDY (SCALE 8-10)  2
DPTR FM NORMAL   -34

[CDD (BASE 65) ]
TOTAL THIS MO.    28
DPTR FM NORMAL     2    [PRESSURE DATA]
TOTAL FM JAN 1    52    HIGHEST SLP M ON M
DPTR FM NORMAL    22    LOWEST  SLP 29.58 ON 10

[REMARKS]
