000
CXUS55 KGJT 211000
CF6ASE
PRELIMINARY LOCAL CLIMATOLOGICAL DATA (WS FORM: F-6)

                                          STATION:   ASPEN CO
                                          MONTH:     OCTOBER
                                          YEAR:      2017
                                          LATITUDE:   39 13 N
                                          LONGITUDE: 106 52 W

  TEMPERATURE IN F:       :PCPN:    SNOW:  WIND      :SUNSHINE: SKY     :PK WND
================================================================================
1   2   3   4   5  6A  6B    7    8   9   10  11  12  13   14  15   16   17  18
                                     12Z  AVG MX 2MIN
DY MAX MIN AVG DEP HDD CDD  WTR  SNW DPTH SPD SPD DIR MIN PSBL S-S WX    SPD DR
================================================================================

 1  60  33  47  -1  18   0 0.48    M    M  5.2 30 210   M    M   7 13     40 230
 2  37  31  34 -13  31   0 0.67    M    M  3.4 12 310   M    M  10 1      15 310
 3  55  27  41  -6  24   0 0.00    M    M  5.1 10 220   M    M   3 1      13  10
 4  74  31  53   7  12   0 0.00    M    M  6.6 23 160   M    M   1        30 160
 5  75  36  56  10   9   0 0.00    M    M  7.0 25 280   M    M   1        36 280
 6  53  30  42  -4  23   0    T    M    M  7.6 22 330   M    M   2 3      34 360
 7  65  26  46   1  19   0 0.00    M    M  6.5 15 350   M    M   0        21 360
 8  68  31  50   5  15   0 0.00    M    M  8.0 22 220   M    M   1        32 200
 9  41  27  34 -11  31   0 0.33    M    M  3.8 16 320   M    M   8 128    22 330
10  56  20  38  -6  27   0 0.00    M    M  5.0 12 220   M    M   0        15 350
11  68  24  46   2  19   0 0.00    M    M  6.9 15 160   M    M   0        21 240
12  66  35  51   7  14   0 0.00    M    M  8.9 28 240   M    M   0        42 250
13  64  29  47   4  18   0 0.00    M    M  7.0 25 250   M    M   0        38 200
14  57  20  39  -4  26   0 0.00    M    M 10.8 29 230   M    M   0        42 310
15  62  16  39  -4  26   0 0.00    M    M  6.2 12 210   M    M   0        16 330
16  66  24  45   3  20   0 0.00    M    M  6.8 14 330   M    M   0        19 320
17  68  24  46   4  19   0 0.00    M    M  6.1 12 320   M    M   0        15  30
18  69  29  49   7  16   0 0.00    M    M  6.9 12 210   M    M   0        15 210
19  69  30  50   9  15   0 0.00    M    M  6.7 16 350   M    M   1        23 360
20  65  33  49   8  16   0 0.23    M    M  8.0 28 190   M    M   5 1      38 190
================================================================================
SM 1238  556       398   0  1.71    M    132.5          M       39
================================================================================
AV 61.9 27.8                               6.6 FASTST   M    M   2    MAX(MPH)
                                 MISC ---->  # 30 210               # 42  250
================================================================================
NOTES:
# LAST OF SEVERAL OCCURRENCES

COLUMN 17 PEAK WIND IN M.P.H.

PRELIMINARY LOCAL CLIMATOLOGICAL DATA (WS FORM: F-6) , PAGE 2

                                          STATION:  ASPEN CO
                                          MONTH:    OCTOBER
                                          YEAR:     2017
                                          LATITUDE:   39 13 N
                                          LONGITUDE: 106 52 W

[TEMPERATURE DATA]      [PRECIPITATION DATA]       SYMBOLS USED IN COLUMN 16

AVERAGE MONTHLY: 44.9   TOTAL FOR MONTH:   1.71    1 = FOG OR MIST
DPTR FM NORMAL:   0.6   DPTR FM NORMAL:    0.73    2 = FOG REDUCING VISIBILITY
HIGHEST:    75 ON  5    GRTST 24HR  0.67 ON  2- 2      TO 1/4 MILE OR LESS
LOWEST:     16 ON 15                               3 = THUNDER
                        SNOW, ICE PELLETS, HAIL    4 = ICE PELLETS
                        TOTAL MONTH:    M          5 = HAIL
                        GRTST 24HR    M  ON   M    6 = FREEZING RAIN OR DRIZZLE
                        GRTST DEPTH:  M  ON   M    7 = DUSTSTORM OR SANDSTORM:
                                                       VSBY 1/2 MILE OR LESS
                                                   8 = SMOKE OR HAZE
[NO. OF DAYS WITH]      [WEATHER - DAYS WITH]      9 = BLOWING SNOW
                                                   X = TORNADO
MAX 32 OR BELOW:   0    0.01 INCH OR MORE:   4
MAX 90 OR ABOVE:   0    0.10 INCH OR MORE:   4
MIN 32 OR BELOW:  16    0.50 INCH OR MORE:   1
MIN  0 OR BELOW:   0    1.00 INCH OR MORE:   0

[HDD (BASE 65) ]
TOTAL THIS MO.   398    CLEAR  (SCALE 0-3)  15
DPTR FM NORMAL   -18    PTCLDY (SCALE 4-7)   4
TOTAL FM JUL 1   731    CLOUDY (SCALE 8-10)  1
DPTR FM NORMAL  -232

[CDD (BASE 65) ]
TOTAL THIS MO.     0
DPTR FM NORMAL     0    [PRESSURE DATA]
TOTAL FM JAN 1   105    HIGHEST SLP M ON M
DPTR FM NORMAL    66    LOWEST  SLP 29.44 ON  8

[REMARKS]
