000
CXUS56 KPQR 281330
CF6AST
PRELIMINARY LOCAL CLIMATOLOGICAL DATA (WS FORM: F-6)

                                          STATION:   ASTORIA OR
                                          MONTH:     DECEMBER
                                          YEAR:      2014
                                          LATITUDE:   46  9 N
                                          LONGITUDE: 123 53 W

  TEMPERATURE IN F:       :PCPN:    SNOW:  WIND      :SUNSHINE: SKY     :PK WND
================================================================================
1   2   3   4   5  6A  6B    7    8   9   10  11  12  13   14  15   16   17  18
                                     12Z  AVG MX 2MIN
DY MAX MIN AVG DEP HDD CDD  WTR  SNW DPTH SPD SPD DIR MIN PSBL S-S WX    SPD DR
================================================================================

 1  44  28  36  -8  29   0 0.00  0.0    0  5.7 15  70   M    M   0        19  70
 2  45  30  38  -6  27   0 0.00  0.0    0 12.3 24  70   M    M   0        29  70
 3  51  39  45   1  20   0    T    M    0 10.8 18 110   M    M   7        23 120
 4  49  43  46   3  19   0 0.19    M    0  6.3 13  70   M    M   9 1      14  70
 5  58  47  53  10  12   0 0.31    M    0  7.7 17 120   M    M  10 1      23 140
 6  56  46  51   8  14   0 0.12    M    0  7.9 20 230   M    M   8 1      29 230
 7  57  46  52   9  13   0 0.00  0.0    0  8.1 16 120   M    M   3        23 120
 8  62  48  55  12  10   0 0.04    M    0 10.8 33 180   M    M   9        53 180
 9  61  54  58  15   7   0 0.80  0.0    0 17.5 36 190   M    M   8 1      55 180
10  63  49  56  13   9   0 1.84    M    0 15.7 36 190   M    M  10 13     53 180
11  63  47  55  12  10   0 0.53    M    0 16.1 40 180   M    M   8 1      56 190
12  54  39  47   5  18   0 0.01    M    0  2.7 13 240   M    M   5 1      19 260
13  50  38  44   2  21   0 0.26    M    0  4.5 10 100   M    M   3 12     12 100
14  54  39  47   5  18   0    T    M    0  8.3 22 110   M    M   0        29 130
15  50  45  48   6  17   0 0.03    M    0 12.0 24 110   M    M  10        32 120
16  52  44  48   6  17   0 0.05    M    0  8.1 24  40   M    M   7        32  30
17  50  44  47   5  18   0 0.22    M    0  4.9 10  80   M    M  10 1      14 350
18  56  44  50   8  15   0 1.05    M    0  8.4 21 180   M    M  10 1      32 160
19  51  45  48   6  17   0 0.19    M    0  7.3 16 170   M    M   4 1      22 250
20  57  46  52  10  13   0 2.29    M    0 16.5 28 240   M    M  10 1      39 210
21  56  50  53  11  12   0 0.19  0.0    0 11.5 26 250   M    M  10 18     34 260
22  52  41  47   5  18   0 0.00  0.0    0  3.6 10  10   M    M   8 12     15  30
23  57  46  52  10  13   0 0.42    M    0  8.0 21 330   M    M  10 1      27 330
24  49  42  46   4  19   0 0.84    M    0  7.7 28 320   M    M  10 18     35 320
25  52  42  47   5  18   0 0.05    M    0  5.8 22 320   M    M   8 1      29 330
26  51  41  46   4  19   0 0.16    M    0  2.8  7  90   M    M  10 1       9  70
27  51  45  48   6  17   0 0.81    M    0 10.9 29 280   M    M  10 1      37 280
================================================================================
SM 1451 1168       440   0 10.40     0.0 241.9          M      197
================================================================================
AV 53.7 43.3                               9.0 FASTST   M    M   7    MAX(MPH)
                                 MISC ---->  # 40 180               # 56  190
================================================================================
NOTES:
# LAST OF SEVERAL OCCURRENCES

COLUMN 17 PEAK WIND IN M.P.H.

PRELIMINARY LOCAL CLIMATOLOGICAL DATA (WS FORM: F-6) , PAGE 2

                                          STATION:  ASTORIA OR
                                          MONTH:    DECEMBER
                                          YEAR:     2014
                                          LATITUDE:   46  9 N
                                          LONGITUDE: 123 53 W

[TEMPERATURE DATA]      [PRECIPITATION DATA]       SYMBOLS USED IN COLUMN 16

AVERAGE MONTHLY: 48.5   TOTAL FOR MONTH:  10.40    1 = FOG OR MIST
DPTR FM NORMAL:   6.0   DPTR FM NORMAL:    1.74    2 = FOG REDUCING VISIBILITY
HIGHEST:    63 ON 11,10 GRTST 24HR  2.42 ON 19-20      TO 1/4 MILE OR LESS
LOWEST:     28 ON  1                               3 = THUNDER
                        SNOW, ICE PELLETS, HAIL    4 = ICE PELLETS
                        TOTAL MONTH:   0.0 INCH    5 = HAIL
                        GRTST 24HR     0.0         6 = FREEZING RAIN OR DRIZZLE
                        GRTST DEPTH:   0           7 = DUSTSTORM OR SANDSTORM:
                                                       VSBY 1/2 MILE OR LESS
                                                   8 = SMOKE OR HAZE
[NO. OF DAYS WITH]      [WEATHER - DAYS WITH]      9 = BLOWING SNOW
                                                   X = TORNADO
MAX 32 OR BELOW:   0    0.01 INCH OR MORE:  21
MAX 90 OR ABOVE:   0    0.10 INCH OR MORE:  16
MIN 32 OR BELOW:   2    0.50 INCH OR MORE:   7
MIN  0 OR BELOW:   0    1.00 INCH OR MORE:   3

[HDD (BASE 65) ]
TOTAL THIS MO.   440    CLEAR  (SCALE 0-3)   4
DPTR FM NORMAL  -167    PTCLDY (SCALE 4-7)   8
TOTAL FM JUL 1  1427    CLOUDY (SCALE 8-10) 15
DPTR FM NORMAL  -593

[CDD (BASE 65) ]
TOTAL THIS MO.     0
DPTR FM NORMAL     0    [PRESSURE DATA]
TOTAL FM JAN 1    45    HIGHEST SLP M ON M
DPTR FM NORMAL    33    LOWEST  SLP 29.12 ON 11

[REMARKS]
