000
CXUS52 KFFC 241110
CF6ATL
PRELIMINARY LOCAL CLIMATOLOGICAL DATA (WS FORM: F-6)

                                          STATION:   ATLANTA
                                          MONTH:     JANUARY
                                          YEAR:      2017
                                          LATITUDE:   33 39 N
                                          LONGITUDE:  84 26 W

  TEMPERATURE IN F:       :PCPN:    SNOW:  WIND      :SUNSHINE: SKY     :PK WND
================================================================================
1   2   3   4   5  6A  6B    7    8   9   10  11  12  13   14  15   16   17  18
                                     12Z  AVG MX 2MIN
DY MAX MIN AVG DEP HDD CDD  WTR  SNW DPTH SPD SPD DIR MIN PSBL S-S WX    SPD DR
================================================================================

 1  51  41  46   3  19   0 0.84  0.0    0  7.9 22 170   M    M  10 12     27 170
 2  59  50  55  12  10   0 2.26  0.0    0  7.5 32  80   M    M  10 123    36  70
 3  65  55  60  17   5   0 0.00  0.0    0  8.4 16 240   M    M   8 12     21 230
 4  55  38  47   4  18   0 0.00  0.0    0 12.9 25 330   M    M   8        32 340
 5  57  32  45   2  20   0 0.00  0.0    0  6.0 16 190   M    M   7        21 190
 6  46  31  39  -4  26   0 0.47  0.0    0 11.3 21 320   M    M  10 16     25 320
 7  31  21  26 -17  39   0 0.01  0.0    0 18.4 31 320   M    M   4 146    37 320
 8  35  15  25 -18  40   0 0.00  0.0    0  9.7 16 330   M    M   4        22 350
 9  45  27  36  -7  29   0 0.00  0.0    0  6.8 13 160   M    M   5        21 140
10  58  30  44   1  21   0 0.00  0.0    0  9.2 21 170   M    M   6        27 170
11  69  53  61  18   4   0 0.00  0.0    0  8.8 18 210   M    M   8        23 200
12  72  49  61  18   4   0 0.00  0.0    0  6.2 16 190   M    M   4        21 180
13  75  54  65  22   0   0 0.00  0.0    0  3.9 12 300   M    M   5        16 280
14  77  52  65  22   0   0 0.00  0.0    0  2.0 10 290   M    M   6 1      13 280
15  73  51  62  19   3   0 0.00  0.0    0  2.6 10 270   M    M   8        15 290
16  71  51  61  18   4   0 0.00  0.0    0  5.2 13  90   M    M   7        15  80
17  75  53  64  21   1   0 0.00  0.0    0  7.8 22 210   M    M   7 1      28 210
18  71  57  64  21   1   0 0.00  0.0    0  8.9 17 310   M    M   7        23 330
19  75  54  65  22   0   0 0.27  0.0    0  5.2 16 200   M    M   8 1      25 190
20  74  60  67  24   0   2 0.07  0.0    0  9.1 20 240   M    M   6 1      27 250
21  64  56  60  17   5   0 3.12  0.0    0  6.3 30  30   M    M   9 123    38 310
22  63  50  57  13   8   0 0.65  0.0    0 11.1 33 220   M    M  10 123    45 230
23  56  48  52   8  13   0 0.30  0.0    0 15.8 28 320   M    M   9 1      35 310
================================================================================
SM 1417 1028       270   2  7.99     0.0 191.0          M      166
================================================================================
AV 61.6 44.7                               8.3 FASTST   M    M   7    MAX(MPH)
                                 MISC ---->  # 33 220               # 45  230
================================================================================
NOTES:
# LAST OF SEVERAL OCCURRENCES

COLUMN 17 PEAK WIND IN M.P.H.

PRELIMINARY LOCAL CLIMATOLOGICAL DATA (WS FORM: F-6) , PAGE 2

                                          STATION:  ATLANTA
                                          MONTH:    JANUARY
                                          YEAR:     2017
                                          LATITUDE:   33 39 N
                                          LONGITUDE:  84 26 W

[TEMPERATURE DATA]      [PRECIPITATION DATA]       SYMBOLS USED IN COLUMN 16

AVERAGE MONTHLY: 53.2   TOTAL FOR MONTH:   7.99    1 = FOG OR MIST
DPTR FM NORMAL:  10.1   DPTR FM NORMAL:    5.01    2 = FOG REDUCING VISIBILITY
HIGHEST:    77 ON 14    GRTST 24HR  3.64 ON 21-22      TO 1/4 MILE OR LESS
LOWEST:     15 ON  8                               3 = THUNDER
                        SNOW, ICE PELLETS, HAIL    4 = ICE PELLETS
                        TOTAL MONTH:   0.0 INCH    5 = HAIL
                        GRTST 24HR     0.0         6 = FREEZING RAIN OR DRIZZLE
                        GRTST DEPTH:   0           7 = DUSTSTORM OR SANDSTORM:
                                                       VSBY 1/2 MILE OR LESS
                                                   8 = SMOKE OR HAZE
[NO. OF DAYS WITH]      [WEATHER - DAYS WITH]      9 = BLOWING SNOW
                                                   X = TORNADO
MAX 32 OR BELOW:   1    0.01 INCH OR MORE:   9
MAX 90 OR ABOVE:   0    0.10 INCH OR MORE:   7
MIN 32 OR BELOW:   6    0.50 INCH OR MORE:   4
MIN  0 OR BELOW:   0    1.00 INCH OR MORE:   2

[HDD (BASE 65) ]
TOTAL THIS MO.   270    CLEAR  (SCALE 0-3)   0
DPTR FM NORMAL  -235    PTCLDY (SCALE 4-7)  16
TOTAL FM JUL 1   983    CLOUDY (SCALE 8-10)  7
DPTR FM NORMAL  -603

[CDD (BASE 65) ]
TOTAL THIS MO.     2
DPTR FM NORMAL     2    [PRESSURE DATA]
TOTAL FM JAN 1     2    HIGHEST SLP M ON M
DPTR FM NORMAL     2    LOWEST  SLP 29.20 ON M

[REMARKS]
