000
CXUS52 KFFC 301110
CF6ATL
PRELIMINARY LOCAL CLIMATOLOGICAL DATA (WS FORM: F-6)

                                          STATION:   ATLANTA
                                          MONTH:     APRIL
                                          YEAR:      2017
                                          LATITUDE:   33 39 N
                                          LONGITUDE:  84 26 W

  TEMPERATURE IN F:       :PCPN:    SNOW:  WIND      :SUNSHINE: SKY     :PK WND
================================================================================
1   2   3   4   5  6A  6B    7    8   9   10  11  12  13   14  15   16   17  18
                                     12Z  AVG MX 2MIN
DY MAX MIN AVG DEP HDD CDD  WTR  SNW DPTH SPD SPD DIR MIN PSBL S-S WX    SPD DR
================================================================================

 1  77  51  64   6   1   0 0.00  0.0    0  9.6 17 320   M    M   1        25 340
 2  82  54  68   9   0   3 0.00  0.0    0  7.9 14  90   M    M   4        19 130
 3  69  59  64   5   1   0 0.53  0.0    0 12.0 30 320   M    M   9 13     39 320
 4  82  60  71  12   0   6 0.00  0.0    0  8.5 18 230   M    M   4 1      23 240
 5  67  60  64   5   1   0 4.27  0.0    0  9.8 28  10   M    M   9 13     34 350
 6  61  48  55  -5  10   0 0.00  0.0    0 17.8 36 290   M    M   6        45 320
 7  64  43  54  -6  11   0 0.00  0.0    0 13.7 26 320   M    M   1        39 290
 8  71  40  56  -4   9   0 0.00  0.0    0  6.0 13 360   M    M   2        17  10
 9  77  45  61   1   4   0 0.00  0.0    0  4.2 14 180   M    M   3        18 170
10  79  53  66   5   0   1 0.00  0.0    0  6.3 14 150   M    M   4        21 180
11  80  57  69   8   0   4 0.00  0.0    0  4.9 10 180   M    M   6        15 200
12  80  59  70   9   0   5 0.00  0.0    0  4.3 14  20   M    M   6        17 330
13  82  60  71  10   0   6 0.00  0.0    0  4.1 12  80   M    M   4        22  70
14  82  61  72  10   0   7 0.00  0.0    0  5.1 12 120   M    M   5 8      16 160
15  81  61  71   9   0   6 0.00  0.0    0  8.4 22 180   M    M   7        27 180
16  81  61  71   9   0   6 0.00  0.0    0  7.9 16 170   M    M   4        24 220
17  80  61  71   9   0   6    T  0.0    0  5.2 17 220   M    M   5 3      23 220
18  81  64  73  10   0   8 0.02  0.0    0  8.6 22  30   M    M   7 13     26  40
19  79  63  71   8   0   6 0.00  0.0    0  8.8 16  80   M    M   8        19  80
20  84  63  74  11   0   9    T  0.0    0  6.3 17 320   M    M   6        22 320
21  85  64  75  12   0  10 0.00  0.0    0  6.9 17 190   M    M   3        22 170
22  82  62  72   8   0   7 0.00  0.0    0  8.8 21  20   M    M   5        26 290
23  68  54  61  -3   4   0 0.84  0.0    0  9.8 23 300   M    M  10 13     33 300
24  65  52  59  -5   6   0 0.08  0.0    0  9.0 17  60   M    M   9 1      20  60
25  77  56  67   3   0   2    T  0.0    0  8.7 17 300   M    M   4        22 310
26  80  59  70   5   0   5 0.00  0.0    0  7.9 17 170   M    M   3        21 160
27  80  64  72   7   0   7 0.01  0.0    0 10.2 21 150   M    M   7 3      28 150
28  84  67  76  11   0  11    T  0.0    0  8.2 17 200   M    M   8 1      22 170
29  87  69  78  12   0  13 0.00  0.0    0  8.9 20 170   M    M   7        25 160
================================================================================
SM 2247 1670        47 128  5.75     0.0 237.8          M      157
================================================================================
AV 77.5 57.6                               8.2 FASTST   M    M   5    MAX(MPH)
                                 MISC ---->  # 36 290               # 45  320
================================================================================
NOTES:
# LAST OF SEVERAL OCCURRENCES

COLUMN 17 PEAK WIND IN M.P.H.

PRELIMINARY LOCAL CLIMATOLOGICAL DATA (WS FORM: F-6) , PAGE 2

                                          STATION:  ATLANTA
                                          MONTH:    APRIL
                                          YEAR:     2017
                                          LATITUDE:   33 39 N
                                          LONGITUDE:  84 26 W

[TEMPERATURE DATA]      [PRECIPITATION DATA]       SYMBOLS USED IN COLUMN 16

AVERAGE MONTHLY: 67.5   TOTAL FOR MONTH:   5.75    1 = FOG OR MIST
DPTR FM NORMAL:   5.6   DPTR FM NORMAL:    2.50    2 = FOG REDUCING VISIBILITY
HIGHEST:    87 ON 29    GRTST 24HR  4.27 ON  5- 5      TO 1/4 MILE OR LESS
LOWEST:     40 ON  8                               3 = THUNDER
                        SNOW, ICE PELLETS, HAIL    4 = ICE PELLETS
                        TOTAL MONTH:   0.0 INCH    5 = HAIL
                        GRTST 24HR     0.0         6 = FREEZING RAIN OR DRIZZLE
                        GRTST DEPTH:   0           7 = DUSTSTORM OR SANDSTORM:
                                                       VSBY 1/2 MILE OR LESS
                                                   8 = SMOKE OR HAZE
[NO. OF DAYS WITH]      [WEATHER - DAYS WITH]      9 = BLOWING SNOW
                                                   X = TORNADO
MAX 32 OR BELOW:   0    0.01 INCH OR MORE:   6
MAX 90 OR ABOVE:   0    0.10 INCH OR MORE:   3
MIN 32 OR BELOW:   0    0.50 INCH OR MORE:   3
MIN  0 OR BELOW:   0    1.00 INCH OR MORE:   1

[HDD (BASE 65) ]
TOTAL THIS MO.    47    CLEAR  (SCALE 0-3)   6
DPTR FM NORMAL   -94    PTCLDY (SCALE 4-7)  18
TOTAL FM JUL 1  1666    CLOUDY (SCALE 8-10)  5
DPTR FM NORMAL -1072

[CDD (BASE 65) ]
TOTAL THIS MO.   128
DPTR FM NORMAL    77    [PRESSURE DATA]
TOTAL FM JAN 1   178    HIGHEST SLP M ON M
DPTR FM NORMAL   114    LOWEST  SLP 29.59 ON  5

[REMARKS]
