110
CXUS53 KGID 170730
CF6AUH
PRELIMINARY LOCAL CLIMATOLOGICAL DATA (WS FORM: F-6)

                                          STATION:   AURORA
                                          MONTH:     FEBRUARY
                                          YEAR:      2018
                                          LATITUDE:   40 54 N
                                          LONGITUDE:  97 59 W

  TEMPERATURE IN F:       :PCPN:    SNOW:  WIND      :SUNSHINE: SKY     :PK WND
================================================================================
1   2   3   4   5  6A  6B    7    8   9   10  11  12  13   14  15   16   17  18
                                     12Z  AVG MX 2MIN
DY MAX MIN AVG DEP HDD CDD  WTR  SNW DPTH SPD SPD DIR MIN PSBL S-S WX    SPD DR
================================================================================

 1  34   9  22  -3  43   0 0.00    M    M 11.9 24 360   M    M   1        31 360
 2  42   8  25  -1  40   0 0.00    M    M 12.4 24 200   M    M   5        30 200
 3  56  20  38  12  27   0    T    M    M 15.5 22 350   M    M   6        29 360
 4  20  -1  10 -16  55   0    M    M    M 15.5 28 340   M    M   5 8      33 350
 5  21   3  12 -14  53   0    M    M    M 14.8 24 360   M    M   5        33 360
 6  11  -4   4 -22  61   0    M    M    M  4.6 13 350   M    M   7 1       M  M
 7  18   M   M   M   M   M 0.00    M    M  7.5 13 200   M    M   4         M  M
 8  25  13  19  -8  46   0 0.00    M    M  8.5 14 200   M    M   3         M  M
 9  19   5  12 -15  53   0    M    M    M 18.7 24  20   M    M  10 18     30  20
10  10  -2   4 -23  61   0    M    M    M  8.5 16 360   M    M   5         M  M
11  24  -6   9 -18  56   0 0.00    M    M  6.0 10 280   M    M   0         M  M
12  18  -4   7 -21  58   0 0.00    M    M 11.8 21 100   M    M   3         M  M
13  37  15  26  -2  39   0 0.00    M    M  9.1 16 180   M    M   1        20 210
14  44  19  32   4  33   0 0.00    M    M  7.7 12 210   M    M   0         M  M
15  41  21  31   3  34   0 0.00    M    M 14.0 32 360   M    M   3        36 360
16  34  10  22  -7  43   0    T    M    M 11.5 24 350   M    M   1        32 360
================================================================================
SM  454  106       702   0    T     M    178.0          M       59
================================================================================
AV 28.4  7.1                              11.1 FASTST   M    M   4    MAX(MPH)
                                 MISC ---->  # 32 360               # 36  360
================================================================================
NOTES:
# LAST OF SEVERAL OCCURRENCES

COLUMN 17 PEAK WIND IN M.P.H.

PRELIMINARY LOCAL CLIMATOLOGICAL DATA (WS FORM: F-6) , PAGE 2

                                          STATION:  AURORA
                                          MONTH:    FEBRUARY
                                          YEAR:     2018
                                          LATITUDE:   40 54 N
                                          LONGITUDE:  97 59 W

[TEMPERATURE DATA]      [PRECIPITATION DATA]       SYMBOLS USED IN COLUMN 16

AVERAGE MONTHLY: 17.7   TOTAL FOR MONTH:      T    1 = FOG OR MIST
DPTR FM NORMAL:  -9.2   DPTR FM NORMAL:   -0.38    2 = FOG REDUCING VISIBILITY
HIGHEST:    56 ON  3    GRTST 24HR    T  ON 16-16      TO 1/4 MILE OR LESS
LOWEST:     -6 ON 11                               3 = THUNDER
                        SNOW, ICE PELLETS, HAIL    4 = ICE PELLETS
                        TOTAL MONTH:    M          5 = HAIL
                        GRTST 24HR    M  ON   M    6 = FREEZING RAIN OR DRIZZLE
                        GRTST DEPTH:  M  ON   M    7 = DUSTSTORM OR SANDSTORM:
                                                       VSBY 1/2 MILE OR LESS
                                                   8 = SMOKE OR HAZE
[NO. OF DAYS WITH]      [WEATHER - DAYS WITH]      9 = BLOWING SNOW
                                                   X = TORNADO
MAX 32 OR BELOW:   9    0.01 INCH OR MORE:   0
MAX 90 OR ABOVE:   0    0.10 INCH OR MORE:   0
MIN 32 OR BELOW:  15    0.50 INCH OR MORE:   0
MIN  0 OR BELOW:   5    1.00 INCH OR MORE:   0

[HDD (BASE 65) ]
TOTAL THIS MO.   702    CLEAR  (SCALE 0-3)   8
DPTR FM NORMAL    92    PTCLDY (SCALE 4-7)   7
TOTAL FM JUL 1  4356    CLOUDY (SCALE 8-10)  1
DPTR FM NORMAL   -27

[CDD (BASE 65) ]
TOTAL THIS MO.     0
DPTR FM NORMAL     0    [PRESSURE DATA]
TOTAL FM JAN 1     0    HIGHEST SLP M ON M
DPTR FM NORMAL     0    LOWEST  SLP M ON M

[REMARKS]
