000
CXUS54 KBMX 201216
CF6AUO
PRELIMINARY LOCAL CLIMATOLOGICAL DATA (WS FORM: F-6)

                                          STATION:   AUBURN    AWOS
                                          MONTH:     AUGUST
                                          YEAR:      2014
                                          LATITUDE:   32 34 N
                                          LONGITUDE:  85 30 W

  TEMPERATURE IN F:       :PCPN:    SNOW:  WIND      :SUNSHINE: SKY     :PK WND
================================================================================
1   2   3   4   5  6A  6B    7    8   9   10  11  12  13   14  15   16   17  18
                                     12Z  AVG MX 2MIN
DY MAX MIN AVG DEP HDD CDD  WTR  SNW DPTH SPD SPD DIR MIN PSBL S-S WX    SPD DR
================================================================================

 1  81  68  75   M   0  10 0.00  0.0    0  6.6  9  70   M    M   5         M  M
 2  84  66  75   M   0  10 0.00  0.0    0  6.5 10  90   M    M   3         M  M
 3  86  68  77   M   0  12 0.56  0.0    0  5.5 14  50   M    M   5        20  50
 4  90  68  79   M   0  14 0.00  0.0    0  4.3  9  10   M    M   2         M  M
 5  88  68  78   M   0  13 0.00  0.0    0  3.3  8 200   M    M   1         M  M
 6  91  70  81   M   0  16 0.00  0.0    0  3.7 10 260   M    M   1        16 320
 7  91  72  82   M   0  17 0.19  0.0    0  2.3  6 290   M    M   1         M  M
 8  91  72  82   M   0  17 0.04  0.0    0  5.4 12  90   M    M   2 3      17  90
 9  91  70  81   M   0  16 0.15  0.0    0  3.8  8 210   M    M   2 3       M  M
10  82  70  76   M   0  11 0.19  0.0    0  3.3  8 280   M    M   5         M  M
11  84  72  78   M   0  13    M  0.0    0  3.8  8 160   M    M   5         M  M
12  84  70  77   M   0  12 0.02  0.0    0  6.0 13 230   M    M   6         M  M
13  84  66  75   M   0  10 0.00  0.0    0  6.2 10 300   M    M   1         M  M
14  82  63  73   M   0   8 0.00  0.0    0  6.6 10 340   M    M   0        16 310
15  86  63  75   M   0  10 0.00  0.0    0  4.1  7 240   M    M   1         M  M
16  88  64  76   M   0  11 0.00  0.0    0  2.8  9 270   M    M   1         M  M
17  86  70  78   M   0  13 0.00  0.0    0  5.2  9 200   M    M   3 3       M  M
18  84  68  76   M   0  11 0.07  0.0    0  7.3 12 220   M    M   5         M  M
19  86  66  76   M   0  11 0.00  0.0    0  7.0 16 230   M    M   4        22 230
================================================================================
SM 1639 1294         0 235  1.22     0.0  93.7          M       53
================================================================================
AV 86.3 68.1                               4.9 FASTST   M    M   3    MAX(MPH)
                                 MISC ---->    16   M                 22    M
================================================================================
NOTES:
# LAST OF SEVERAL OCCURRENCES

COLUMN 17 PEAK WIND IN M.P.H.

PRELIMINARY LOCAL CLIMATOLOGICAL DATA (WS FORM: F-6) , PAGE 2

                                          STATION:  AUBURN    AWOS
                                          MONTH:    AUGUST
                                          YEAR:     2014
                                          LATITUDE:   32 34 N
                                          LONGITUDE:  85 30 W

[TEMPERATURE DATA]      [PRECIPITATION DATA]       SYMBOLS USED IN COLUMN 16

AVERAGE MONTHLY: 77.2   TOTAL FOR MONTH:   1.22    1 = FOG OR MIST
DPTR FM NORMAL:     M   DPTR FM NORMAL:       M    2 = FOG REDUCING VISIBILITY
HIGHEST:    91 ON  9, 8 GRTST 24HR  0.56 ON  3- 3      TO 1/4 MILE OR LESS
LOWEST:     63 ON 15,14                            3 = THUNDER
                        SNOW, ICE PELLETS, HAIL    4 = ICE PELLETS
                        TOTAL MONTH:   0.0 INCH    5 = HAIL
                        GRTST 24HR     0.0         6 = FREEZING RAIN OR DRIZZLE
                        GRTST DEPTH:   0           7 = DUSTSTORM OR SANDSTORM:
                                                       VSBY 1/2 MILE OR LESS
                                                   8 = SMOKE OR HAZE
[NO. OF DAYS WITH]      [WEATHER - DAYS WITH]      9 = BLOWING SNOW
                                                   X = TORNADO
MAX 32 OR BELOW:   0    0.01 INCH OR MORE:   7
MAX 90 OR ABOVE:   5    0.10 INCH OR MORE:   4
MIN 32 OR BELOW:   0    0.50 INCH OR MORE:   1
MIN  0 OR BELOW:   0    1.00 INCH OR MORE:   0

[HDD (BASE 65) ]
TOTAL THIS MO.     0    CLEAR  (SCALE 0-3)  12
DPTR FM NORMAL     M    PTCLDY (SCALE 4-7)   7
TOTAL FM JUL 1     0    CLOUDY (SCALE 8-10)  0
DPTR FM NORMAL     M

[CDD (BASE 65) ]
TOTAL THIS MO.   235
DPTR FM NORMAL     M    [PRESSURE DATA]
TOTAL FM JAN 1  1166    HIGHEST SLP M ON M
DPTR FM NORMAL     M    LOWEST  SLP M ON M

[REMARKS]
