000
CXUS52 KGSP 310817
CF6AVL
PRELIMINARY LOCAL CLIMATOLOGICAL DATA (WS FORM: F-6)

                                          STATION:   ASHEVILLE NC
                                          MONTH:     OCTOBER
                                          YEAR:      2014
                                          LATITUDE:   35 25 N
                                          LONGITUDE:  82 33 W

  TEMPERATURE IN F:       :PCPN:    SNOW:  WIND      :SUNSHINE: SKY     :PK WND
================================================================================
1   2   3   4   5  6A  6B    7    8   9   10  11  12  13   14  15   16   17  18
                                     12Z  AVG MX 2MIN
DY MAX MIN AVG DEP HDD CDD  WTR  SNW DPTH SPD SPD DIR MIN PSBL S-S WX    SPD DR
================================================================================

 1  79  50  65   4   0   0    T  0.0    0  1.7  8 160   M    M   3 12     11 210
 2  80  56  68   7   0   3 0.00  0.0    0  2.3 13 180   M    M   5 128    16 210
 3  73  59  66   6   0   1 0.44  0.0    0  6.4 18 200   M    M   6 18     25 220
 4  61  37  49 -11  16   0 0.00  0.0    0 10.4 24 340   M    M   2        31 340
 5  63  33  48 -12  17   0 0.00  0.0    0  2.8 15 340   M    M   1        17 200
 6  68  39  54  -5  11   0 0.27  0.0    0  6.2 21 230   M    M   4 1      31 230
 7  69  53  61   2   4   0 0.23  0.0    0  7.6 21 190   M    M   6 1      29 170
 8  81  53  67   8   0   2 0.01  0.0    0  7.0 17 320   M    M   2        23 300
 9  79  50  65   7   0   0    T  0.0    0  3.5 20 350   M    M   3        26 350
10  81  58  70  12   0   5 0.00  0.0    0  6.5 20 210   M    M   5 1      26 220
11  77  60  69  11   0   4    T  0.0    0  4.2 16 330   M    M   2        20 330
12  62  55  59   1   6   0 0.31  0.0    0  6.0 15 170   M    M  10 1      18 170
13  69  55  62   5   3   0 0.27  0.0    0  6.9 15 150   M    M   6 1      22 130
14  68  55  62   5   3   0 2.41  0.0    0 11.5 30 160   M    M   8 128    41 160
15  68  48  58   1   7   0    T  0.0    0  1.9 15 230   M    M  10 12     20 210
16  62  47  55  -1  10   0 0.08  0.0    0  5.4 16 330   M    M   7 18     22 330
17  75  41  58   2   7   0 0.00  0.0    0  3.5 10 210   M    M   0 1      15 210
18  65  50  58   2   7   0    T  0.0    0 13.4 23 340   M    M   2        33 360
19  68  44  56   1   9   0 0.00  0.0    0 10.4 26 330   M    M   4        35 330
20  68  39  54  -1  11   0    T  0.0    0  3.8 16 190   M    M   2 12     21 190
21  67  42  55   0  10   0 0.00  0.0    0  9.2 26 350   M    M   2 12     34 340
22  57  44  51  -3  14   0 0.00  0.0    0 14.7 25 330   M    M   2        32 340
23  65  42  54   0  11   0 0.00  0.0    0 13.8 26 340   M    M   0        32 340
24  65  39  52  -2  13   0 0.00  0.0    0  5.3 12 330   M    M   0        14 360
25  71  39  55   1  10   0 0.00  0.0    0  5.6 16 360   M    M   1        21 350
26  75  43  59   6   6   0 0.00  0.0    0  5.1 16 360   M    M   0        22 340
27  78  40  59   6   6   0 0.00  0.0    0  2.9 12 150   M    M   0        17 120
28  78  44  61   8   4   0 0.00  0.0    0  5.8 21 190   M    M   0        26 210
29  65  47  56   4   9   0 0.01    M    0  8.3 26 340   M    M   4 1      32 350
30  63  39  51  -1  14   0 0.00  0.0    0  6.6 13 320   M    M   0        17 320
================================================================================
SM 2100 1401       208  15  4.03     0.0 198.7          M       97
================================================================================
AV 70.0 46.7                               6.6 FASTST   M    M   3    MAX(MPH)
                                 MISC ---->  # 30 160               # 41  160
================================================================================
NOTES:
# LAST OF SEVERAL OCCURRENCES

COLUMN 17 PEAK WIND IN M.P.H.

PRELIMINARY LOCAL CLIMATOLOGICAL DATA (WS FORM: F-6) , PAGE 2

                                          STATION:  ASHEVILLE NC
                                          MONTH:    OCTOBER
                                          YEAR:     2014
                                          LATITUDE:   35 25 N
                                          LONGITUDE:  82 33 W

[TEMPERATURE DATA]      [PRECIPITATION DATA]       SYMBOLS USED IN COLUMN 16

AVERAGE MONTHLY: 58.3   TOTAL FOR MONTH:   4.03    1 = FOG OR MIST
DPTR FM NORMAL:   1.9   DPTR FM NORMAL:    1.21    2 = FOG REDUCING VISIBILITY
HIGHEST:    81 ON 10, 8 GRTST 24HR  2.41 ON 14-14      TO 1/4 MILE OR LESS
LOWEST:     33 ON  5                               3 = THUNDER
                        SNOW, ICE PELLETS, HAIL    4 = ICE PELLETS
                        TOTAL MONTH:   0.0 INCH    5 = HAIL
                        GRTST 24HR     0.0         6 = FREEZING RAIN OR DRIZZLE
                        GRTST DEPTH:   0           7 = DUSTSTORM OR SANDSTORM:
                                                       VSBY 1/2 MILE OR LESS
                                                   8 = SMOKE OR HAZE
[NO. OF DAYS WITH]      [WEATHER - DAYS WITH]      9 = BLOWING SNOW
                                                   X = TORNADO
MAX 32 OR BELOW:   0    0.01 INCH OR MORE:   9
MAX 90 OR ABOVE:   0    0.10 INCH OR MORE:   6
MIN 32 OR BELOW:   0    0.50 INCH OR MORE:   1
MIN  0 OR BELOW:   0    1.00 INCH OR MORE:   1

[HDD (BASE 65) ]
TOTAL THIS MO.   208    CLEAR  (SCALE 0-3)  18
DPTR FM NORMAL   -56    PTCLDY (SCALE 4-7)   9
TOTAL FM JUL 1   227    CLOUDY (SCALE 8-10)  3
DPTR FM NORMAL   -94

[CDD (BASE 65) ]
TOTAL THIS MO.    15
DPTR FM NORMAL     8    [PRESSURE DATA]
TOTAL FM JAN 1   919    HIGHEST SLP M ON M
DPTR FM NORMAL    60    LOWEST  SLP 29.73 ON 14

[REMARKS]
