000
CXUS52 KGSP 230817
CF6AVL
PRELIMINARY LOCAL CLIMATOLOGICAL DATA (WS FORM: F-6)

                                          STATION:   ASHEVILLE NC
                                          MONTH:     MARCH
                                          YEAR:      2017
                                          LATITUDE:   35 25 N
                                          LONGITUDE:  82 33 W

  TEMPERATURE IN F:       :PCPN:    SNOW:  WIND      :SUNSHINE: SKY     :PK WND
================================================================================
1   2   3   4   5  6A  6B    7    8   9   10  11  12  13   14  15   16   17  18
                                     12Z  AVG MX 2MIN
DY MAX MIN AVG DEP HDD CDD  WTR  SNW DPTH SPD SPD DIR MIN PSBL S-S WX    SPD DR
================================================================================

 1  71  48  60  17   5   0 0.18  0.0    0 14.0 32 340   M    M   4 13     44 340
 2  51  35  43  -1  22   0 0.00  0.0    0 16.5 36 330   M    M   0        44 330
 3  48  28  38  -6  27   0 0.00  0.0    0 10.5 29 340   M    M   0        35 340
 4  59  28  44   0  21   0 0.00  0.0    0  4.2 17 350   M    M   0        22 350
 5  58  26  42  -2  23   0 0.00  0.0    0  4.1 14 120   M    M   0        20 160
 6  59  42  51   6  14   0 0.01  0.0    0  5.6 23 200   M    M   9        30 210
 7  61  51  56  11   9   0 0.09  0.0    0 11.4 22 210   M    M  10 1      30 210
 8  64  38  51   6  14   0    T  0.0    0 10.4 28 350   M    M   2        38 340
 9  72  29  51   6  14   0 0.00  0.0    0  3.1 17 210   M    M   0        22 210
10  60  37  49   3  16   0 0.20  0.0    0 13.6 33 330   M    M   4 13     41 340
11  39  32  36 -10  29   0 0.01  0.2    0 10.7 20 340   M    M   6        24 330
12  51  30  41  -5  24   0 0.21  1.8    2  8.2 16 350   M    M   4 1      21 340
13  43  27  35 -11  30   0 0.11  0.0    0  7.7 17 170   M    M   9 12     22 170
14  39  23  31 -15  34   0 0.06  0.1    0 16.1 29 340   M    M   9 8      37 330
15  32  19  26 -21  39   0    T    T    0 19.0 31 330   M    M   2        44 340
16  45  21  33 -14  32   0 0.00  0.0    0  9.2 17 340   M    M   0        23 340
17  59  22  41  -6  24   0 0.01  0.0    0  5.3 17 340   M    M   6        21 200
18  66  43  55   7  10   0 0.23  0.0    0 10.4 30 340   M    M   5 1      38 330
19  49  34  42  -6  23   0 0.00  0.0    0 13.8 32 340   M    M   5        43 330
20  68  27  48   0  17   0 0.00  0.0    0  3.2 15 350   M    M   1        20 340
21  80  43  62  14   3   0 0.55  0.0    0  4.9 18 350   M    M   1 13     30 340
22  57  37  47  -2  18   0 0.00  0.0    0 13.5 25 340   M    M   0        35 320
================================================================================
SM 1231  720       448   0  1.66     2.1 215.4          M       77
================================================================================
AV 56.0 32.7                               9.8 FASTST   M    M   4    MAX(MPH)
                                 MISC ---->  # 36 330               # 44  340
================================================================================
NOTES:
# LAST OF SEVERAL OCCURRENCES

COLUMN 17 PEAK WIND IN M.P.H.

PRELIMINARY LOCAL CLIMATOLOGICAL DATA (WS FORM: F-6) , PAGE 2

                                          STATION:  ASHEVILLE NC
                                          MONTH:    MARCH
                                          YEAR:     2017
                                          LATITUDE:   35 25 N
                                          LONGITUDE:  82 33 W

[TEMPERATURE DATA]      [PRECIPITATION DATA]       SYMBOLS USED IN COLUMN 16

AVERAGE MONTHLY: 44.3   TOTAL FOR MONTH:   1.66    1 = FOG OR MIST
DPTR FM NORMAL:  -1.6   DPTR FM NORMAL:   -1.04    2 = FOG REDUCING VISIBILITY
HIGHEST:    80 ON 21    GRTST 24HR  0.55 ON 21-21      TO 1/4 MILE OR LESS
LOWEST:     19 ON 15                               3 = THUNDER
                        SNOW, ICE PELLETS, HAIL    4 = ICE PELLETS
                        TOTAL MONTH:   2.1 INCHES  5 = HAIL
                        GRTST 24HR   1.8 ON   M    6 = FREEZING RAIN OR DRIZZLE
                        GRTST DEPTH:   2 ON 12     7 = DUSTSTORM OR SANDSTORM:
                                                       VSBY 1/2 MILE OR LESS
                                                   8 = SMOKE OR HAZE
[NO. OF DAYS WITH]      [WEATHER - DAYS WITH]      9 = BLOWING SNOW
                                                   X = TORNADO
MAX 32 OR BELOW:   1    0.01 INCH OR MORE:  11
MAX 90 OR ABOVE:   0    0.10 INCH OR MORE:   6
MIN 32 OR BELOW:  12    0.50 INCH OR MORE:   1
MIN  0 OR BELOW:   0    1.00 INCH OR MORE:   0

[HDD (BASE 65) ]
TOTAL THIS MO.   448    CLEAR  (SCALE 0-3)  11
DPTR FM NORMAL    30    PTCLDY (SCALE 4-7)   7
TOTAL FM JUL 1  2842    CLOUDY (SCALE 8-10)  4
DPTR FM NORMAL  -793

[CDD (BASE 65) ]
TOTAL THIS MO.     0
DPTR FM NORMAL     0    [PRESSURE DATA]
TOTAL FM JAN 1     0    HIGHEST SLP M ON M
DPTR FM NORMAL     0    LOWEST  SLP 29.72 ON 14

[REMARKS]
