000
CXUS53 KMPX 261000
CF6AXN
PRELIMINARY LOCAL CLIMATOLOGICAL DATA (WS FORM: F-6)

                                          STATION:   ALEXANDRIA MN
                                          MONTH:     MARCH
                                          YEAR:      2015
                                          LATITUDE:   45 52 N
                                          LONGITUDE:  95 23 W

  TEMPERATURE IN F:       :PCPN:    SNOW:  WIND      :SUNSHINE: SKY     :PK WND
================================================================================
1   2   3   4   5  6A  6B    7    8   9   10  11  12  13   14  15   16   17  18
                                     12Z  AVG MX 2MIN
DY MAX MIN AVG DEP HDD CDD  WTR  SNW DPTH SPD SPD DIR MIN PSBL S-S WX    SPD DR
================================================================================

 1  24   2  13  -8  52   0    M    M    M 12.3 22 300   M    M   4 18     27 290
 2  26  -1  13  -8  52   0    M    M    M 12.6 23 160   M    M   3        31 160
 3  23  -1  11 -11  54   0    M    M    M 18.4 29 310   M    M   9 18     35 310
 4   2 -11  -4 -26  69   0    M    M    M 11.7 22 310   M    M   1 8      27 320
 5  15 -17  -1 -24  66   0    M    M    M  9.5 16 190   M    M   0        20 190
 6  31  10  21  -2  44   0    M    M    M 10.4 18 210   M    M   3        22 290
 7  35  25  30   6  35   0    M    M    M 11.5 23 290   M    M   4        28 280
 8  42  28  35  11  30   0    M    M    M  9.7 16 280   M    M   1        28 310
 9  49  33  41  17  24   0    M    M    M  9.8 16 260   M    M   3        24 210
10  53  29  41  16  24   0    M    M    M  9.6 22 340   M    M   0        30 330
11  53  27  40  15  25   0    M    M    M  7.9 20 150   M    M   2        23 140
12  59  37  48  22  17   0    M    M    M 11.2 21 180   M    M   0 12     27 170
13  48  33  41  15  24   0    M    M    M 12.3 24 320   M    M   2 128    31 310
14  58  29  44  17  21   0    M    M    M  7.2 14 170   M    M   0 1      18 160
15  70  45  58  31   7   0    M    M    M 12.7 24 180   M    M   0        33 180
16  52  29  41  13  24   0    M    M    M 11.7 22 360   M    M   3        27  20
17  41  21  31   3  34   0    M    M    M  8.0 16  20   M    M   0        19  20
18  39  28  34   5  31   0    M    M    M  6.8 13 210   M    M   6 18     15 220
19  50  32  41  12  24   0    M    M    M 10.7 23 180   M    M   8        30 160
20  52  27  40  10  25   0    M    M    M  9.1 20 360   M    M   5 1      24 350
21  31  22  27  -3  38   0    M    M    M  9.0 17 360   M    M   4        22 360
22  34  26  30  -1  35   0    M    M    M 10.7 20  80   M    M   8 18     39 350
23  32  26  29  -2  36   0    M    M    M 11.7 20 150   M    M  10 1      23 150
24  33  27  30  -2  35   0    M    M    M 17.8 24 150   M    M  10 16     31 140
25  35  28  32   0  33   0    M    M    M 20.1 36 300   M    M   8 12     49 300
================================================================================
SM  987  534       859   0    M     M    282.4          M       94
================================================================================
AV 39.5 21.4                              11.3 FASTST   M    M   4    MAX(MPH)
                                 MISC ---->  # 36 300               # 49  300
================================================================================
NOTES:
# LAST OF SEVERAL OCCURRENCES

COLUMN 17 PEAK WIND IN M.P.H.

PRELIMINARY LOCAL CLIMATOLOGICAL DATA (WS FORM: F-6) , PAGE 2

                                          STATION:  ALEXANDRIA MN
                                          MONTH:    MARCH
                                          YEAR:     2015
                                          LATITUDE:   45 52 N
                                          LONGITUDE:  95 23 W

[TEMPERATURE DATA]      [PRECIPITATION DATA]       SYMBOLS USED IN COLUMN 16

AVERAGE MONTHLY: 30.4   TOTAL FOR MONTH:      M    1 = FOG OR MIST
DPTR FM NORMAL:   4.0   DPTR FM NORMAL:       M    2 = FOG REDUCING VISIBILITY
HIGHEST:    70 ON 15    GRTST 24HR    M  ON   M        TO 1/4 MILE OR LESS
LOWEST:    -17 ON  5                               3 = THUNDER
                        SNOW, ICE PELLETS, HAIL    4 = ICE PELLETS
                        TOTAL MONTH:    M          5 = HAIL
                        GRTST 24HR    M  ON   M    6 = FREEZING RAIN OR DRIZZLE
                        GRTST DEPTH:  M  ON   M    7 = DUSTSTORM OR SANDSTORM:
                                                       VSBY 1/2 MILE OR LESS
                                                   8 = SMOKE OR HAZE
[NO. OF DAYS WITH]      [WEATHER - DAYS WITH]      9 = BLOWING SNOW
                                                   X = TORNADO
MAX 32 OR BELOW:   8    0.01 INCH OR MORE:   0
MAX 90 OR ABOVE:   0    0.10 INCH OR MORE:   0
MIN 32 OR BELOW:  21    0.50 INCH OR MORE:   0
MIN  0 OR BELOW:   4    1.00 INCH OR MORE:   0

[HDD (BASE 65) ]
TOTAL THIS MO.   859    CLEAR  (SCALE 0-3)  13
DPTR FM NORMAL  -107    PTCLDY (SCALE 4-7)   8
TOTAL FM JUL 1  7351    CLOUDY (SCALE 8-10)  4
DPTR FM NORMAL  -208

[CDD (BASE 65) ]
TOTAL THIS MO.     0
DPTR FM NORMAL     0    [PRESSURE DATA]
TOTAL FM JAN 1     0    HIGHEST SLP M ON M
DPTR FM NORMAL     0    LOWEST  SLP 29.70 ON 16

[REMARKS]
