000
CXUS53 KMPX 271000
CF6AXN
PRELIMINARY LOCAL CLIMATOLOGICAL DATA (WS FORM: F-6)

                                          STATION:   ALEXANDRIA MN
                                          MONTH:     SEPTEMBER
                                          YEAR:      2016
                                          LATITUDE:   45 52 N
                                          LONGITUDE:  95 23 W

  TEMPERATURE IN F:       :PCPN:    SNOW:  WIND      :SUNSHINE: SKY     :PK WND
================================================================================
1   2   3   4   5  6A  6B    7    8   9   10  11  12  13   14  15   16   17  18
                                     12Z  AVG MX 2MIN
DY MAX MIN AVG DEP HDD CDD  WTR  SNW DPTH SPD SPD DIR MIN PSBL S-S WX    SPD DR
================================================================================

 1  76  57  67   2   0   2 0.00    M    M  8.1 15 150   M    M   0        19 150
 2  74  53  64   0   1   0    T    M    M 13.7 26 160   M    M   1        33 180
 3  76  62  69   5   0   4 0.00    M    M 17.5 28 150   M    M   2        35 150
 4  78  65  72   8   0   7 0.01    M    M 17.6 25 160   M    M   8 13     35 150
 5  77  65  71   8   0   6 0.87    M    M  9.4 22 160   M    M   9 13     28 170
 6  74  63  69   6   0   4 0.02    M    M  7.7 14 300   M    M   8 12     17  40
 7  75  60  68   6   0   3 0.17    M    M 10.5 20 240   M    M   7 13     28 230
 8  76  57  67   5   0   2 0.00    M    M  7.6 17 300   M    M   4        22 310
 9  67  55  61  -1   4   0    T    M    M  7.6 15 310   M    M   4        28  70
10  71  51  61   0   4   0 0.00    M    M  7.8 15 290   M    M   2        22 310
11  79  58  69   8   0   4 0.00    M    M 12.7 21 200   M    M   0        27 190
12  68  54  61   1   4   0 0.00    M    M 10.7 24 350   M    M   1        30 340
13  57  42  50 -10  15   0 0.00    M    M  8.6 17 330   M    M   4        24 330
14  66  36  51  -9  14   0 0.00    M    M  4.7 12 160   M    M   0        15 140
15  65  53  59   0   6   0 0.24    M    M  8.4 18 150   M    M   8 13     27 150
16  73  56  65   6   0   0 0.50    M    M  6.7 22 250   M    M   8 13     26 260
17  70  54  62   4   3   0 0.00    M    M  9.6 18 280   M    M   3 1      24 280
18  76  50  63   5   2   0 0.00    M    M  7.4 16 170   M    M   1        25 180
19  76  53  65   8   0   0 0.00    M    M  7.3 17 290   M    M   1        23 290
20  76  50  63   6   2   0 0.01    M    M  6.8 14 100   M    M   5        24 130
21  70  57  64   8   1   0 0.08    M    M 15.2 28  80   M    M   7 13     37  70
22  63  55  59   3   6   0 0.00    M    M 11.8 20  60   M    M  10 13     26  60
23  62  55  59   3   6   0 0.20    M    M 15.4 23 120   M    M   9 1      30 110
24  73  62  68  13   0   3 0.13    M    M 14.8 24 120   M    M   8 1      30 120
25  68  50  59   4   6   0 0.02    M    M 14.5 28 300   M    M   8 1      35 330
26  65  46  56   2   9   0 0.00    M    M 17.5 38 300   M    M   0        48 300
================================================================================
SM 1851 1419        83  35  2.25    M    279.6          M      118
================================================================================
AV 71.2 54.6                              10.8 FASTST   M    M   5    MAX(MPH)
                                 MISC ---->  # 38 300               # 48  300
================================================================================
NOTES:
# LAST OF SEVERAL OCCURRENCES

COLUMN 17 PEAK WIND IN M.P.H.

PRELIMINARY LOCAL CLIMATOLOGICAL DATA (WS FORM: F-6) , PAGE 2

                                          STATION:  ALEXANDRIA MN
                                          MONTH:    SEPTEMBER
                                          YEAR:     2016
                                          LATITUDE:   45 52 N
                                          LONGITUDE:  95 23 W

[TEMPERATURE DATA]      [PRECIPITATION DATA]       SYMBOLS USED IN COLUMN 16

AVERAGE MONTHLY: 62.9   TOTAL FOR MONTH:   2.25    1 = FOG OR MIST
DPTR FM NORMAL:   3.2   DPTR FM NORMAL:   -0.33    2 = FOG REDUCING VISIBILITY
HIGHEST:    79 ON 11    GRTST 24HR  0.88 ON  4- 5      TO 1/4 MILE OR LESS
LOWEST:     36 ON 14                               3 = THUNDER
                        SNOW, ICE PELLETS, HAIL    4 = ICE PELLETS
                        TOTAL MONTH:    M          5 = HAIL
                        GRTST 24HR    M  ON   M    6 = FREEZING RAIN OR DRIZZLE
                        GRTST DEPTH:  M  ON   M    7 = DUSTSTORM OR SANDSTORM:
                                                       VSBY 1/2 MILE OR LESS
                                                   8 = SMOKE OR HAZE
[NO. OF DAYS WITH]      [WEATHER - DAYS WITH]      9 = BLOWING SNOW
                                                   X = TORNADO
MAX 32 OR BELOW:   0    0.01 INCH OR MORE:  11
MAX 90 OR ABOVE:   0    0.10 INCH OR MORE:   6
MIN 32 OR BELOW:   0    0.50 INCH OR MORE:   2
MIN  0 OR BELOW:   0    1.00 INCH OR MORE:   0

[HDD (BASE 65) ]
TOTAL THIS MO.    83    CLEAR  (SCALE 0-3)  10
DPTR FM NORMAL   -90    PTCLDY (SCALE 4-7)  11
TOTAL FM JUL 1   104    CLOUDY (SCALE 8-10)  5
DPTR FM NORMAL  -120

[CDD (BASE 65) ]
TOTAL THIS MO.    35
DPTR FM NORMAL     4    [PRESSURE DATA]
TOTAL FM JAN 1   540    HIGHEST SLP M ON M
DPTR FM NORMAL    64    LOWEST  SLP 29.68 ON 18

[REMARKS]
