000
CXUS53 KGRR 241017
CF6AZO
PRELIMINARY LOCAL CLIMATOLOGICAL DATA (WS FORM: F-6)

                                          STATION:   KALAMAZOO MI
                                          MONTH:     APRIL
                                          YEAR:      2014
                                          LATITUDE:   42 13 N
                                          LONGITUDE:  85 33 W

  TEMPERATURE IN F:       :PCPN:    SNOW:  WIND      :SUNSHINE: SKY     :PK WND
================================================================================
1   2   3   4   5  6A  6B    7    8   9   10  11  12  13   14  15   16   17  18
                                     12Z  AVG MX 2MIN
DY MAX MIN AVG DEP HDD CDD  WTR  SNW DPTH SPD SPD DIR MIN PSBL S-S WX    SPD DR
================================================================================

 1  53  37  45   2  20   0 0.09    M    M 13.9 26 260   M    M   5        35 270
 2  56  28  42  -2  23   0 0.00    M    M  4.3 12 320   M    M   3 8      16  50
 3  46  33  40  -4  25   0 0.65    M    M 11.3 21  90   M    M  10 16     31 110
 4  46  33  40  -4  25   0 0.19    M    M 13.3 28 250   M    M  10 128    37 250
 5  48  29  39  -6  26   0    T    M    M 10.3 24 300   M    M   4 6      32 300
 6  55  24  40  -5  25   0 0.00    M    M  4.7 13 190   M    M   0        17 190
 7  53  30  42  -4  23   0 0.12    M    M  4.3 14  30   M    M   5 1      19  30
 8  58  36  47   1  18   0    T    M    M  9.2 21 310   M    M   4        26 340
 9  59  32  46   0  19   0 0.00    M    M  7.1 18 240   M    M   2        23 280
10  68  40  54   7  11   0    T    M    M 12.5 26 220   M    M   2        34 220
11  68  30  49   2  16   0 0.00    M    M  3.9 17 270   M    M   1        22 280
12  74  38  56   8   9   0    T    M    M  9.5 23 180   M    M   4        29 180
13  73  49  61  13   4   0 0.06    M    M 10.5 25 230   M    M   7 3      33 240
14  65  28  47  -1  18   0 0.17    M    M 16.6 33 240   M    M  10 13     43 240
15  35  23  29 -20  36   0    T    M    M 14.2 28 340   M    M   5 18     35 320
16  48  22  35 -14  30   0 0.00    M    M  9.0 18 170   M    M   0        26 170
17  67  36  52   2  13   0 0.00    M    M  9.8 24 200   M    M   0        29 210
18  63  36  50   0  15   0 0.01    M    M  5.5 17 320   M    M   4 18     23 330
19  63  36  50   0  15   0 0.00    M    M  7.3 14  90   M    M   0        19 130
20  73  39  56   5   9   0 0.00    M    M  7.1 15 180   M    M   0        20 190
21  79  51  65  14   0   0 0.07    M    M  8.8 24 250   M    M   4        31 230
22  59  38  49  -3  16   0 0.00    M    M 15.9 28 320   M    M   6 1      39 350
23  57  31  44  -8  21   0 0.00    M    M  8.4 23 350   M    M   0        28 350
================================================================================
SM 1366  779       417   0  1.36    M    217.4          M       86
================================================================================
AV 59.4 33.9                               9.5 FASTST   M    M   4    MAX(MPH)
                                 MISC ---->  # 33 240               # 43  240
================================================================================
NOTES:
# LAST OF SEVERAL OCCURRENCES

COLUMN 17 PEAK WIND IN M.P.H.

PRELIMINARY LOCAL CLIMATOLOGICAL DATA (WS FORM: F-6) , PAGE 2

                                          STATION:  KALAMAZOO MI
                                          MONTH:    APRIL
                                          YEAR:     2014
                                          LATITUDE:   42 13 N
                                          LONGITUDE:  85 33 W

[TEMPERATURE DATA]      [PRECIPITATION DATA]       SYMBOLS USED IN COLUMN 16

AVERAGE MONTHLY: 46.6   TOTAL FOR MONTH:   1.36    1 = FOG OR MIST
DPTR FM NORMAL:  -1.0   DPTR FM NORMAL:   -0.86    2 = FOG REDUCING VISIBILITY
HIGHEST:    79 ON 21    GRTST 24HR  0.69 ON  3- 4      TO 1/4 MILE OR LESS
LOWEST:     22 ON 16                               3 = THUNDER
                        SNOW, ICE PELLETS, HAIL    4 = ICE PELLETS
                        TOTAL MONTH:    M          5 = HAIL
                        GRTST 24HR    M  ON   M    6 = FREEZING RAIN OR DRIZZLE
                        GRTST DEPTH:  M  ON   M    7 = DUSTSTORM OR SANDSTORM:
                                                       VSBY 1/2 MILE OR LESS
                                                   8 = SMOKE OR HAZE
[NO. OF DAYS WITH]      [WEATHER - DAYS WITH]      9 = BLOWING SNOW
                                                   X = TORNADO
MAX 32 OR BELOW:   0    0.01 INCH OR MORE:   8
MAX 90 OR ABOVE:   0    0.10 INCH OR MORE:   4
MIN 32 OR BELOW:  10    0.50 INCH OR MORE:   1
MIN  0 OR BELOW:   0    1.00 INCH OR MORE:   0

[HDD (BASE 65) ]
TOTAL THIS MO.   417    CLEAR  (SCALE 0-3)  10
DPTR FM NORMAL    16    PTCLDY (SCALE 4-7)  10
TOTAL FM JUL 1  6744    CLOUDY (SCALE 8-10)  3
DPTR FM NORMAL   686

[CDD (BASE 65) ]
TOTAL THIS MO.     0
DPTR FM NORMAL     0    [PRESSURE DATA]
TOTAL FM JAN 1     0    HIGHEST SLP M ON M
DPTR FM NORMAL     0    LOWEST  SLP 29.32 ON 14

[REMARKS]
