326
CXUS54 KEWX 300910
CF6BAZ
PRELIMINARY LOCAL CLIMATOLOGICAL DATA (WS FORM: F-6)

                                          STATION:   NEW BRAUNFELS
                                          MONTH:     APRIL
                                          YEAR:      2017
                                          LATITUDE:   29 43 N
                                          LONGITUDE:  98  3 W

  TEMPERATURE IN F:       :PCPN:    SNOW:  WIND      :SUNSHINE: SKY     :PK WND
================================================================================
1   2   3   4   5  6A  6B    7    8   9   10  11  12  13   14  15   16   17  18
                                     12Z  AVG MX 2MIN
DY MAX MIN AVG DEP HDD CDD  WTR  SNW DPTH SPD SPD DIR MIN PSBL S-S WX    SPD DR
================================================================================

 1  81  65  73   7   0   8 0.01    M    M 15.1 28 140   M    M  10        33 150
 2  81  56  69   3   0   4 0.49    M    M  9.2 24 310   M    M   6 13     32 310
 3  87  49  68   2   0   3 0.00    M    M  9.6 21 240   M    M   0        27 240
 4  90  53  72   5   0   7 0.00    M    M  8.4 23 320   M    M   0 1      29 190
 5  76  50  63  -4   2   0 0.00    M    M 13.5 35 360   M    M   0        43 360
 6  78  43  61  -6   4   0 0.00    M    M  5.3 13 120   M    M   0        19 110
 7  80  47  64  -3   1   0 0.00    M    M  9.3 20 170   M    M   0        26 160
 8  84  52  68   0   0   3 0.00    M    M 12.6 24 180   M    M   3        30 180
 9  83  63  73   5   0   8 0.00    M    M 14.4 23 150   M    M   9        27 200
10  82  71  77   9   0  12 0.05    M    M 11.0 22 160   M    M  10 1      26 160
11  73  63  68   0   0   3 2.55    M    M  8.2 29  30   M    M  10 123    37  30
12  80  62  71   3   0   6 0.00    M    M  8.0 15 100   M    M   8 1      19  90
13  85  63  74   5   0   9 0.00    M    M  8.0 21 150   M    M   5 1      25 160
14  84  60  72   3   0   7 0.00    M    M  9.1 16 160   M    M   5 12     20 160
15  86  67  77   8   0  12 0.00    M    M 11.8 21 140   M    M   7 1      26 140
16  85  68  77   8   0  12 0.00    M    M 10.7 22 140   M    M   6 1      27 150
17  79  61  70   0   0   5 1.11    M    M  6.2 24 180   M    M   8 13     30 170
18  82  58  70   0   0   5 0.00    M    M  7.4 15  80   M    M   3 1      20  80
19  86  67  77   7   0  12 0.00    M    M  6.4 15 140   M    M   6 1      17 140
20  88  69  79   9   0  14 0.00    M    M  9.9 17 180   M    M   6 1      29 170
21  89  70  80  10   0  15 0.00    M    M 13.3 22 210   M    M   6        28 210
22  72  60  66  -5   0   1 0.01    M    M 13.4 23  10   M    M  10 1      30  10
23  78  51  65  -6   0   0 0.00    M    M 10.3 22  10   M    M   1        27  20
24  83  47  65  -6   0   0 0.00    M    M  9.1 18 180   M    M   0        25 170
25  91  60  76   5   0  11 0.00    M    M 13.5 23 160   M    M   6        28 150
26  94  56  75   3   0  10 0.00    M    M 12.9 29 320   M    M   3        35 310
27  86  48  67  -5   0   2 0.00    M    M  8.1 20 170   M    M   0        25 160
28  94  69  82  10   0  17 0.00    M    M 13.2 23 150   M    M   4 18     30 150
29  92  67  80   8   0  15 0.03  0.0    0 16.4 31 350   M    M   9 138    41 360
================================================================================
SM 2429 1715         7 201  4.25     0.0 304.3          M      141
================================================================================
AV 83.8 59.1                              10.5 FASTST   M    M   5    MAX(MPH)
                                 MISC ---->  # 35 360               # 43  360
================================================================================
NOTES:
# LAST OF SEVERAL OCCURRENCES

COLUMN 17 PEAK WIND IN M.P.H.

PRELIMINARY LOCAL CLIMATOLOGICAL DATA (WS FORM: F-6) , PAGE 2

                                          STATION:  NEW BRAUNFELS
                                          MONTH:    APRIL
                                          YEAR:     2017
                                          LATITUDE:   29 43 N
                                          LONGITUDE:  98  3 W

[TEMPERATURE DATA]      [PRECIPITATION DATA]       SYMBOLS USED IN COLUMN 16

AVERAGE MONTHLY: 71.5   TOTAL FOR MONTH:   4.25    1 = FOG OR MIST
DPTR FM NORMAL:   2.3   DPTR FM NORMAL:    2.06    2 = FOG REDUCING VISIBILITY
HIGHEST:    94 ON 28,26 GRTST 24HR  2.55 ON 11-11      TO 1/4 MILE OR LESS
LOWEST:     43 ON  6                               3 = THUNDER
                        SNOW, ICE PELLETS, HAIL    4 = ICE PELLETS
                        TOTAL MONTH:   0.0 INCH    5 = HAIL
                        GRTST 24HR     0.0         6 = FREEZING RAIN OR DRIZZLE
                        GRTST DEPTH:   0           7 = DUSTSTORM OR SANDSTORM:
                                                       VSBY 1/2 MILE OR LESS
                                                   8 = SMOKE OR HAZE
[NO. OF DAYS WITH]      [WEATHER - DAYS WITH]      9 = BLOWING SNOW
                                                   X = TORNADO
MAX 32 OR BELOW:   0    0.01 INCH OR MORE:   7
MAX 90 OR ABOVE:   5    0.10 INCH OR MORE:   3
MIN 32 OR BELOW:   0    0.50 INCH OR MORE:   2
MIN  0 OR BELOW:   0    1.00 INCH OR MORE:   2

[HDD (BASE 65) ]
TOTAL THIS MO.     7    CLEAR  (SCALE 0-3)  11
DPTR FM NORMAL   -31    PTCLDY (SCALE 4-7)  12
TOTAL FM JUL 1   794    CLOUDY (SCALE 8-10)  6
DPTR FM NORMAL  -761

[CDD (BASE 65) ]
TOTAL THIS MO.   201
DPTR FM NORMAL    44    [PRESSURE DATA]
TOTAL FM JAN 1   480    HIGHEST SLP M ON M
DPTR FM NORMAL   239    LOWEST  SLP 29.39 ON 26

[REMARKS]
