000
CXUS51 KBOX 201200
CF6BDL
PRELIMINARY LOCAL CLIMATOLOGICAL DATA (WS FORM: F-6)

                                          STATION:   HARTFORD CT
                                          MONTH:     NOVEMBER
                                          YEAR:      2017
                                          LATITUDE:   41 55 N
                                          LONGITUDE:  72 41 W

  TEMPERATURE IN F:       :PCPN:    SNOW:  WIND      :SUNSHINE: SKY     :PK WND
================================================================================
1   2   3   4   5  6A  6B    7    8   9   10  11  12  13   14  15   16   17  18
                                     12Z  AVG MX 2MIN
DY MAX MIN AVG DEP HDD CDD  WTR  SNW DPTH SPD SPD DIR MIN PSBL S-S WX    SPD DR
================================================================================

 1  46  30  38  -9  27   0 0.02  0.0    0  1.3  8 290   M    M   9         9 350
 2  72  46  59  12   6   0    T  0.0    0  6.3 16 170   M    M   8 18     21 180
 3  77  46  62  16   3   0 0.02  0.0    0  9.7 22 340   M    M   7 1      32 320
 4  57  38  48   2  17   0 0.00  0.0    0  5.0 16  30   M    M   7        19  10
 5  52  41  47   1  18   0 0.01  0.0    0  4.4 12  20   M    M  10 1      14  20
 6  66  45  56  10   9   0 0.04  0.0    0  9.4 22 310   M    M   8 12     29 320
 7  48  35  42  -3  23   0 0.09    T    0  9.5 18  50   M    M   7        22  60
 8  48  28  38  -7  27   0    T    T    0  6.4 15  10   M    M   5        17  30
 9  51  24  38  -7  27   0    T  0.0    0  4.0 12 190   M    M   4 1      16 190
10  48  21  35  -9  30   0    T  0.0    0 16.0 31 290   M    M   2        42 310
11  38  19  29 -15  36   0 0.00  0.0    0  6.9 14  20   M    M   3        21 340
12  46  21  34 -10  31   0 0.00  0.0    0  2.3  9 150   M    M   5        13 180
13  42  29  36  -7  29   0 0.01  0.0    0  4.9 10  10   M    M   9        13  10
14  40  29  35  -8  30   0 0.05    T    0  6.7 12  10   M    M  10 1      17  10
15  47  24  36  -7  29   0 0.00  0.0    0  3.0  9 150   M    M   3        11 180
16  47  36  42   0  23   0 0.25  0.0    0  5.5 20 310   M    M   8 13     27 300
17  43  24  34  -8  31   0 0.00  0.0    0 12.1 28 310   M    M   3        40 290
18  39  21  30 -12  35   0 0.08  0.0    0  1.4  9  40   M    M   7 1      10  40
19  57  35  46   5  19   0 0.29  0.0    0 13.1 35 280   M    M   8 1      42 310
================================================================================
SM  964  592       450   0  0.86    T    127.9          M      123
================================================================================
AV 50.7 31.2                               6.7 FASTST   M    M   6    MAX(MPH)
                                 MISC ---->  # 35 280               # 42  310
================================================================================
NOTES:
# LAST OF SEVERAL OCCURRENCES

COLUMN 17 PEAK WIND IN M.P.H.

PRELIMINARY LOCAL CLIMATOLOGICAL DATA (WS FORM: F-6) , PAGE 2

                                          STATION:  HARTFORD CT
                                          MONTH:    NOVEMBER
                                          YEAR:     2017
                                          LATITUDE:   41 55 N
                                          LONGITUDE:  72 41 W

[TEMPERATURE DATA]      [PRECIPITATION DATA]       SYMBOLS USED IN COLUMN 16

AVERAGE MONTHLY: 41.0   TOTAL FOR MONTH:   0.86    1 = FOG OR MIST
DPTR FM NORMAL:  -3.3   DPTR FM NORMAL:   -1.57    2 = FOG REDUCING VISIBILITY
HIGHEST:    77 ON  3    GRTST 24HR  0.29 ON 19-19      TO 1/4 MILE OR LESS
LOWEST:     19 ON 11                               3 = THUNDER
                        SNOW, ICE PELLETS, HAIL    4 = ICE PELLETS
                        TOTAL MONTH:    T          5 = HAIL
                        GRTST 24HR    T  ON 14-14  6 = FREEZING RAIN OR DRIZZLE
                        GRTST DEPTH:   0           7 = DUSTSTORM OR SANDSTORM:
                                                       VSBY 1/2 MILE OR LESS
                                                   8 = SMOKE OR HAZE
[NO. OF DAYS WITH]      [WEATHER - DAYS WITH]      9 = BLOWING SNOW
                                                   X = TORNADO
MAX 32 OR BELOW:   0    0.01 INCH OR MORE:  10
MAX 90 OR ABOVE:   0    0.10 INCH OR MORE:   2
MIN 32 OR BELOW:  11    0.50 INCH OR MORE:   0
MIN  0 OR BELOW:   0    1.00 INCH OR MORE:   0

[HDD (BASE 65) ]
TOTAL THIS MO.   450    CLEAR  (SCALE 0-3)   2
DPTR FM NORMAL    56    PTCLDY (SCALE 4-7)  12
TOTAL FM JUL 1   711    CLOUDY (SCALE 8-10)  5
DPTR FM NORMAL  -212

[CDD (BASE 65) ]
TOTAL THIS MO.     0
DPTR FM NORMAL     0    [PRESSURE DATA]
TOTAL FM JAN 1   865    HIGHEST SLP M ON M
DPTR FM NORMAL   109    LOWEST  SLP 29.11 ON 19

[REMARKS]
