000
CXUS51 KOKX 230702
CF6BDR
PRELIMINARY LOCAL CLIMATOLOGICAL DATA (WS FORM: F-6)

                                          STATION:   BRIDGEPORT CT
                                          MONTH:     MAY
                                          YEAR:      2017
                                          LATITUDE:   41 10 N
                                          LONGITUDE:  73  8 W

  TEMPERATURE IN F:       :PCPN:    SNOW:  WIND      :SUNSHINE: SKY     :PK WND
================================================================================
1   2   3   4   5  6A  6B    7    8   9   10  11  12  13   14  15   16   17  18
                                     12Z  AVG MX 2MIN
DY MAX MIN AVG DEP HDD CDD  WTR  SNW DPTH SPD SPD DIR MIN PSBL S-S WX    SPD DR
================================================================================

 1  65  48  57   3   8   0 0.00  0.0    0 11.0 22 190   M    M   7 18     32 190
 2  77  58  68  13   0   3    T  0.0    0 13.8 29 290   M    M   6 1      41 260
 3  67  49  58   3   7   0 0.00  0.0    0 13.0 26 300   M    M   4        34 290
 4  61  41  51  -4  14   0 0.00  0.0    0  7.8 16 100   M    M   0        21 160
 5  57  50  54  -2  11   0 1.23  0.0    0 14.4 29  70   M    M   9 12     35  60
 6  65  56  61   5   4   0 0.20  0.0    0 12.2 21 180   M    M   7 1      29 160
 7  59  47  53  -3  12   0    T  0.0    0 12.4 18 220   M    M   7        23 230
 8  59  45  52  -5  13   0 0.00  0.0    0  9.5 23 310   M    M   4        31 300
 9  55  42  49  -8  16   0 0.00  0.0    0  6.9 13 120   M    M   8        16 110
10  63  45  54  -3  11   0 0.00  0.0    0  5.8 13  10   M    M   6        17  20
11  60  44  52  -6  13   0 0.00  0.0    0  6.1 13 180   M    M   2        17 130
12  61  49  55  -3  10   0 0.00  0.0    0  8.8 17 140   M    M   5        23 120
13  53  47  50  -8  15   0 1.18  0.0    0 15.0 29  80   M    M  10 1      35  90
14  69  46  58   0   7   0 0.11  0.0    0 12.1 31 310   M    M   6        40 300
15  69  52  61   2   4   0    T  0.0    0 13.8 29 340   M    M   4        39 300
16  76  53  65   6   0   0 0.00  0.0    0  7.9 18 220   M    M   0        23 220
17  83  55  69  10   0   4 0.00  0.0    0  9.5 22 200   M    M   0        28 200
18  93  66  80  20   0  15 0.00  0.0    0 12.0 25 200   M    M   0        32 200
19  89  66  78  18   0  13 0.00  0.0    0 10.7 20 350   M    M   1        26 350
20  66  56  61   1   4   0 0.00  0.0    0 10.1 20  30   M    M   4        26  30
21  66  50  58  -3   7   0 0.00  0.0    0  5.8 13 190   M    M   1        15 200
22  59  53  56  -5   9   0 0.72  0.0    0  7.4 15  60   M    M  10 18     19 100
================================================================================
SM 1472 1118       165  35  3.44     0.0 226.0          M      101
================================================================================
AV 66.9 50.8                              10.3 FASTST   M    M   5    MAX(MPH)
                                 MISC ---->  # 31 310               # 41  260
================================================================================
NOTES:
# LAST OF SEVERAL OCCURRENCES

COLUMN 17 PEAK WIND IN M.P.H.

PRELIMINARY LOCAL CLIMATOLOGICAL DATA (WS FORM: F-6) , PAGE 2

                                          STATION:  BRIDGEPORT CT
                                          MONTH:    MAY
                                          YEAR:     2017
                                          LATITUDE:   41 10 N
                                          LONGITUDE:  73  8 W

[TEMPERATURE DATA]      [PRECIPITATION DATA]       SYMBOLS USED IN COLUMN 16

AVERAGE MONTHLY: 58.9   TOTAL FOR MONTH:   3.44    1 = FOG OR MIST
DPTR FM NORMAL:   1.2   DPTR FM NORMAL:    0.87    2 = FOG REDUCING VISIBILITY
HIGHEST:    93 ON 18    GRTST 24HR  1.23 ON  5- 5      TO 1/4 MILE OR LESS
LOWEST:     41 ON  4                               3 = THUNDER
                        SNOW, ICE PELLETS, HAIL    4 = ICE PELLETS
                        TOTAL MONTH:   0.0 INCH    5 = HAIL
                        GRTST 24HR     0.0         6 = FREEZING RAIN OR DRIZZLE
                        GRTST DEPTH:   0           7 = DUSTSTORM OR SANDSTORM:
                                                       VSBY 1/2 MILE OR LESS
                                                   8 = SMOKE OR HAZE
[NO. OF DAYS WITH]      [WEATHER - DAYS WITH]      9 = BLOWING SNOW
                                                   X = TORNADO
MAX 32 OR BELOW:   0    0.01 INCH OR MORE:   5
MAX 90 OR ABOVE:   1    0.10 INCH OR MORE:   5
MIN 32 OR BELOW:   0    0.50 INCH OR MORE:   3
MIN  0 OR BELOW:   0    1.00 INCH OR MORE:   2

[HDD (BASE 65) ]
TOTAL THIS MO.   165    CLEAR  (SCALE 0-3)   7
DPTR FM NORMAL    -5    PTCLDY (SCALE 4-7)  12
TOTAL FM JUL 1  4511    CLOUDY (SCALE 8-10)  3
DPTR FM NORMAL  -814

[CDD (BASE 65) ]
TOTAL THIS MO.    35
DPTR FM NORMAL    27    [PRESSURE DATA]
TOTAL FM JAN 1    43    HIGHEST SLP M ON M
DPTR FM NORMAL    33    LOWEST  SLP 29.35 ON  6

[REMARKS]
