000
CXUS55 KBOU 271205
CF6BDU
PRELIMINARY LOCAL CLIMATOLOGICAL DATA (WS FORM: F-6)

                                          STATION:   Boulder Airport
                                          MONTH:     FEBRUARY
                                          YEAR:      2015
                                          LATITUDE:   40  2 N
                                          LONGITUDE: 105 14 W

  TEMPERATURE IN F:       :PCPN:    SNOW:  WIND      :SUNSHINE: SKY     :PK WND
================================================================================
1   2   3   4   5  6A  6B    7    8   9   10  11  12  13   14  15   16   17  18
                                     12Z  AVG MX 2MIN
DY MAX MIN AVG DEP HDD CDD  WTR  SNW DPTH SPD SPD DIR MIN PSBL S-S WX    SPD DR
================================================================================

 1  30  18  24   M  41   0    M    M    M  1.9  7 330   M    M   6         M  M
 2  52  18  35   M  30   0    M    M    M  4.4 15 260   M    M   0        25 290
 3  61  41  51   M  14   0    M    M    M  6.3 18 260   M    M   3        32 200
 4  52  19  36   M  29   0    M    M    M  4.5 16 360   M    M   7 18     30 290
 5  61  21  41   M  24   0    M    M    M  6.4 18 230   M    M   0        25 230
 6  72  41  57   M   8   0    M    M    M  6.1 25 290   M    M   0        32 290
 7  72  46  59   M   6   0    M    M    M 11.7 35 270   M    M   0        47 260
 8  64  45  55   M  10   0    M    M    M 13.3 36 270   M    M   0        45 260
 9  70  34  52   M  13   0    M    M    M  6.1 23 270   M    M   0        31 240
10  61  39  50   M  15   0    M    M    M  7.7 17 250   M    M   3        27 250
11  50  36  43   M  22   0    M    M    M  4.2  8 220   M    M   5         M  M
12  55  30  43   M  22   0    M    M    M  3.2  7 360   M    M   1        17 140
13  63  34  49   M  16   0    M    M    M  2.5  8 140   M    M   1         M  M
14  61  34  48   M  17   0    M    M    M  3.1  8  10   M    M   0         M  M
15  39  30  35   M  30   0    M    M    M  3.7 13  30   M    M   7         M  M
16  32  21  27   M  38   0    M    M    M  3.2  9  10   M    M   9         M  M
17  37  14  26   M  39   0    M    M    M  4.3  9 330   M    M   2         M  M
18  45  18  32   M  33   0    M    M    M  2.4  6 320   M    M   1         M  M
19  61  27  44   M  21   0    M    M    M  6.5 18 280   M    M   0        35 270
20  54  32  43   M  22   0    M    M    M  7.0 23 360   M    M   5        30 360
21  32  18  25   M  40   0    M    M    M  6.4 29 360   M    M  10        38 360
22  18  10  14   M  51   0    M    M    M  3.5  9  50   M    M  10         M  M
23  21   9  15   M  50   0    M    M    M  1.0  5 180   M    M   4         M  M
24  46  14  30   M  35   0    M    M    M  2.3  7 210   M    M   0         M  M
25  46  21  34   M  31   0    M    M    M  9.2 23 280   M    M   7        32 280
26  21  10  16   M  49   0    M    M    M  4.0  7  70   M    M  10         M  M
================================================================================
SM 1276  680       706   0    M     M    134.9          M       91
================================================================================
AV 49.1 26.2                               5.2 FASTST   M    M   4    MAX(MPH)
                                 MISC ---->    36   M                 47    M
================================================================================
NOTES:
# LAST OF SEVERAL OCCURRENCES

COLUMN 17 PEAK WIND IN M.P.H.

PRELIMINARY LOCAL CLIMATOLOGICAL DATA (WS FORM: F-6) , PAGE 2

                                          STATION:  Boulder Airport
                                          MONTH:    FEBRUARY
                                          YEAR:     2015
                                          LATITUDE:   40  2 N
                                          LONGITUDE: 105 14 W

[TEMPERATURE DATA]      [PRECIPITATION DATA]       SYMBOLS USED IN COLUMN 16

AVERAGE MONTHLY: 37.6   TOTAL FOR MONTH:      M    1 = FOG OR MIST
DPTR FM NORMAL:     M   DPTR FM NORMAL:       M    2 = FOG REDUCING VISIBILITY
HIGHEST:    72 ON  7, 6 GRTST 24HR    M  ON   M        TO 1/4 MILE OR LESS
LOWEST:      9 ON 23                               3 = THUNDER
                        SNOW, ICE PELLETS, HAIL    4 = ICE PELLETS
                        TOTAL MONTH:    M          5 = HAIL
                        GRTST 24HR    M  ON   M    6 = FREEZING RAIN OR DRIZZLE
                        GRTST DEPTH:  M  ON   M    7 = DUSTSTORM OR SANDSTORM:
                                                       VSBY 1/2 MILE OR LESS
                                                   8 = SMOKE OR HAZE
[NO. OF DAYS WITH]      [WEATHER - DAYS WITH]      9 = BLOWING SNOW
                                                   X = TORNADO
MAX 32 OR BELOW:   6    0.01 INCH OR MORE:   0
MAX 90 OR ABOVE:   0    0.10 INCH OR MORE:   0
MIN 32 OR BELOW:  17    0.50 INCH OR MORE:   0
MIN  0 OR BELOW:   0    1.00 INCH OR MORE:   0

[HDD (BASE 65) ]
TOTAL THIS MO.   706    CLEAR  (SCALE 0-3)  15
DPTR FM NORMAL     M    PTCLDY (SCALE 4-7)   7
TOTAL FM JUL 1  3756    CLOUDY (SCALE 8-10)  4
DPTR FM NORMAL     M

[CDD (BASE 65) ]
TOTAL THIS MO.     0
DPTR FM NORMAL     M    [PRESSURE DATA]
TOTAL FM JAN 1     0    HIGHEST SLP M ON M
DPTR FM NORMAL     M    LOWEST  SLP M ON M

[REMARKS]
