000
CXUS53 KIWX 170800
CF6BEH
PRELIMINARY LOCAL CLIMATOLOGICAL DATA (WS FORM: F-6)

                                          STATION:   BENTON HARBOR
                                          MONTH:     JANUARY
                                          YEAR:      2018
                                          LATITUDE:   42  7 N
                                          LONGITUDE:  86 26 W

  TEMPERATURE IN F:       :PCPN:    SNOW:  WIND      :SUNSHINE: SKY     :PK WND
================================================================================
1   2   3   4   5  6A  6B    7    8   9   10  11  12  13   14  15   16   17  18
                                     12Z  AVG MX 2MIN
DY MAX MIN AVG DEP HDD CDD  WTR  SNW DPTH SPD SPD DIR MIN PSBL S-S WX    SPD DR
================================================================================

 1  15   4  10 -18  55   0    T    M    M 12.4 21 260   M    M  10 18     27 270
 2  14  -5   5 -23  60   0    T    M    M 10.3 23 240   M    M   7 18     30 240
 3  21   2  12 -15  53   0 0.08    M    M  9.8 17 300   M    M   9 18     26 290
 4  21   9  15 -12  50   0 0.21    M    M  5.5 15 320   M    M  10 18     25 340
 5  15   9  12 -15  53   0 0.09    M    0  4.0  9  70   M    M   9 18     12  60
 6  17   8  13 -14  52   0 0.03    M    M  5.9 13 190   M    M  10 18     17 340
 7  33   6  20  -7  45   0 0.07    M    M 11.5 20 180   M    M   8 1      26 160
 8  36  31  34   7  31   0 0.10    M    M 15.5 22 240   M    M   6 18     29 260
 9  33  26  30   3  35   0 0.00  0.0    M  5.8 14 130   M    M   5 18     18 130
10  51  28  40  13  25   0    T    M    M 13.0 20 190   M    M   8 18     29 190
11  59  35  47  20  18   0 0.36  0.0    0 12.4 30 260   M    M  10 18     39 250
12  35  18  27   0  38   0 0.08    M    M 10.8 21 360   M    M   8 18     33 330
13  20  15  18  -9  47   0 0.02    M    M  7.6 16 310   M    M  10 8      24  10
14  18   7  13 -14  52   0    T    M    M  8.4 17 170   M    M   5 8      22 170
15  23  13  18  -8  47   0 0.05    M    M 10.0 18 230   M    M  10 18     22 220
16  17   4  11 -15  54   0 0.01    M    M  6.5 14 170   M    M   8 18     19 190
================================================================================
SM  428  210       715   0  1.10     0.0 149.4          M      133
================================================================================
AV 26.8 13.1                               9.3 FASTST   M    M   8    MAX(MPH)
                                 MISC ---->  # 30 260               # 39  250
================================================================================
NOTES:
# LAST OF SEVERAL OCCURRENCES

COLUMN 17 PEAK WIND IN M.P.H.

PRELIMINARY LOCAL CLIMATOLOGICAL DATA (WS FORM: F-6) , PAGE 2

                                          STATION:  BENTON HARBOR
                                          MONTH:    JANUARY
                                          YEAR:     2018
                                          LATITUDE:   42  7 N
                                          LONGITUDE:  86 26 W

[TEMPERATURE DATA]      [PRECIPITATION DATA]       SYMBOLS USED IN COLUMN 16

AVERAGE MONTHLY: 19.9   TOTAL FOR MONTH:   1.10    1 = FOG OR MIST
DPTR FM NORMAL:  -7.1   DPTR FM NORMAL:   -0.05    2 = FOG REDUCING VISIBILITY
HIGHEST:    59 ON 11    GRTST 24HR  0.36 ON 11-11      TO 1/4 MILE OR LESS
LOWEST:     -5 ON  2                               3 = THUNDER
                        SNOW, ICE PELLETS, HAIL    4 = ICE PELLETS
                        TOTAL MONTH:   0.0 INCH    5 = HAIL
                        GRTST 24HR     0.0         6 = FREEZING RAIN OR DRIZZLE
                        GRTST DEPTH:   0           7 = DUSTSTORM OR SANDSTORM:
                                                       VSBY 1/2 MILE OR LESS
                                                   8 = SMOKE OR HAZE
[NO. OF DAYS WITH]      [WEATHER - DAYS WITH]      9 = BLOWING SNOW
                                                   X = TORNADO
MAX 32 OR BELOW:  10    0.01 INCH OR MORE:  11
MAX 90 OR ABOVE:   0    0.10 INCH OR MORE:   3
MIN 32 OR BELOW:  15    0.50 INCH OR MORE:   0
MIN  0 OR BELOW:   1    1.00 INCH OR MORE:   0

[HDD (BASE 65) ]
TOTAL THIS MO.   715    CLEAR  (SCALE 0-3)   0
DPTR FM NORMAL   107    PTCLDY (SCALE 4-7)   4
TOTAL FM JUL 1  2944    CLOUDY (SCALE 8-10) 12
DPTR FM NORMAL    48

[CDD (BASE 65) ]
TOTAL THIS MO.     0
DPTR FM NORMAL     0    [PRESSURE DATA]
TOTAL FM JAN 1     0    HIGHEST SLP M ON M
DPTR FM NORMAL     0    LOWEST  SLP 29.66 ON 11

[REMARKS]
