359
CXAK56 PABE 241446
CF6BET

PRELIMINARY LOCAL CLIMATOLOGICAL DATA (WS FORM: F-6)

                                          STATION:   BETHEL
                                          MONTH:     07
                                          YEAR:      2016
                                          LATITUDE:   60 47 N
                                          LONGITUDE: 161 50 W

  TEMPERATURE IN F:       :PCPN:    SNOW:  WIND      :SUNSHINE: SKY     :PK WND
================================================================================
1   2   3   4   5  6A  6B    7     8   9   10  11  12  13   14  15   16  17  18
                                      12Z  AVG MX 2MIN
DY MAX MIN AVG DEP HDD CDD  WTR   SNW DPTH SPD SPD DIR MIN PSBL S-S WX   SPD DR
================================================================================

 1  76  55  66  10   0   1     T  0.0   0  0.0 18  280   M    M   M       25 310
 2  77  55  66  10   0   1  0.00  0.0   0 11.7 20  290   M    M   M       24 290
 3  74  52  63   7   2   0     T  0.0   0  9.4 16  330   M    M   M       21 340
 4  62  49  56   0   9   0  0.03  0.0   0 11.5 21  190   M    M   M 2     25 170
 5  59  49  54  -2  11   0  0.25  0.0   0 11.7 21  210   M    M   M 1     24 210
 6  65  49  57   0   8   0  0.18  0.0   0  5.9 16  240   M    M   M 1     19 250
 7  59  47  53  -4  12   0  0.01  0.0   0  8.9 16  210   M    M   M 1     21 210
 8  60  50  55  -2  10   0  0.03  0.0   0  4.5 13  190   M    M   M 1     16 160
 9  63  52  58   1   7   0  0.01  0.0   0  8.2 18  230   M    M   M 1     21 230
10  69  51  60   3   5   0  0.05  0.0   0 12.1 22  300   M    M   M 1     29 330
11  66  50  58   1   7   0  0.00  0.0   0  0.0 18  280   M    M   M       24 290
12  76  49  63   6   2   0  0.00  0.0   0  8.8 15   20   M    M   M       22 360
13  85  55  70  13   0   5  0.08  0.0   0 10.5 18  330   M    M   M       25  10
14  82  58  70  13   0   5  0.00  0.0   0  6.8 20  200   M    M   M       25 200
15  71  56  64   8   1   0  0.00  0.0   0 11.2 20  210   M    M   M       24 200
16  73  53  63   7   2   0  0.00  0.0   0  6.8 13  330   M    M   M       18 320
17  75  53  64   8   1   0  0.00  0.0   0  6.9 13  300   M    M   M       17 310
18  59  54  57   1   8   0  0.00  0.0   0 11.3 20  250   M    M   M       24 250
19  59  51  55  -1  10   0  0.00  0.0   0 12.3 18  270   M    M   M       25 240
20  61  53  57   1   8   0  0.38  0.0   0 11.9 20  220   M    M   M 1     25 180
21  59  52  56   0   9   0  0.02  0.0   0 13.5 21  230   M    M   M 1     26 230
22  57  51  54  -2  11   0  0.43  0.0   0  8.5 20  290   M    M   M 1     25 300
23  55  49  52  -4  13   0  0.27  0.0   0 12.9 20  240   M    M   M 18    23 240
================================================================================
SM 1542 1193       136  12  1.74 0.0    205.3           M        M
================================================================================
AV 67.0 51.9                              8.9 FASTST  PSBL  %   M    MAX(MPH)
                                 MISC ---->     22  300                 29 330
================================================================================
NOTES:
# LAST OF SEVERAL OCCURRENCES

COLUMN 17 PEAK WIND IN M.P.H.

PRELIMINARY LOCAL CLIMATOLOGICAL DATA (WS FORM: F-6) , PAGE 2

                                          STATION:   BETHEL
                                          MONTH:     07
                                          YEAR:      2016
                                          LATITUDE:  60 47 N
                                          LONGITUDE: 161 50 W

[TEMPERATURE DATA]      [PRECIPITATION DATA]       SYMBOLS USED IN COLUMN 16

AVERAGE MONTHLY:59.5   TOTAL FOR MONTH: 1.74       1 = FOG
DPTR FM NORMAL:  3.1   DPTR FM NORMAL: 0.13       2 = FOG REDUCING VISIBILITY
HIGHEST:    85 ON 13    GRTST 24HR   0.43 ON 22        TO 1/4 MILE OR LESS
LOWEST:     47 ON  7                               3 = THUNDER
                        SNOW, ICE PELLETS, HAIL    4 = ICE PELLETS
                        TOTAL MONTH: 0.0         5 = HAIL
                        GRTST 24HR   0.0           6 = GLAZE OR RIME
                        GRTST DEPTH:    0          7 = BLOWING DUST OR SAND:
                                                       VSBY 1/2 MILE OR LESS
                                                   8 = SMOKE OR HAZE
[NO. OF DAYS WITH]      [WEATHER - DAYS WITH]      9 = BLOWING SNOW
                                                   X = TORNADO
MAX 32 OR BELOW:   0    0.01 INCH OR MORE:  12
MAX 70 OR ABOVE:   9    0.10 INCH OR MORE:   5
MIN 32 OR BELOW:   0    0.50 INCH OR MORE:   0
MIN  0 OR BELOW:   0    1.00 INCH OR MORE:   0

[HDD (BASE 65) ]
TOTAL THIS MO.   136    CLEAR  (SCALE 0-3)   M
DPTR FM NORMAL   -71    PTCLDY (SCALE 4-7)   M
SEASONAL TOTAL   136    CLOUDY (SCALE 8-10)  M
DPTR FM NORMAL   -71

[CDD (BASE 65) ]
TOTAL THIS MO.    12
DPTR FM NORMAL    12    [PRESSURE DATA]
SEASONAL TOTAL    13    HIGHEST SLP     M
DPTR FM NORMAL    13    LOWEST  SLP     M

[REMARKS]
