000
CXUS55 KCYS 191000
CF6BFF
PRELIMINARY LOCAL CLIMATOLOGICAL DATA (WS FORM: F-6)

                                          STATION:   SCOTTSBLUFF NE AIRPORT
                                          MONTH:     FEBRUARY
                                          YEAR:      2018
                                          LATITUDE:   41 52 N
                                          LONGITUDE: 103 36 W

  TEMPERATURE IN F:       :PCPN:    SNOW:  WIND      :SUNSHINE: SKY     :PK WND
================================================================================
1   2   3   4   5  6A  6B    7    8   9   10  11  12  13   14  15   16   17  18
                                     12Z  AVG MX 2MIN
DY MAX MIN AVG DEP HDD CDD  WTR  SNW DPTH SPD SPD DIR MIN PSBL S-S WX    SPD DR
================================================================================

 1  37  26  32   4  33   0    T  0.0    0  5.4 14 250   M    M   7 18     17 310
 2  46  19  33   5  32   0 0.00  0.0    0  3.8  8 160   M    M   1        15  90
 3  52  14  33   5  32   0 0.13  0.0    0  9.2 28 330   M    M   5 18     36 330
 4  19   5  12 -16  53   0 0.05  0.0    0  9.0 20 360   M    M   8 18     22 360
 5  41  16  29   1  36   0 0.08  0.0    0  9.8 35  10   M    M   9 128    40  20
 6  32  15  24  -5  41   0 0.01  0.0    0  8.9 21 110   M    M   6 1      25 120
 7  47  17  32   3  33   0    T  0.0    0  6.1 13 360   M    M   7 1      18 330
 8  56  18  37   8  28   0 0.00  0.0    0 11.5 30 280   M    M   1        40 280
 9  19   4  12 -17  53   0 0.02  0.4    T  9.9 21  20   M    M   9 18     24  20
10  20   2  11 -18  54   0    T    T    T  5.2 12 300   M    M   4 8      14 290
11  43   7  25  -4  40   0 0.00  0.0    0  9.4 26  50   M    M   0        31  50
12  22  10  16 -14  49   0    T    T    0 10.6 24  60   M    M  10 18     30  50
13  56  12  34   4  31   0 0.00  0.0    0  6.6 20 270   M    M   1 1      24 270
14  63  32  48  18  17   0 0.00  0.0    0 10.9 28 260   M    M   0        37 270
15  49  15  32   2  33   0 0.00  0.0    0 12.7 35 330   M    M   5        41 330
16  47  12  30   0  35   0 0.00  0.0    0 11.3 36 270   M    M   2        46 310
17  52  25  39   8  26   0 0.00  0.0    0 12.5 28 270   M    M   0        38 250
18  64  10  37   6  28   0    T    T    0 16.8 33 240   M    M   3        43 240
================================================================================
SM  765  259       654   0  0.29     0.4 169.6          M       78
================================================================================
AV 42.5 14.4                               9.4 FASTST   M    M   4    MAX(MPH)
                                 MISC ---->  # 36 270               # 46  310
================================================================================
NOTES:
# LAST OF SEVERAL OCCURRENCES

COLUMN 17 PEAK WIND IN M.P.H.

PRELIMINARY LOCAL CLIMATOLOGICAL DATA (WS FORM: F-6) , PAGE 2

                                          STATION:  SCOTTSBLUFF NE AIRPORT
                                          MONTH:    FEBRUARY
                                          YEAR:     2018
                                          LATITUDE:   41 52 N
                                          LONGITUDE: 103 36 W

[TEMPERATURE DATA]      [PRECIPITATION DATA]       SYMBOLS USED IN COLUMN 16

AVERAGE MONTHLY: 28.4   TOTAL FOR MONTH:   0.29    1 = FOG OR MIST
DPTR FM NORMAL:  -0.8   DPTR FM NORMAL:   -0.06    2 = FOG REDUCING VISIBILITY
HIGHEST:    64 ON 18    GRTST 24HR  0.13 ON  3- 3      TO 1/4 MILE OR LESS
LOWEST:      2 ON 10                               3 = THUNDER
                        SNOW, ICE PELLETS, HAIL    4 = ICE PELLETS
                        TOTAL MONTH:   0.4 INCH    5 = HAIL
                        GRTST 24HR   0.4 ON  9- 9  6 = FREEZING RAIN OR DRIZZLE
                        GRTST DEPTH:   0           7 = DUSTSTORM OR SANDSTORM:
                                                       VSBY 1/2 MILE OR LESS
                                                   8 = SMOKE OR HAZE
[NO. OF DAYS WITH]      [WEATHER - DAYS WITH]      9 = BLOWING SNOW
                                                   X = TORNADO
MAX 32 OR BELOW:   5    0.01 INCH OR MORE:   5
MAX 90 OR ABOVE:   0    0.10 INCH OR MORE:   1
MIN 32 OR BELOW:  18    0.50 INCH OR MORE:   0
MIN  0 OR BELOW:   0    1.00 INCH OR MORE:   0

[HDD (BASE 65) ]
TOTAL THIS MO.   654    CLEAR  (SCALE 0-3)   7
DPTR FM NORMAL    11    PTCLDY (SCALE 4-7)   8
TOTAL FM JUL 1  4156    CLOUDY (SCALE 8-10)  3
DPTR FM NORMAL  -429

[CDD (BASE 65) ]
TOTAL THIS MO.     0
DPTR FM NORMAL     0    [PRESSURE DATA]
TOTAL FM JAN 1     0    HIGHEST SLP M ON M
DPTR FM NORMAL     0    LOWEST  SLP 29.27 ON 18

[REMARKS]
