000
CXUS54 KAMA 251015
CF6BGD
PRELIMINARY LOCAL CLIMATOLOGICAL DATA (WS FORM: F-6)

                                          STATION:   BORGER
                                          MONTH:     SEPTEMBER
                                          YEAR:      2017
                                          LATITUDE:   35 42 N
                                          LONGITUDE: 101 24 W

  TEMPERATURE IN F:       :PCPN:    SNOW:  WIND      :SUNSHINE: SKY     :PK WND
================================================================================
1   2   3   4   5  6A  6B    7    8   9   10  11  12  13   14  15   16   17  18
                                     12Z  AVG MX 2MIN
DY MAX MIN AVG DEP HDD CDD  WTR  SNW DPTH SPD SPD DIR MIN PSBL S-S WX    SPD DR
================================================================================

 1  89  62  76  -1   0  11 0.01  0.0    0  8.8 23 300   M    M   1        32 290
 2  90  62  76  -1   0  11 0.00  0.0    0  7.4 18  20   M    M   1        25  20
 3  92  60  76   0   0  11 0.00  0.0    0  6.4 15 180   M    M   0        20 170
 4  95  63  79   3   0  14 0.00  0.0    0  7.7 15  50   M    M   0        21  50
 5  78  62  70  -6   0   5 0.00  0.0    0 10.6 21  40   M    M   1        27  30
 6  80  55  68  -7   0   3 0.00  0.0    0  7.0 15 180   M    M   6        21 170
 7  87  59  73  -2   0   8 0.00  0.0    0 11.5 22 180   M    M   0        28 200
 8  87  63  75   0   0  10 0.00  0.0    0 12.7 23 180   M    M   0        30 190
 9  86  60  73  -1   0   8 0.00  0.0    0 11.7 18 180   M    M   0        24 180
10  86  61  74   0   0   9 0.00  0.0    0 11.5 18 160   M    M   0        25 160
11  92  57  75   1   0  10 0.00  0.0    0  7.5 16 240   M    M   0        22 160
12  93  60  77   4   0  12 0.00  0.0    0  5.0 13 120   M    M   0        17 110
13  93  61  77   4   0  12 0.00  0.0    0  7.5 17 170   M    M   0        24 160
14  98  63  81   8   0  16 0.00  0.0    0  9.9 22 160   M    M   0        30 160
15  95  69  82  10   0  17 0.06  0.0    0 12.3 30 180   M    M   0 3      40 180
16  93  69  81   9   0  16 0.02  0.0    0  8.8 20 160   M    M   1 3      27 150
17  83  61  72   0   0   7 0.02  0.0    0  7.9 22 150   M    M   3 3      31 160
18  88  64  76   5   0  11 0.44  0.0    0 10.8 20 150   M    M   3 13     28 140
19  95  70  83  12   0  18 0.00  0.0    0 15.4 30 240   M    M   0        41 240
20  83  57  70   0   0   5 0.00  0.0    0  6.2 17  20   M    M   0        25 320
21  97  59  78   8   0  13 0.00  0.0    0 11.2 23 200   M    M   0        32 220
22  93  74  84  14   0  19 0.00  0.0    0 17.7 25 160   M    M   1        37 180
23  85  63  74   5   0   9 0.02  0.0    0 14.9 28 250   M    M   4 1      44 260
24  79  63  71   2   0   6 0.47  0.0    0 11.0 20 140   M    M   6 1      26 140
================================================================================
SM 2137 1497         0 261  1.04     0.0 241.4          M       27
================================================================================
AV 89.0 62.4                              10.1 FASTST   M    M   1    MAX(MPH)
                                 MISC ---->  # 30 180               # 44  260
================================================================================
NOTES:
# LAST OF SEVERAL OCCURRENCES

COLUMN 17 PEAK WIND IN M.P.H.

PRELIMINARY LOCAL CLIMATOLOGICAL DATA (WS FORM: F-6) , PAGE 2

                                          STATION:  BORGER
                                          MONTH:    SEPTEMBER
                                          YEAR:     2017
                                          LATITUDE:   35 42 N
                                          LONGITUDE: 101 24 W

[TEMPERATURE DATA]      [PRECIPITATION DATA]       SYMBOLS USED IN COLUMN 16

AVERAGE MONTHLY: 75.7   TOTAL FOR MONTH:   1.04    1 = FOG OR MIST
DPTR FM NORMAL:   2.6   DPTR FM NORMAL:   -0.90    2 = FOG REDUCING VISIBILITY
HIGHEST:    98 ON 14    GRTST 24HR  0.47 ON 24-24      TO 1/4 MILE OR LESS
LOWEST:     55 ON  6                               3 = THUNDER
                        SNOW, ICE PELLETS, HAIL    4 = ICE PELLETS
                        TOTAL MONTH:   0.0 INCH    5 = HAIL
                        GRTST 24HR     0.0         6 = FREEZING RAIN OR DRIZZLE
                        GRTST DEPTH:   0           7 = DUSTSTORM OR SANDSTORM:
                                                       VSBY 1/2 MILE OR LESS
                                                   8 = SMOKE OR HAZE
[NO. OF DAYS WITH]      [WEATHER - DAYS WITH]      9 = BLOWING SNOW
                                                   X = TORNADO
MAX 32 OR BELOW:   0    0.01 INCH OR MORE:   7
MAX 90 OR ABOVE:  12    0.10 INCH OR MORE:   2
MIN 32 OR BELOW:   0    0.50 INCH OR MORE:   0
MIN  0 OR BELOW:   0    1.00 INCH OR MORE:   0

[HDD (BASE 65) ]
TOTAL THIS MO.     0    CLEAR  (SCALE 0-3)  20
DPTR FM NORMAL   -11    PTCLDY (SCALE 4-7)   4
TOTAL FM JUL 1     0    CLOUDY (SCALE 8-10)  0
DPTR FM NORMAL   -12

[CDD (BASE 65) ]
TOTAL THIS MO.   261
DPTR FM NORMAL    54    [PRESSURE DATA]
TOTAL FM JAN 1  1924    HIGHEST SLP M ON M
DPTR FM NORMAL   167    LOWEST  SLP 29.58 ON 19

[REMARKS]
