000
CXUS51 KCAR 230600
CF6BGR
PRELIMINARY LOCAL CLIMATOLOGICAL DATA (WS FORM: F-6)

                                          STATION:   BANGOR ME
                                          MONTH:     MAY
                                          YEAR:      2015
                                          LATITUDE:   44 47 N
                                          LONGITUDE:  68 49 W

  TEMPERATURE IN F:       :PCPN:    SNOW:  WIND      :SUNSHINE: SKY     :PK WND
================================================================================
1   2   3   4   5  6A  6B    7    8   9   10  11  12  13   14  15   16   17  18
                                     12Z  AVG MX 2MIN
DY MAX MIN AVG DEP HDD CDD  WTR  SNW DPTH SPD SPD DIR MIN PSBL S-S WX    SPD DR
================================================================================

 1  61  34  48  -1  17   0 0.00  0.0    0  8.5 17 340   M    M   6        27  10
 2  62  29  46  -3  19   0 0.00  0.0    0  7.1 18 170   M    M   4 1      23 180
 3  69  37  53   4  12   0 0.00  0.0    0  7.1 15 160   M    M   4 1      18 180
 4  77  38  58   8   7   0 0.00  0.0    0  9.9 23 180   M    M   3 18     30 180
 5  72  51  62  12   3   0    T  0.0    0 10.0 21 320   M    M   7        30 310
 6  74  39  57   7   8   0 0.00  0.0    0  7.1 21 270   M    M   4 8      30 270
 7  81  45  63  12   2   0 0.00  0.0    0  9.1 28 330   M    M   5        35 340
 8  60  39  50  -1  15   0 0.00  0.0    0  9.7 16 180   M    M   6        23 150
 9  60  35  48  -4  17   0 0.00  0.0    0  7.8 18 180   M    M   9 1      23 190
10  82  50  66  14   0   1 0.01  0.0    0  5.7 18  20   M    M   9 128    24  20
11  61  47  54   2  11   0 0.21  0.0    0  8.2 20  10   M    M  10 1      24  40
12  72  45  59   7   6   0    T  0.0    0  6.1 18 280   M    M   9 1      27 270
13  61  43  52  -1  13   0    T  0.0    0 12.6 26 340   M    M   4        32 350
14  69  34  52  -1  13   0 0.00  0.0    0  5.5 16 320   M    M   0        24 330
15  74  37  56   2   9   0 0.00  0.0    0  5.1 17 190   M    M   5        22 190
16  71  42  57   3   8   0 0.00  0.0    0  6.7 18 180   M    M   9        22 180
17  68  49  59   5   6   0 0.16  0.0    0  6.5 16  50   M    M   9 13     21  70
18  67  47  57   3   8   0    T  0.0    0  8.2 20 180   M    M   6 1      24 180
19  57  47  52  -3  13   0 0.31  0.0    0  8.8 15 160   M    M  10 1      18 180
20  63  43  53  -2  12   0    T  0.0    0 10.4 24 300   M    M   5 12     34 300
21  69  37  53  -2  12   0 0.00  0.0    0  8.7 17 200   M    M   5        24 280
22  64  43  54  -2  11   0 0.24  0.0    0  8.5 18 160   M    M   6 38     21 170
================================================================================
SM 1494  911       222   1  0.93     0.0 177.3          M      135
================================================================================
AV 67.9 41.4                               8.1 FASTST   M    M   6    MAX(MPH)
                                 MISC ---->  # 28 330               # 35  340
================================================================================
NOTES:
# LAST OF SEVERAL OCCURRENCES

COLUMN 17 PEAK WIND IN M.P.H.

PRELIMINARY LOCAL CLIMATOLOGICAL DATA (WS FORM: F-6) , PAGE 2

                                          STATION:  BANGOR ME
                                          MONTH:    MAY
                                          YEAR:     2015
                                          LATITUDE:   44 47 N
                                          LONGITUDE:  68 49 W

[TEMPERATURE DATA]      [PRECIPITATION DATA]       SYMBOLS USED IN COLUMN 16

AVERAGE MONTHLY: 54.7   TOTAL FOR MONTH:   0.93    1 = FOG OR MIST
DPTR FM NORMAL:   2.4   DPTR FM NORMAL:   -1.59    2 = FOG REDUCING VISIBILITY
HIGHEST:    82 ON 10    GRTST 24HR  0.31 ON 19-19      TO 1/4 MILE OR LESS
LOWEST:     29 ON  2                               3 = THUNDER
                        SNOW, ICE PELLETS, HAIL    4 = ICE PELLETS
                        TOTAL MONTH:   0.0 INCH    5 = HAIL
                        GRTST 24HR     0.0         6 = FREEZING RAIN OR DRIZZLE
                        GRTST DEPTH:   0           7 = DUSTSTORM OR SANDSTORM:
                                                       VSBY 1/2 MILE OR LESS
                                                   8 = SMOKE OR HAZE
[NO. OF DAYS WITH]      [WEATHER - DAYS WITH]      9 = BLOWING SNOW
                                                   X = TORNADO
MAX 32 OR BELOW:   0    0.01 INCH OR MORE:   5
MAX 90 OR ABOVE:   0    0.10 INCH OR MORE:   4
MIN 32 OR BELOW:   1    0.50 INCH OR MORE:   0
MIN  0 OR BELOW:   0    1.00 INCH OR MORE:   0

[HDD (BASE 65) ]
TOTAL THIS MO.   222    CLEAR  (SCALE 0-3)   1
DPTR FM NORMAL   -61    PTCLDY (SCALE 4-7)  14
TOTAL FM JUL 1  8087    CLOUDY (SCALE 8-10)  7
DPTR FM NORMAL   406

[CDD (BASE 65) ]
TOTAL THIS MO.     1
DPTR FM NORMAL     1    [PRESSURE DATA]
TOTAL FM JAN 1     1    HIGHEST SLP M ON M
DPTR FM NORMAL     1    LOWEST  SLP 29.46 ON 12

[REMARKS]
