000
CXUS55 KBYZ 231055
CF6BHK
PRELIMINARY LOCAL CLIMATOLOGICAL DATA (WS FORM: F-6)

                                          STATION:   BAKER MT
                                          MONTH:     JULY
                                          YEAR:      2016
                                          LATITUDE:   46 20 N
                                          LONGITUDE: 104 15 W

  TEMPERATURE IN F:       :PCPN:    SNOW:  WIND      :SUNSHINE: SKY     :PK WND
================================================================================
1   2   3   4   5  6A  6B    7    8   9   10  11  12  13   14  15   16   17  18
                                     12Z  AVG MX 2MIN
DY MAX MIN AVG DEP HDD CDD  WTR  SNW DPTH SPD SPD DIR MIN PSBL S-S WX    SPD DR
================================================================================

 1  86  54  70   2   0   5 0.00    M    M 18.8 28 150   M    M   1        34 150
 2  92  55  74   6   0   9 0.08    M    M 16.3 35 140   M    M   2 3      41 140
 3  90  61  76   8   0  11 0.00    M    M  9.2 25 270   M    M   0        41 270
 4  91  60  76   8   0  11    T    M    M  9.8 24 310   M    M   1        37 200
 5  83  56  70   1   0   5    T    M    M  9.0 24  70   M    M   1        31  50
 6  87  52  70   1   0   5 0.32    M    M 15.1 61 320   M    M   3 13     74 320
 7  78  51  65  -4   0   0    T    M    M 12.7 28 300   M    M   2        36 290
 8  91  48  70   0   0   5 0.00    M    M 14.7 30 140   M    M   0 3      38 150
 9  97  64  81  11   0  16 0.35    M    M 13.2 37 290   M    M   1 3      49 280
10  88  57  73   3   0   8 0.76    M    M  8.6 48 280   M    M   3 13     60 280
11  72  55  64  -6   1   0    T    M    M 30.3 43 280   M    M   4        52 270
12  80  54  67  -4   0   2 0.00    M    M 22.0 38 280   M    M   1        48 270
13  78  51  65  -6   0   0 0.02    M    M 14.0 32 330   M    M   1 3      38 290
14  81  51  66  -5   0   1 0.22    M    M  9.5 28  20   M    M   2 13     34 350
15  81  48  65  -6   0   0 0.00    M    M  6.7 18  90   M    M   M        22  80
16  78  56  67  -4   0   2 0.27    M    M 10.1 31 250   M    M   1 13     37 260
17  82  53  68  -4   0   3 0.00    M    M  8.0 15 330   M    M   2 12     18 340
18  95  57  76   4   0  11 0.00    M    M 15.1 33 150   M    M   0        40 160
19 100  65  83  11   0  18 0.03    M    M  9.8 43 130   M    M   0 38     52 130
20  99  65  82  10   0  17 0.01    M    M 10.3 23 300   M    M   0 3      35 310
21  99  61  80   8   0  15 0.00    M    M  6.8 20  60   M    M   0        25  50
22  98  59  79   7   0  14 0.26    M    M 16.8 39 160   M    M   0 3      48 160
================================================================================
SM 1926 1233         1 158  2.32    M    286.8          M       25
================================================================================
AV 87.5 56.0                              13.0 FASTST   M    M   1    MAX(MPH)
                                 MISC ---->  # 61 320               # 74  320
================================================================================
NOTES:
# LAST OF SEVERAL OCCURRENCES

COLUMN 17 PEAK WIND IN M.P.H.

PRELIMINARY LOCAL CLIMATOLOGICAL DATA (WS FORM: F-6) , PAGE 2

                                          STATION:  BAKER MT
                                          MONTH:    JULY
                                          YEAR:     2016
                                          LATITUDE:   46 20 N
                                          LONGITUDE: 104 15 W

[TEMPERATURE DATA]      [PRECIPITATION DATA]       SYMBOLS USED IN COLUMN 16

AVERAGE MONTHLY: 71.8   TOTAL FOR MONTH:   2.32    1 = FOG OR MIST
DPTR FM NORMAL:   1.5   DPTR FM NORMAL:    0.94    2 = FOG REDUCING VISIBILITY
HIGHEST:   100 ON 19    GRTST 24HR  1.11 ON  9-10      TO 1/4 MILE OR LESS
LOWEST:     48 ON 15, 8                            3 = THUNDER
                        SNOW, ICE PELLETS, HAIL    4 = ICE PELLETS
                        TOTAL MONTH:    M          5 = HAIL
                        GRTST 24HR    M  ON   M    6 = FREEZING RAIN OR DRIZZLE
                        GRTST DEPTH:  M  ON   M    7 = DUSTSTORM OR SANDSTORM:
                                                       VSBY 1/2 MILE OR LESS
                                                   8 = SMOKE OR HAZE
[NO. OF DAYS WITH]      [WEATHER - DAYS WITH]      9 = BLOWING SNOW
                                                   X = TORNADO
MAX 32 OR BELOW:   0    0.01 INCH OR MORE:  10
MAX 90 OR ABOVE:  10    0.10 INCH OR MORE:   6
MIN 32 OR BELOW:   0    0.50 INCH OR MORE:   1
MIN  0 OR BELOW:   0    1.00 INCH OR MORE:   0

[HDD (BASE 65) ]
TOTAL THIS MO.     1    CLEAR  (SCALE 0-3)  20
DPTR FM NORMAL   -18    PTCLDY (SCALE 4-7)   1
TOTAL FM JUL 1     1    CLOUDY (SCALE 8-10)  0
DPTR FM NORMAL   -18

[CDD (BASE 65) ]
TOTAL THIS MO.   158
DPTR FM NORMAL    26    [PRESSURE DATA]
TOTAL FM JAN 1   275    HIGHEST SLP  0.00 ON 15
DPTR FM NORMAL    88    LOWEST  SLP 29.58 ON 11

[REMARKS]
