000
CXUS55 KBYZ 011331
CF6BHK
PRELIMINARY LOCAL CLIMATOLOGICAL DATA (WS FORM: F-6)

                                          STATION:   BAKER MT
                                          MONTH:     JUNE
                                          YEAR:      2015
                                          LATITUDE:   46 20 N
                                          LONGITUDE: 104 15 W

  TEMPERATURE IN F:       :PCPN:    SNOW:  WIND      :SUNSHINE: SKY     :PK WND
================================================================================
1   2   3   4   5  6A  6B    7    8   9   10  11  12  13   14  15   16   17  18
                                     12Z  AVG MX 2MIN
DY MAX MIN AVG DEP HDD CDD  WTR  SNW DPTH SPD SPD DIR MIN PSBL S-S WX    SPD DR
================================================================================

 1  86  52  69  11   0   4 0.55    M    M  7.2 37 270   M    M   0 13     48 280
 2  72  53  63   5   2   0    T    M    M 14.6 25 320   M    M   6 3      32 310
 3  73  52  63   5   2   0 0.00    M    M 10.6 18 110   M    M   5        22 100
 4  64  50  57  -1   8   0 0.17    M    M 14.5 23  80   M    M   8 1      29  90
 5  80  53  67   8   0   2 0.25    M    M 16.2 29 140   M    M   6 13     37 150
 6  77  57  67   8   0   2 0.25    M    M  7.7 25 160   M    M   4 13     30 150
 7  82  54  68   9   0   3 0.00    M    M 11.2 29 320   M    M   1        38 330
 8  88  53  71  11   0   6 0.00    M    M  8.0 22 330   M    M   1        29 280
 9  87  60  74  14   0   9 0.00    M    M  9.4 18 340   M    M   0        23 340
10  67  56  62   2   3   0 0.55    M    M 14.1 26 140   M    M   6 13     35 150
11  68  54  61   0   4   0    T    M    M 10.4 17 160   M    M   9        21 120
12  86  52  69   8   0   4 0.19    M    M 12.8 37 240   M    M   1 13     45 240
13  75  54  65   4   0   0 0.11    M    M 10.4 23 330   M    M   3 3      27 330
14  72  47  60  -2   5   0 0.03    M    M  7.6 18  20   M    M   4 3      24  30
15  63  47  55  -7  10   0 0.16    M    M  6.5 16  90   M    M   6 1      21  90
16  59  52  56  -6   9   0 0.19    M    M  8.8 18 110   M    M  10 1       M  M
17  78  45  62  -1   3   0    T    M    M  3.6 15 320   M    M   3 123    19 210
18  67  49  58  -5   7   0    T    M    M 12.2 24 100   M    M   5        28 110
19  85  56  71   8   0   6 1.23    M    M 10.1 39 320   M    M   2 13     47 310
20  79  53  66   2   0   1    T    M    M  7.7 16 310   M    M   2 1      22 320
21  84  51  68   4   0   3 0.67    M    M 12.0 60 260   M    M   1 13     70 260
22  73  52  63  -1   2   0 0.00    M    M  8.4 20 320   M    M   1        25 310
23  82  51  67   2   0   2 0.22    M    M  9.5 23  80   M    M   1 3      27 320
24  79  56  68   3   0   3 0.16    M    M  6.9 20 340   M    M   1 13     24 320
25  77  54  66   0   0   1 0.49    M    M  5.6 24 300   M    M   2 13     32 260
26  84  52  68   2   0   3 0.00    M    M  5.4 15 190   M    M   0        16 190
27  89  61  75   9   0  10 0.00    M    M  9.9 18 330   M    M   0        23 310
28  89  56  73   7   0   8 0.00    M    M  5.2 10  80   M    M   0        13 130
29  93  60  77  10   0  12 0.00    M    M  7.6 20 280   M    M   0        26 280
30  90  61  76   9   0  11 0.00    M    M 10.0 23  70   M    M   1 1      28 310
================================================================================
SM 2348 1603        55  90  5.22    M    284.1          M       89
================================================================================
AV 78.3 53.4                               9.5 FASTST   M    M   3    MAX(MPH)
                                 MISC ---->  # 60 260               # 70  260
================================================================================
NOTES:
# LAST OF SEVERAL OCCURRENCES

COLUMN 17 PEAK WIND IN M.P.H.

PRELIMINARY LOCAL CLIMATOLOGICAL DATA (WS FORM: F-6) , PAGE 2

                                          STATION:  BAKER MT
                                          MONTH:    JUNE
                                          YEAR:     2015
                                          LATITUDE:   46 20 N
                                          LONGITUDE: 104 15 W

[TEMPERATURE DATA]      [PRECIPITATION DATA]       SYMBOLS USED IN COLUMN 16

AVERAGE MONTHLY: 65.9   TOTAL FOR MONTH:   5.22    1 = FOG OR MIST
DPTR FM NORMAL:   3.6   DPTR FM NORMAL:    2.50    2 = FOG REDUCING VISIBILITY
HIGHEST:    93 ON 29    GRTST 24HR  1.23 ON 19-19      TO 1/4 MILE OR LESS
LOWEST:     45 ON 17                               3 = THUNDER
                        SNOW, ICE PELLETS, HAIL    4 = ICE PELLETS
                        TOTAL MONTH:    M          5 = HAIL
                        GRTST 24HR    M  ON   M    6 = FREEZING RAIN OR DRIZZLE
                        GRTST DEPTH:  M  ON   M    7 = DUSTSTORM OR SANDSTORM:
                                                       VSBY 1/2 MILE OR LESS
                                                   8 = SMOKE OR HAZE
[NO. OF DAYS WITH]      [WEATHER - DAYS WITH]      9 = BLOWING SNOW
                                                   X = TORNADO
MAX 32 OR BELOW:   0    0.01 INCH OR MORE:  15
MAX 90 OR ABOVE:   2    0.10 INCH OR MORE:  14
MIN 32 OR BELOW:   0    0.50 INCH OR MORE:   4
MIN  0 OR BELOW:   0    1.00 INCH OR MORE:   1

[HDD (BASE 65) ]
TOTAL THIS MO.    55    CLEAR  (SCALE 0-3)  18
DPTR FM NORMAL   -78    PTCLDY (SCALE 4-7)  10
TOTAL FM JUL 1  7748    CLOUDY (SCALE 8-10)  2
DPTR FM NORMAL  -624

[CDD (BASE 65) ]
TOTAL THIS MO.    90
DPTR FM NORMAL    39    [PRESSURE DATA]
TOTAL FM JAN 1    90    HIGHEST SLP 30.26 ON 15
DPTR FM NORMAL    35    LOWEST  SLP 29.60 ON 12

[REMARKS]
#FINAL-06-15#
THIS IS AN AUTOMATED...UNATTENDED WEATHER STATION AND MAY
UNDERESTIMATE WINTER PRECIPITATION.
