278
CXUS54 KBMX 011216
CF6BHM
PRELIMINARY LOCAL CLIMATOLOGICAL DATA (WS FORM: F-6)

                                          STATION:   BIRMINGHAM
                                          MONTH:     APRIL
                                          YEAR:      2016
                                          LATITUDE:   33 34 N
                                          LONGITUDE:  86 45 W

  TEMPERATURE IN F:       :PCPN:    SNOW:  WIND      :SUNSHINE: SKY     :PK WND
================================================================================
1   2   3   4   5  6A  6B    7    8   9   10  11  12  13   14  15   16   17  18
                                     12Z  AVG MX 2MIN
DY MAX MIN AVG DEP HDD CDD  WTR  SNW DPTH SPD SPD DIR MIN PSBL S-S WX    SPD DR
================================================================================

 1  68  56  62   3   3   0 0.28  0.0    0  7.0 16 330   M    M   8 13     21 320
 2  65  47  56  -3   9   0 0.00  0.0    0 10.5 24 300   M    M   1        30 300
 3  71  43  57  -2   8   0 0.00  0.0    0  4.2 17  10   M    M   0        23  10
 4  79  44  62   2   3   0 0.00  0.0    0  5.6 18 270   M    M   0        26 260
 5  72  49  61   1   4   0 0.00  0.0    0  7.2 16 350   M    M   0        22  20
 6  74  51  63   3   2   0 0.37  0.0    0 11.0 31 260   M    M   7 13     39 260
 7  76  47  62   2   3   0    T    M    0  8.4 24 260   M    M   3 1      32 270
 8  66  47  57  -3   8   0 0.00  0.0    0 11.3 24 280   M    M   3        32 270
 9  65  40  53  -8  12   0 0.00  0.0    0  6.1 18 330   M    M   1        26 360
10  74  50  62   1   3   0 0.00  0.0    0  9.5 24 190   M    M   4        30 180
11  69  51  60  -1   5   0 1.82  0.0    0  7.0 25 120   M    M   7 13     35 130
12  65  51  58  -4   7   0 0.01  0.0    0  5.8 15 280   M    M   7 1      18 280
13  67  46  57  -5   8   0 0.10  0.0    0  5.0 13  90   M    M   7 1      17 100
14  69  59  64   2   1   0 0.01  0.0    0  8.1 16 100   M    M   8 1      21  90
15  68  57  63   1   2   0    T  0.0    0  9.1 18 120   M    M   9        28 120
16  74  56  65   3   0   0 0.00  0.0    0  9.2 20 110   M    M   6        30 100
17  78  53  66   3   0   1 0.00  0.0    0  6.4 16  90   M    M   1        21 110
18  80  49  65   2   0   0 0.00  0.0    0  2.6 12 160   M    M   5        15 130
19  82  50  66   3   0   1 0.00  0.0    0  1.9 10 320   M    M   7        13 320
20  82  60  71   7   0   6 0.00  0.0    0  6.1 15 210   M    M   8        19 200
21  76  57  67   3   0   2 0.15  0.0    0  5.7 17 180   M    M   6 18     24 180
22  77  57  67   3   0   2 0.13  0.0    0  4.8 17 310   M    M   7 3      21 300
23  79  51  65   1   0   0 0.00  0.0    0  5.3 20 360   M    M   1        25 350
24  82  52  67   2   0   2 0.00  0.0    0  3.6 14 180   M    M   4 8      16 180
25  82  61  72   7   0   7 0.00  0.0    0  5.3 18 180   M    M   4        26 190
26  84  61  73   8   0   8 0.00  0.0    0  5.8 15 190   M    M   2 8      22 180
27  81  66  74   8   0   9 0.00  0.0    0  7.6 20 200   M    M   7        23 200
28  85  66  76  10   0  11 0.00  0.0    0  3.7 13 240   M    M   4 1      17 260
29  86  62  74   8   0   9 0.88  0.0    0  6.5 36 270   M    M   6 13     47 270
30  84  63  74   8   0   9 0.00  0.0    0  7.3 21 140   M    M   8        28 130
================================================================================
SM 2260 1602        78  67  3.75     0.0 197.6          M      141
================================================================================
AV 75.3 53.4                               6.6 FASTST   M    M   5    MAX(MPH)
                                 MISC ---->  # 36 270               # 47  270
================================================================================
NOTES:
# LAST OF SEVERAL OCCURRENCES

COLUMN 17 PEAK WIND IN M.P.H.

PRELIMINARY LOCAL CLIMATOLOGICAL DATA (WS FORM: F-6) , PAGE 2

                                          STATION:  BIRMINGHAM
                                          MONTH:    APRIL
                                          YEAR:     2016
                                          LATITUDE:   33 34 N
                                          LONGITUDE:  86 45 W

[TEMPERATURE DATA]      [PRECIPITATION DATA]       SYMBOLS USED IN COLUMN 16

AVERAGE MONTHLY: 64.4   TOTAL FOR MONTH:   3.75    1 = FOG OR MIST
DPTR FM NORMAL:   1.9   DPTR FM NORMAL:   -0.63    2 = FOG REDUCING VISIBILITY
HIGHEST:    86 ON 29    GRTST 24HR  1.83 ON 11-12      TO 1/4 MILE OR LESS
LOWEST:     40 ON  9                               3 = THUNDER
                        SNOW, ICE PELLETS, HAIL    4 = ICE PELLETS
                        TOTAL MONTH:   0.0 INCH    5 = HAIL
                        GRTST 24HR     0.0         6 = FREEZING RAIN OR DRIZZLE
                        GRTST DEPTH:   0           7 = DUSTSTORM OR SANDSTORM:
                                                       VSBY 1/2 MILE OR LESS
                                                   8 = SMOKE OR HAZE
[NO. OF DAYS WITH]      [WEATHER - DAYS WITH]      9 = BLOWING SNOW
                                                   X = TORNADO
MAX 32 OR BELOW:   0    0.01 INCH OR MORE:   9
MAX 90 OR ABOVE:   0    0.10 INCH OR MORE:   7
MIN 32 OR BELOW:   0    0.50 INCH OR MORE:   2
MIN  0 OR BELOW:   0    1.00 INCH OR MORE:   1

[HDD (BASE 65) ]
TOTAL THIS MO.    78    CLEAR  (SCALE 0-3)   9
DPTR FM NORMAL   -61    PTCLDY (SCALE 4-7)  19
TOTAL FM JUL 1  1939    CLOUDY (SCALE 8-10)  2
DPTR FM NORMAL  -712

[CDD (BASE 65) ]
TOTAL THIS MO.    67
DPTR FM NORMAL     5    [PRESSURE DATA]
TOTAL FM JAN 1   115    HIGHEST SLP 30.38 ON 17
DPTR FM NORMAL    31    LOWEST  SLP 29.72 ON  1

[REMARKS]
#FINAL-04-16#
