000
CXUS53 KBIS 200830
CF6BIS
PRELIMINARY LOCAL CLIMATOLOGICAL DATA (WS FORM: F-6)

                                          STATION:   BISMARCK ND
                                          MONTH:     FEBRUARY
                                          YEAR:      2018
                                          LATITUDE:   46 46 N
                                          LONGITUDE: 100 45 W

  TEMPERATURE IN F:       :PCPN:    SNOW:  WIND      :SUNSHINE: SKY     :PK WND
================================================================================
1   2   3   4   5  6A  6B    7    8   9   10  11  12  13   14  15   16   17  18
                                     12Z  AVG MX 2MIN
DY MAX MIN AVG DEP HDD CDD  WTR  SNW DPTH SPD SPD DIR MIN PSBL S-S WX    SPD DR
================================================================================

 1   9  -6   2 -12  63   0 0.00  0.0    1  8.7 21 320   M    M   1        27 310
 2  23  -5   9  -5  56   0    T    T    1  5.3 12  50   M    M   6 1      14  60
 3  14  -3   6  -9  59   0 0.12  1.8    2 12.2 21  50   M    M   8 1      25  50
 4   5 -13  -4 -19  69   0    T    T    3  9.6 22 330   M    M   1        27 330
 5   6 -11  -2 -17  67   0 0.00  0.0    3  9.6 24 320   M    M   1        30 320
 6  16 -21  -2 -17  67   0    T    T    3  7.2 23 330   M    M   4 1      31 330
 7  12 -16  -2 -18  67   0 0.01  0.1    3  4.2 15 310   M    M   4 18     19 310
 8   7  -7   0 -16  65   0 0.03  0.5    3  6.0 13  20   M    M   7 1      16  30
 9   5 -11  -3 -19  68   0 0.00  0.0    3  8.4 17 280   M    M   1 18     21 280
10  12 -11   1 -15  64   0 0.00  0.0    3  8.1 20 250   M    M   1        23 260
11  17  -4   7 -10  58   0 0.01    T    3 10.4 17 330   M    M   4 1      23 320
12   8 -16  -4 -21  69   0 0.01  0.2    3  4.4 10 170   M    M   6 18     13 330
13  29   3  16  -1  49   0 0.00  0.0    3  8.7 17 240   M    M   0        21 240
14  46  10  28  10  37   0 0.00  0.0    3  6.6 21 280   M    M   1        24 280
15  35  -4  16  -2  49   0 0.03  1.0    1 12.8 23 320   M    M   8 1      31 320
16  30  -6  12  -6  53   0 0.00  0.0    2  7.6 16 250   M    M   3        22 220
17  27  14  21   2  44   0 0.00  0.0    2  8.6 22 280   M    M   4        27 280
18  17   8  13  -6  52   0 0.01  0.2    2 14.3 23  60   M    M  10 18     29  20
19   8   1   5 -14  60   0 0.05  0.4    2 10.4 16  10   M    M   8 1      19  20
================================================================================
SM  326  -98      1116   0  0.27     4.2 163.1          M       78
================================================================================
AV 17.2 -5.2                               8.6 FASTST   M    M   4    MAX(MPH)
                                 MISC ---->  # 24 320               # 31  330
================================================================================
NOTES:
# LAST OF SEVERAL OCCURRENCES

COLUMN 17 PEAK WIND IN M.P.H.

PRELIMINARY LOCAL CLIMATOLOGICAL DATA (WS FORM: F-6) , PAGE 2

                                          STATION:  BISMARCK ND
                                          MONTH:    FEBRUARY
                                          YEAR:     2018
                                          LATITUDE:   46 46 N
                                          LONGITUDE: 100 45 W

[TEMPERATURE DATA]      [PRECIPITATION DATA]       SYMBOLS USED IN COLUMN 16

AVERAGE MONTHLY:  6.0   TOTAL FOR MONTH:   0.27    1 = FOG OR MIST
DPTR FM NORMAL: -10.5   DPTR FM NORMAL:   -0.03    2 = FOG REDUCING VISIBILITY
HIGHEST:    46 ON 14    GRTST 24HR  0.12 ON  3- 3      TO 1/4 MILE OR LESS
LOWEST:    -21 ON  6                               3 = THUNDER
                        SNOW, ICE PELLETS, HAIL    4 = ICE PELLETS
                        TOTAL MONTH:   4.2 INCHES  5 = HAIL
                        GRTST 24HR   1.8 ON  3- 3  6 = FREEZING RAIN OR DRIZZLE
                        GRTST DEPTH:   3 ON 14,13  7 = DUSTSTORM OR SANDSTORM:
                                                       VSBY 1/2 MILE OR LESS
                                                   8 = SMOKE OR HAZE
[NO. OF DAYS WITH]      [WEATHER - DAYS WITH]      9 = BLOWING SNOW
                                                   X = TORNADO
MAX 32 OR BELOW:  17    0.01 INCH OR MORE:   8
MAX 90 OR ABOVE:   0    0.10 INCH OR MORE:   1
MIN 32 OR BELOW:  19    0.50 INCH OR MORE:   0
MIN  0 OR BELOW:  14    1.00 INCH OR MORE:   0

[HDD (BASE 65) ]
TOTAL THIS MO.  1116    CLEAR  (SCALE 0-3)   7
DPTR FM NORMAL   196    PTCLDY (SCALE 4-7)  11
TOTAL FM JUL 1  5858    CLOUDY (SCALE 8-10)  1
DPTR FM NORMAL  -180

[CDD (BASE 65) ]
TOTAL THIS MO.     0
DPTR FM NORMAL     0    [PRESSURE DATA]
TOTAL FM JAN 1     0    HIGHEST SLP M ON M
DPTR FM NORMAL     0    LOWEST  SLP 29.63 ON 14

[REMARKS]
