000
CXUS51 KRLX 291134
CF6BKW
PRELIMINARY LOCAL CLIMATOLOGICAL DATA (WS FORM: F-6)

                                          STATION:   BECKLEY WV
                                          MONTH:     JUNE
                                          YEAR:      2015
                                          LATITUDE:   37 46 N
                                          LONGITUDE:  81  7 W

  TEMPERATURE IN F:       :PCPN:    SNOW:  WIND      :SUNSHINE: SKY     :PK WND
================================================================================
1   2   3   4   5  6A  6B    7    8   9   10  11  12  13   14  15   16   17  18
                                     12Z  AVG MX 2MIN
DY MAX MIN AVG DEP HDD CDD  WTR  SNW DPTH SPD SPD DIR MIN PSBL S-S WX    SPD DR
================================================================================

 1  77  60  69   5   0   4 1.30  0.0    0  3.5 21 260   M    M   8 1238   29 260
 2  63  56  60  -4   5   0    T  0.0    0  5.1 12 360   M    M  10 12     13  10
 3  65  57  61  -3   4   0    T  0.0    0  8.0 17 130   M    M   9 12     23 130
 4  74  57  66   1   0   1 0.00  0.0    0  6.4 16 140   M    M   7        21 130
 5  78  56  67   2   0   2 0.00  0.0    0  4.8 13 340   M    M   4        18 340
 6  79  58  69   4   0   4 0.01  0.0    0  6.1 17 360   M    M   3        20 360
 7  81  60  71   6   0   6 0.00  0.0    0 10.2 17 170   M    M   2        27 170
 8  82  63  73   7   0   8 0.11  0.0    0  9.5 28 290   M    M   4 13     40 310
 9  76  60  68   2   0   3 0.10  0.0    0  8.1 18 310   M    M   5 1      25 280
10  80  55  68   2   0   3 0.00  0.0    0  3.0  9 200   M    M   2 18     13 290
11  86  59  73   7   0   8 0.44  0.0    0  4.9 22 180   M    M   2 138    30 160
12  82  64  73   6   0   8 0.00  0.0    0  7.8 15 210   M    M   2        20 220
13  84  66  75   8   0  10 0.10  0.0    0  6.3 16 360   M    M   4 13     21 280
14  84  65  75   8   0  10 0.00  0.0    0  3.8 15 270   M    M   3 13     20 280
15  86  67  77   9   0  12 0.21  0.0    0  5.7 23 300   M    M   2 3      30 300
16  83  68  76   8   0  11 0.37  0.0    0  6.2 13 290   M    M   3 3      35 280
17  80  68  74   6   0   9 0.07  0.0    0  4.8 12 320   M    M   5 13     14 210
18  85  67  76   8   0  11 0.06  0.0    0  5.7 16 230   M    M   2 13     23 220
19  80  64  72   4   0   7    T  0.0    0  3.5 12 260   M    M   4        16 270
20  84  68  76   7   0  11 0.17  0.0    0 11.8 28 200   M    M   4 1      42 240
21  84  68  76   7   0  11 0.01  0.0    0  8.6 16 270   M    M   5        23 230
22  84  66  75   6   0  10 0.00  0.0    0  5.4 14 260   M    M   4 12     19 290
23  85  68  77   8   0  12 0.26  0.0    0  8.8 21 280   M    M   4 138    29 280
24  81  63  72   3   0   7 0.00  0.0    0  4.1 12  10   M    M   3 128    14 360
25  83  59  71   1   0   6 0.20  0.0    0  5.2 14 260   M    M   2 13     19 270
26  82  65  74   4   0   9 0.23  0.0    0  3.6 17 250   M    M   4 13     26 240
27  75  61  68  -2   0   3 1.31  0.0    0 10.9 26 260   M    M   8 13     32 260
28  73  56  65  -5   0   0    T  0.0    0 10.3 23 270   M    M   6        32 270
================================================================================
SM 2236 1744         9 186  4.95     0.0 182.1          M      121
================================================================================
AV 79.9 62.3                               6.5 FASTST   M    M   4    MAX(MPH)
                                 MISC ---->  # 28 290               # 42  240
================================================================================
NOTES:
# LAST OF SEVERAL OCCURRENCES

COLUMN 17 PEAK WIND IN M.P.H.

PRELIMINARY LOCAL CLIMATOLOGICAL DATA (WS FORM: F-6) , PAGE 2

                                          STATION:  BECKLEY WV
                                          MONTH:    JUNE
                                          YEAR:     2015
                                          LATITUDE:   37 46 N
                                          LONGITUDE:  81  7 W

[TEMPERATURE DATA]      [PRECIPITATION DATA]       SYMBOLS USED IN COLUMN 16

AVERAGE MONTHLY: 71.1   TOTAL FOR MONTH:   4.95    1 = FOG OR MIST
DPTR FM NORMAL:   3.9   DPTR FM NORMAL:    1.23    2 = FOG REDUCING VISIBILITY
HIGHEST:    86 ON 15,11 GRTST 24HR  1.34 ON 26-27      TO 1/4 MILE OR LESS
LOWEST:     55 ON 10                               3 = THUNDER
                        SNOW, ICE PELLETS, HAIL    4 = ICE PELLETS
                        TOTAL MONTH:   0.0 INCH    5 = HAIL
                        GRTST 24HR     0.0         6 = FREEZING RAIN OR DRIZZLE
                        GRTST DEPTH:   0           7 = DUSTSTORM OR SANDSTORM:
                                                       VSBY 1/2 MILE OR LESS
                                                   8 = SMOKE OR HAZE
[NO. OF DAYS WITH]      [WEATHER - DAYS WITH]      9 = BLOWING SNOW
                                                   X = TORNADO
MAX 32 OR BELOW:   0    0.01 INCH OR MORE:  16
MAX 90 OR ABOVE:   0    0.10 INCH OR MORE:  12
MIN 32 OR BELOW:   0    0.50 INCH OR MORE:   2
MIN  0 OR BELOW:   0    1.00 INCH OR MORE:   2

[HDD (BASE 65) ]
TOTAL THIS MO.     9    CLEAR  (SCALE 0-3)   9
DPTR FM NORMAL   -29    PTCLDY (SCALE 4-7)  17
TOTAL FM JUL 1  5453    CLOUDY (SCALE 8-10)  2
DPTR FM NORMAL   114

[CDD (BASE 65) ]
TOTAL THIS MO.   186
DPTR FM NORMAL    86    [PRESSURE DATA]
TOTAL FM JAN 1   292    HIGHEST SLP M ON M
DPTR FM NORMAL   151    LOWEST  SLP 29.68 ON 20

[REMARKS]
