000
CXUS51 KRLX 171400
CF6BKW
PRELIMINARY LOCAL CLIMATOLOGICAL DATA (WS FORM: F-6)

                                          STATION:   BECKLEY WV
                                          MONTH:     APRIL
                                          YEAR:      2014
                                          LATITUDE:   37 46 N
                                          LONGITUDE:  81  7 W

  TEMPERATURE IN F:       :PCPN:    SNOW:  WIND      :SUNSHINE: SKY     :PK WND
================================================================================
1   2   3   4   5  6A  6B    7    8   9   10  11  12  13   14  15   16   17  18
                                     12Z  AVG MX 2MIN
DY MAX MIN AVG DEP HDD CDD  WTR  SNW DPTH SPD SPD DIR MIN PSBL S-S WX    SPD DR
================================================================================

 1  74  43  59  12   6   0    T  0.0    0  8.4 24 270   M    M   2        32 240
 2  76  42  59  11   6   0 0.01  0.0    0  6.7 21 270   M    M   1        27 280
 3  77  50  64  16   1   0 0.74  0.0    0  8.0 23 230   M    M   4 1      31 210
 4  69  48  59  11   6   0 0.29  0.0    0 12.3 25 260   M    M   5 1      37 190
 5  49  31  40  -9  25   0 0.00  0.0    0  8.8 22 310   M    M   6        31 330
 6  61  28  45  -4  20   0 0.00  0.0    0  9.6 22 160   M    M   2        28 150
 7  61  43  52   2  13   0 0.26  0.0    0 14.1 31 130   M    M   7 1      43 110
 8  57  41  49  -1  16   0    T  0.0    0 10.1 28 260   M    M   9        40 270
 9  56  35  46  -4  19   0 0.01  0.0    0  6.8 22 300   M    M   5        28 320
10  70  34  52   2  13   0 0.00  0.0    0 10.3 22 210   M    M   0        28 230
11  73  51  62  11   3   0 0.04  0.0    0  8.5 21 250   M    M   3        29 220
12  74  47  61  10   4   0 0.00  0.0    0  5.8 17 170   M    M   4 1      23 160
13  82  58  70  18   0   5 0.00  0.0    0  9.5 18 160   M    M   0        27 210
14  70  59  65  13   0   0 0.01  0.0    0 11.9 21 190   M    M   4        30 170
15  60  26  43  -9  22   0 0.16  0.6    0 12.7 25 320   M    M   8 12     32 300
16  50  21  36 -16  29   0 0.00  0.0    0  8.3 20 140   M    M   1        30 130
================================================================================
SM 1059  657       183   5  1.52     0.6 151.8          M       61
================================================================================
AV 66.2 41.1                               9.5 FASTST   M    M   4    MAX(MPH)
                                 MISC ---->  # 31 130               # 43  110
================================================================================
NOTES:
# LAST OF SEVERAL OCCURRENCES

COLUMN 17 PEAK WIND IN M.P.H.

PRELIMINARY LOCAL CLIMATOLOGICAL DATA (WS FORM: F-6) , PAGE 2

                                          STATION:  BECKLEY WV
                                          MONTH:    APRIL
                                          YEAR:     2014
                                          LATITUDE:   37 46 N
                                          LONGITUDE:  81  7 W

[TEMPERATURE DATA]      [PRECIPITATION DATA]       SYMBOLS USED IN COLUMN 16

AVERAGE MONTHLY: 53.6   TOTAL FOR MONTH:   1.52    1 = FOG OR MIST
DPTR FM NORMAL:   3.7   DPTR FM NORMAL:   -0.21    2 = FOG REDUCING VISIBILITY
HIGHEST:    82 ON 13    GRTST 24HR  1.03 ON  3- 4      TO 1/4 MILE OR LESS
LOWEST:     21 ON 16                               3 = THUNDER
                        SNOW, ICE PELLETS, HAIL    4 = ICE PELLETS
                        TOTAL MONTH:   0.6 INCH    5 = HAIL
                        GRTST 24HR   0.6 ON   M    6 = FREEZING RAIN OR DRIZZLE
                        GRTST DEPTH:   0           7 = DUSTSTORM OR SANDSTORM:
                                                       VSBY 1/2 MILE OR LESS
                                                   8 = SMOKE OR HAZE
[NO. OF DAYS WITH]      [WEATHER - DAYS WITH]      9 = BLOWING SNOW
                                                   X = TORNADO
MAX 32 OR BELOW:   0    0.01 INCH OR MORE:   8
MAX 90 OR ABOVE:   0    0.10 INCH OR MORE:   4
MIN 32 OR BELOW:   4    0.50 INCH OR MORE:   1
MIN  0 OR BELOW:   0    1.00 INCH OR MORE:   0

[HDD (BASE 65) ]
TOTAL THIS MO.   183    CLEAR  (SCALE 0-3)   7
DPTR FM NORMAL   -60    PTCLDY (SCALE 4-7)   7
TOTAL FM JUL 1  5209    CLOUDY (SCALE 8-10)  2
DPTR FM NORMAL   253

[CDD (BASE 65) ]
TOTAL THIS MO.     5
DPTR FM NORMAL     5    [PRESSURE DATA]
TOTAL FM JAN 1     5    HIGHEST SLP M ON M
DPTR FM NORMAL     4    LOWEST  SLP 29.42 ON  7

[REMARKS]
