000
CXUS51 KRNK 190533
CF6BLF
PRELIMINARY LOCAL CLIMATOLOGICAL DATA (WS FORM: F-6)

                                          STATION:   BLUEFIELD WV
                                          MONTH:     AUGUST
                                          YEAR:      2017
                                          LATITUDE:   37 17 N
                                          LONGITUDE:  81 12 W

  TEMPERATURE IN F:       :PCPN:    SNOW:  WIND      :SUNSHINE: SKY     :PK WND
================================================================================
1   2   3   4   5  6A  6B    7    8   9   10  11  12  13   14  15   16   17  18
                                     12Z  AVG MX 2MIN
DY MAX MIN AVG DEP HDD CDD  WTR  SNW DPTH SPD SPD DIR MIN PSBL S-S WX    SPD DR
================================================================================

 1  76  58  67  -6   0   2    T  0.0    0  2.3  8 270   M    M   2 12     12 270
 2  76  61  69  -4   0   4    T  0.0    0  4.0 10 290   M    M   1        13 290
 3  79  60  70  -3   0   5 0.01  0.0    0  2.5 10 300   M    M   2        15 230
 4  80  62  71  -2   0   6 0.01  0.0    0  7.1 16 260   M    M   4        22 250
 5  70  54  62 -11   3   0 0.00  0.0    0  5.8 14 280   M    M   5        19 310
 6  77  51  64  -9   1   0 0.00  0.0    0  4.6 14 240   M    M   4        20 170
 7  72  63  68  -5   0   3 1.33  0.0    0  5.8 17 240   M    M   9 13     25 240
 8  72  57  65  -8   0   0 0.09  0.0    0  4.4 12  20   M    M   6 1      16  20
 9  74  53  64  -9   1   0 0.00  0.0    0  3.8 12 110   M    M   3 12     17 120
10  69  63  66  -7   0   1    T  0.0    0  6.7 13 160   M    M   6        19 170
11  72  64  68  -5   0   3 0.15  0.0    0  2.8 10 350   M    M   8 1      14 180
12  75  64  70  -3   0   5    T  0.0    0  4.3 10 250   M    M   8        12 290
13  78  62  70  -3   0   5 0.00  0.0    0  2.6  7 190   M    M   6        13 160
14  76  66  71  -2   0   6 0.03  0.0    0  4.7 10 170   M    M   8        17 160
15  77  67  72  -1   0   7 0.24  0.0    0  4.5 10 290   M    M   7 1      14 340
16  81  63  72   0   0   7 0.00  0.0    0  3.7 12 260   M    M   3 12     15 250
17  83  66  75   3   0  10 0.02  0.0    0  6.7 15 270   M    M   4        20 260
18  77  64  71  -1   0   6 0.19  0.0    0  7.2 21 250   M    M   4 1      31 270
================================================================================
SM 1364 1098         5  70  2.07     0.0  83.5          M       90
================================================================================
AV 75.8 61.0                               4.6 FASTST   M    M   5    MAX(MPH)
                                 MISC ---->  # 21 250               # 31  270
================================================================================
NOTES:
# LAST OF SEVERAL OCCURRENCES

COLUMN 17 PEAK WIND IN M.P.H.

PRELIMINARY LOCAL CLIMATOLOGICAL DATA (WS FORM: F-6) , PAGE 2

                                          STATION:  BLUEFIELD WV
                                          MONTH:    AUGUST
                                          YEAR:     2017
                                          LATITUDE:   37 17 N
                                          LONGITUDE:  81 12 W

[TEMPERATURE DATA]      [PRECIPITATION DATA]       SYMBOLS USED IN COLUMN 16

AVERAGE MONTHLY: 68.4   TOTAL FOR MONTH:   2.07    1 = FOG OR MIST
DPTR FM NORMAL:  -4.4   DPTR FM NORMAL:    0.07    2 = FOG REDUCING VISIBILITY
HIGHEST:    83 ON 17    GRTST 24HR  1.33 ON  7- 7      TO 1/4 MILE OR LESS
LOWEST:     51 ON  6                               3 = THUNDER
                        SNOW, ICE PELLETS, HAIL    4 = ICE PELLETS
                        TOTAL MONTH:   0.0 INCH    5 = HAIL
                        GRTST 24HR     0.0         6 = FREEZING RAIN OR DRIZZLE
                        GRTST DEPTH:   0           7 = DUSTSTORM OR SANDSTORM:
                                                       VSBY 1/2 MILE OR LESS
                                                   8 = SMOKE OR HAZE
[NO. OF DAYS WITH]      [WEATHER - DAYS WITH]      9 = BLOWING SNOW
                                                   X = TORNADO
MAX 32 OR BELOW:   0    0.01 INCH OR MORE:   9
MAX 90 OR ABOVE:   0    0.10 INCH OR MORE:   4
MIN 32 OR BELOW:   0    0.50 INCH OR MORE:   1
MIN  0 OR BELOW:   0    1.00 INCH OR MORE:   1

[HDD (BASE 65) ]
TOTAL THIS MO.     5    CLEAR  (SCALE 0-3)   4
DPTR FM NORMAL     5    PTCLDY (SCALE 4-7)  13
TOTAL FM JUL 1    11    CLOUDY (SCALE 8-10)  1
DPTR FM NORMAL     9

[CDD (BASE 65) ]
TOTAL THIS MO.    70
DPTR FM NORMAL   -73    [PRESSURE DATA]
TOTAL FM JAN 1   389    HIGHEST SLP M ON M
DPTR FM NORMAL  -259    LOWEST  SLP 29.83 ON 18

[REMARKS]
