000
CXUS55 KSEW 260930
CF6BLI
PRELIMINARY LOCAL CLIMATOLOGICAL DATA (WS FORM: F-6)

                                          STATION:   BELLINGHAM WA AIRPORT
                                          MONTH:     JANUARY
                                          YEAR:      2015
                                          LATITUDE:   48 47 N
                                          LONGITUDE: 122 32 W

  TEMPERATURE IN F:       :PCPN:    SNOW:  WIND      :SUNSHINE: SKY     :PK WND
================================================================================
1   2   3   4   5  6A  6B    7    8   9   10  11  12  13   14  15   16   17  18
                                     12Z  AVG MX 2MIN
DY MAX MIN AVG DEP HDD CDD  WTR  SNW DPTH SPD SPD DIR MIN PSBL S-S WX    SPD DR
================================================================================

 1  39  21  30  -8  35   0 0.00  0.0    0  1.5  7  30   M    M   1         9  20
 2  41  30  36  -2  29   0 0.21  0.0    0  4.0 18 170   M    M   9 1      26 330
 3  39  33  36  -2  29   0 0.02  0.0    0  1.7  7  10   M    M  10 1       8 360
 4  51  33  42   4  23   0 1.25  0.0    0  9.9 24 150   M    M   9 1      37 150
 5  53  36  45   7  20   0 1.19  0.0    0  4.0 15 170   M    M  10 1      23 160
 6  53  35  44   6  21   0 0.00  0.0    0  4.8 14 150   M    M   3 1      17 150
 7  49  33  41   2  24   0 0.00  0.0    0  3.6  9 320   M    M   4 12     12 360
 8  49  31  40   1  25   0 0.00  0.0    0  0.5  6 160   M    M   6 12      8 300
 9  49  32  41   2  24   0 0.01  0.0    0  1.5  7  10   M    M   5         8  10
10  43  39  41   2  24   0 0.09  0.0    0  1.7  6  10   M    M  10 1       7  10
11  44  40  42   3  23   0 0.10  0.0    0  1.4  6  20   M    M  10 1      12 350
12  50  33  42   3  23   0 0.02  0.0    0  2.9  8 330   M    M   8 1      10 360
13  47  32  40   1  25   0 0.00  0.0    0  3.2 10 350   M    M   5 12     13  10
14  49  28  39   0  26   0 0.00  0.0    0  1.2  6  20   M    M   0 1       8 340
15  54  29  42   3  23   0 0.03  0.0    0  7.9 25 170   M    M   7 1      41 170
16  52  35  44   5  21   0 0.01  0.0    0  6.4 25 170   M    M   5        39 160
17  47  33  40   1  25   0 0.44  0.0    0  6.3 12 100   M    M   8 1      16 140
18  57  45  51  11  14   0 0.59  0.0    0 12.3 33 150   M    M   7 1      45 150
19  50  34  42   2  23   0 0.06  0.0    0  6.4 14 160   M    M   4 1      17 160
20  49  30  40   0  25   0 0.00  0.0    0  3.1 14  10   M    M   2 1      17  20
21  46  28  37  -3  28   0    T  0.0    0  0.3  5  10   M    M   5 12      6 360
22  47  40  44   4  21   0 0.15  0.0    0  3.0  9  20   M    M   9 1      10  20
23  56  44  50  10  15   0 0.84  0.0    0 11.4 25 150   M    M  10 1      39 150
24  56  52  54  14  11   0 0.43  0.0    0  9.2 16 170   M    M  10 1      28 150
25  59  42  51  11  14   0 0.00  0.0    0  3.7 10 160   M    M   7 12     14 170
================================================================================
SM 1229  868       571   0  5.44     0.0 111.9          M      164
================================================================================
AV 49.2 34.7                               4.5 FASTST   M    M   7    MAX(MPH)
                                 MISC ---->  # 33 150               # 45  150
================================================================================
NOTES:
# LAST OF SEVERAL OCCURRENCES

COLUMN 17 PEAK WIND IN M.P.H.

PRELIMINARY LOCAL CLIMATOLOGICAL DATA (WS FORM: F-6) , PAGE 2

                                          STATION:  BELLINGHAM WA AIRPORT
                                          MONTH:    JANUARY
                                          YEAR:     2015
                                          LATITUDE:   48 47 N
                                          LONGITUDE: 122 32 W

[TEMPERATURE DATA]      [PRECIPITATION DATA]       SYMBOLS USED IN COLUMN 16

AVERAGE MONTHLY: 41.9   TOTAL FOR MONTH:   5.44    1 = FOG OR MIST
DPTR FM NORMAL:   2.9   DPTR FM NORMAL:    1.61    2 = FOG REDUCING VISIBILITY
HIGHEST:    59 ON 25    GRTST 24HR  2.22 ON  4- 5      TO 1/4 MILE OR LESS
LOWEST:     21 ON  1                               3 = THUNDER
                        SNOW, ICE PELLETS, HAIL    4 = ICE PELLETS
                        TOTAL MONTH:   0.0 INCH    5 = HAIL
                        GRTST 24HR     0.0         6 = FREEZING RAIN OR DRIZZLE
                        GRTST DEPTH:   0           7 = DUSTSTORM OR SANDSTORM:
                                                       VSBY 1/2 MILE OR LESS
                                                   8 = SMOKE OR HAZE
[NO. OF DAYS WITH]      [WEATHER - DAYS WITH]      9 = BLOWING SNOW
                                                   X = TORNADO
MAX 32 OR BELOW:   0    0.01 INCH OR MORE:  16
MAX 90 OR ABOVE:   0    0.10 INCH OR MORE:   9
MIN 32 OR BELOW:   9    0.50 INCH OR MORE:   4
MIN  0 OR BELOW:   0    1.00 INCH OR MORE:   2

[HDD (BASE 65) ]
TOTAL THIS MO.   571    CLEAR  (SCALE 0-3)   4
DPTR FM NORMAL   -77    PTCLDY (SCALE 4-7)  12
TOTAL FM JUL 1  2315    CLOUDY (SCALE 8-10)  9
DPTR FM NORMAL  -725

[CDD (BASE 65) ]
TOTAL THIS MO.     0
DPTR FM NORMAL     0    [PRESSURE DATA]
TOTAL FM JAN 1     0    HIGHEST SLP M ON M
DPTR FM NORMAL     0    LOWEST  SLP 29.45 ON 17

[REMARKS]
