000
CXUS55 KSEW 220930
CF6BLI
PRELIMINARY LOCAL CLIMATOLOGICAL DATA (WS FORM: F-6)

                                          STATION:   BELLINGHAM WA AIRPORT
                                          MONTH:     JUNE
                                          YEAR:      2017
                                          LATITUDE:   48 47 N
                                          LONGITUDE: 122 32 W

  TEMPERATURE IN F:       :PCPN:    SNOW:  WIND      :SUNSHINE: SKY     :PK WND
================================================================================
1   2   3   4   5  6A  6B    7    8   9   10  11  12  13   14  15   16   17  18
                                     12Z  AVG MX 2MIN
DY MAX MIN AVG DEP HDD CDD  WTR  SNW DPTH SPD SPD DIR MIN PSBL S-S WX    SPD DR
================================================================================

 1  61  56  59   2   6   0 0.05  0.0    0  6.0 14 140   M    M   9 1      16 140
 2  69  52  61   4   4   0 0.01  0.0    0  6.9 18 160   M    M   4        26 140
 3  61  50  56  -1   9   0 0.00  0.0    0  6.2 14 170   M    M   6        19 170
 4  63  50  57   0   8   0 0.00  0.0    0  9.0 17 160   M    M   4        24 150
 5  71  42  57   0   8   0 0.00  0.0    0  3.2 10 280   M    M   0        14 320
 6  78  49  64   7   1   0 0.00  0.0    0  4.6 12 180   M    M   0        17 180
 7  74  57  66   9   0   1 0.00  0.0    0  6.5 15 170   M    M   2        21 170
 8  63  52  58   0   7   0 0.48  0.0    0  6.8 20 160   M    M  10 1      27 160
 9  65  50  58   0   7   0 0.02  0.0    0  4.8 13 150   M    M   6        19 150
10  64  52  58   0   7   0    T  0.0    0  8.0 14 150   M    M   6        19 160
11  70  51  61   3   4   0 0.00  0.0    0  5.7 14 160   M    M   4        19 160
12  65  53  59   1   6   0 0.00  0.0    0 10.4 22 140   M    M   7        27 150
13  64  52  58   0   7   0    T  0.0    0 10.6 16 170   M    M   7        23 160
14  64  51  58   0   7   0 0.01  0.0    0  4.4 12 150   M    M   9        16 170
15  63  52  58   0   7   0 0.20  0.0    0  9.4 23 150   M    M  10 1      33 140
16  65  53  59   0   6   0 0.11  0.0    0  9.0 17 160   M    M   4 1      23 150
17  63  50  57  -2   8   0    T  0.0    0  4.2  9 170   M    M   5        13 160
18  60  53  57  -2   8   0 0.07  0.0    0  4.4  9  20   M    M  10 1      17  20
19  69  54  62   3   3   0    T  0.0    0  3.8 14 290   M    M   2        19 300
20  67  54  61   2   4   0    T  0.0    0  9.0 18 170   M    M   5 1      25 170
21  67  49  58  -1   7   0    T    M    0  5.6 14 160   M    M   4        19 160
================================================================================
SM 1386 1082       124   1  0.95     0.0 138.5          M      114
================================================================================
AV 66.0 51.5                               6.6 FASTST   M    M   5    MAX(MPH)
                                 MISC ---->  # 23 150               # 33  140
================================================================================
NOTES:
# LAST OF SEVERAL OCCURRENCES

COLUMN 17 PEAK WIND IN M.P.H.

PRELIMINARY LOCAL CLIMATOLOGICAL DATA (WS FORM: F-6) , PAGE 2

                                          STATION:  BELLINGHAM WA AIRPORT
                                          MONTH:    JUNE
                                          YEAR:     2017
                                          LATITUDE:   48 47 N
                                          LONGITUDE: 122 32 W

[TEMPERATURE DATA]      [PRECIPITATION DATA]       SYMBOLS USED IN COLUMN 16

AVERAGE MONTHLY: 58.8   TOTAL FOR MONTH:   0.95    1 = FOG OR MIST
DPTR FM NORMAL:   0.8   DPTR FM NORMAL:   -0.45    2 = FOG REDUCING VISIBILITY
HIGHEST:    78 ON  6    GRTST 24HR  0.48 ON  8- 8      TO 1/4 MILE OR LESS
LOWEST:     42 ON  5                               3 = THUNDER
                        SNOW, ICE PELLETS, HAIL    4 = ICE PELLETS
                        TOTAL MONTH:   0.0 INCH    5 = HAIL
                        GRTST 24HR     0.0         6 = FREEZING RAIN OR DRIZZLE
                        GRTST DEPTH:   0           7 = DUSTSTORM OR SANDSTORM:
                                                       VSBY 1/2 MILE OR LESS
                                                   8 = SMOKE OR HAZE
[NO. OF DAYS WITH]      [WEATHER - DAYS WITH]      9 = BLOWING SNOW
                                                   X = TORNADO
MAX 32 OR BELOW:   0    0.01 INCH OR MORE:   8
MAX 90 OR ABOVE:   0    0.10 INCH OR MORE:   3
MIN 32 OR BELOW:   0    0.50 INCH OR MORE:   0
MIN  0 OR BELOW:   0    1.00 INCH OR MORE:   0

[HDD (BASE 65) ]
TOTAL THIS MO.   124    CLEAR  (SCALE 0-3)   4
DPTR FM NORMAL   -24    PTCLDY (SCALE 4-7)  12
TOTAL FM JUL 1  5119    CLOUDY (SCALE 8-10)  5
DPTR FM NORMAL  -387

[CDD (BASE 65) ]
TOTAL THIS MO.     1
DPTR FM NORMAL     1    [PRESSURE DATA]
TOTAL FM JAN 1     3    HIGHEST SLP M ON M
DPTR FM NORMAL     3    LOWEST  SLP 29.57 ON  8

[REMARKS]
